000
CXUS54 KOHX 020139
CLMBNA
CLIMATE REPORT
NATIONAL WEATHER SERVICE NASHVILLE, TN
839 PM CDT SAT JUL 01 2023
...................................
...THE NASHVILLE CLIMATE SUMMARY FOR THE MONTH OF JUNE 2023...
CLIMATE NORMAL PERIOD: 1991 TO 2020
CLIMATE RECORD PERIOD: 1871 TO 2023
WEATHER OBSERVED NORMAL DEPART LAST YEAR`S
VALUE DATE(S) VALUE FROM VALUE
NORMAL
..............................................................
TEMPERATURE (F)
RECORD
HIGH 109 06/29/2012
LOW 42 06/01/1966
06/01/1894
HIGHEST 97 06/30
LOWEST 54 06/09
06/13
AVG. MAXIMUM 87.3 87.7 -0.4
AVG. MINIMUM 64.5 66.4 -1.9
MEAN 75.9 77.1 -1.2 80.3
DAYS MAX >= 90 11
DAYS MAX <= 32 0
DAYS MIN <= 32 0
DAYS MIN <= 0 0
PRECIPITATION (INCHES)
RECORD
MAXIMUM 11.95 1998
MINIMUM 0.21 1936
TOTALS 3.38 4.36 -0.98
DAYS >= .01 9
DAYS >= .10 8
DAYS >= .50 3
DAYS >= 1.00 0
GREATEST
24 HR. TOTAL 1.00 06/19 TO 06/20
SNOWFALL (INCHES)
TOTALS 0.0 0.0 0.0
SINCE 7/1 1.2 -3.5
DAYS >= TRACE 0
DAYS >= 1.0 0
DEGREE DAYS
HEATING TOTAL 0 1 -1
SINCE 7/1 2762 3364 -602
COOLING TOTAL 333 363 -30
SINCE 1/1 577 604 -27
..............................................................
WIND (MPH)
AVERAGE WIND SPEED 5.6
HIGHEST GUST SPEED/DIRECTION 50/050 DATE 06/30
SKY COVER
POSSIBLE SUNSHINE (PERCENT) MM
AVERAGE SKY COVER 0.44
NUMBER OF DAYS FAIR 12
NUMBER OF DAYS PC 13
NUMBER OF DAYS CLOUDY 5
AVERAGE RH (PERCENT) 64
WEATHER CONDITIONS. NUMBER OF DAYS WITH
THUNDERSTORM 8 MIXED PRECIP 0
HEAVY RAIN 3 RAIN 4
LIGHT RAIN 9 FREEZING RAIN 0
LT FREEZING RAIN 0 HAIL 0
HEAVY SNOW 0 SNOW 0
LIGHT SNOW 0 SLEET 0
FOG 12 FOG W/VIS <= 1/4 MILE 0
HAZE 12
- INDICATES NEGATIVE NUMBERS.
R INDICATES RECORD WAS SET OR TIED.
MM INDICATES DATA IS MISSING.
T INDICATES TRACE AMOUNT.
$$