000
CXUS56 KBOI 011002
CF6BNO
PRELIMINARY LOCAL CLIMATOLOGICAL DATA (WS FORM: F-6)
STATION: BURNS OR
MONTH: MAY
YEAR: 2020
LATITUDE: 43 34 N
LONGITUDE: 118 57 W
TEMPERATURE IN F: :PCPN: SNOW: WIND :SUNSHINE: SKY :PK WND
================================================================================
1 2 3 4 5 6A 6B 7 8 9 10 11 12 13 14 15 16 17 18
12Z AVG MX 2MIN
DY MAX MIN AVG DEP HDD CDD WTR SNW DPTH SPD SPD DIR MIN PSBL S-S WX SPD DR
================================================================================
1 68 30 49 2 16 0 0.00 M M 4.8 14 250 M M 3 19 280
2 73 34 54 7 11 0 T M M 13.3 36 220 M M 5 50 230
3 58 24 41 -7 24 0 0.00 M M 6.0 16 190 M M 2 23 190
4 70 23 47 -1 18 0 0.00 M M 4.4 14 180 M M 1 18 170
5 76 31 54 6 11 0 0.00 M M 3.9 12 190 M M 0 18 150
6 60 32 46 -3 19 0 T M M 14.2 29 280 M M 1 39 260
7 65 19 42 -7 23 0 0.00 M M 5.8 15 80 M M 0 19 80
8 74 28 51 2 14 0 0.00 M M 7.2 15 100 M M 0 21 110
9 78 33 56 6 9 0 0.00 M M 9.1 17 60 M M 0 24 40
10 82 39 61 11 4 0 0.00 M M 6.9 14 80 M M 0 18 80
11 78 34 56 6 9 0 T M M 10.3 32 270 M M 2 8 41 260
12 62 33 48 -2 17 0 0.01 M M 8.5 35 250 M M 3 46 250
13 57 39 48 -3 17 0 0.19 M M 7.9 18 200 M M 9 1 24 210
14 57 37 47 -4 18 0 0.27 M M 6.9 26 270 M M 8 1 31 280
15 61 34 48 -3 17 0 0.00 M M 5.6 13 260 M M 3 18 220
16 72 32 52 0 13 0 0.07 M M 8.2 25 230 M M 5 35 220
17 59 41 50 -2 15 0 0.24 M M 6.2 17 280 M M 8 3 23 300
18 62 35 49 -3 16 0 0.02 M M 8.7 21 280 M M 5 26 150
19 62 30 46 -6 19 0 0.08 M M 8.4 22 310 M M 5 3 30 300
20 61 40 51 -1 14 0 0.04 M M 15.9 26 290 M M 7 33 310
21 59 32 46 -7 19 0 T M M 10.2 24 280 M M 5 28 280
22 57 28 43 -10 22 0 0.00 M M 9.7 21 310 M M 6 28 270
23 68 28 48 -5 17 0 0.00 M M 6.8 17 230 M M 1 23 230
24 74 35 55 2 10 0 0.00 M M 6.1 14 330 M M 1 19 230
25 81 38 60 6 5 0 0.03 M M 6.4 25 350 M M 3 33 350
26 78 49 64 10 1 0 T M M 6.4 16 310 M M 5 21 240
27 83 49 66 12 0 1 0.00 M M 3.9 10 160 M M 2 14 140
28 91 48 70 16 0 5 0.00 M M 9.5 18 70 M M 1 24 60
29 93 54 74 20 0 9 0.00 M M 5.7 12 70 M M 0 17 50
30 92 52 72 18 0 7 T M M 14.5 31 180 M M 1 8 44 240
31 72 42 57 2 8 0 T M M 5.1 17 270 M M 4 23 270
================================================================================
SM 2183 1103 386 22 0.95 M 246.5 M 96
================================================================================
AV 70.4 35.6 8.0 FASTST M M 3 MAX(MPH)
MISC ----> 36 220 50 230
================================================================================
NOTES:
# LAST OF SEVERAL OCCURRENCES
COLUMN 17 PEAK WIND IN M.P.H.
PRELIMINARY LOCAL CLIMATOLOGICAL DATA (WS FORM: F-6) , PAGE 2
STATION: BURNS OR
MONTH: MAY
YEAR: 2020
LATITUDE: 43 34 N
LONGITUDE: 118 57 W
[TEMPERATURE DATA] [PRECIPITATION DATA] SYMBOLS USED IN COLUMN 16
AVERAGE MONTHLY: 53.0 TOTAL FOR MONTH: 0.95 1 = FOG OR MIST
DPTR FM NORMAL: 1.8 DPTR FM NORMAL: -0.28 2 = FOG REDUCING VISIBILITY
HIGHEST: 93 ON 29 GRTST 24HR 0.31 ON 16-17 TO 1/4 MILE OR LESS
LOWEST: 19 ON 7 3 = THUNDER
SNOW, ICE PELLETS, HAIL 4 = ICE PELLETS
TOTAL MONTH: M 5 = HAIL
GRTST 24HR M ON M 6 = FREEZING RAIN OR DRIZZLE
GRTST DEPTH: M ON M 7 = DUSTSTORM OR SANDSTORM:
VSBY 1/2 MILE OR LESS
8 = SMOKE OR HAZE
[NO. OF DAYS WITH] [WEATHER - DAYS WITH] 9 = BLOWING SNOW
X = TORNADO
MAX 32 OR BELOW: 0 0.01 INCH OR MORE: 9
MAX 90 OR ABOVE: 3 0.10 INCH OR MORE: 3
MIN 32 OR BELOW: 12 0.50 INCH OR MORE: 0
MIN 0 OR BELOW: 0 1.00 INCH OR MORE: 0
[HDD (BASE 65) ]
TOTAL THIS MO. 386 CLEAR (SCALE 0-3) 17
DPTR FM NORMAL -44 PTCLDY (SCALE 4-7) 11
TOTAL FM JUL 1 6936 CLOUDY (SCALE 8-10) 3
DPTR FM NORMAL -534
[CDD (BASE 65) ]
TOTAL THIS MO. 22
DPTR FM NORMAL 19 [PRESSURE DATA]
TOTAL FM JAN 1 22 HIGHEST SLP 30.42 ON 7
DPTR FM NORMAL 19 LOWEST SLP 29.49 ON 30
[REMARKS]
#FINAL-05-20#