000
CXUS51 KBOX 011020
CF6BOS
PRELIMINARY LOCAL CLIMATOLOGICAL DATA (WS FORM: F-6)
STATION: BOSTON MA
MONTH: JUNE
YEAR: 2020
LATITUDE: 42 22 N
LONGITUDE: 71 2 W
TEMPERATURE IN F: :PCPN: SNOW: WIND :SUNSHINE: SKY :PK WND
================================================================================
1 2 3 4 5 6A 6B 7 8 9 10 11 12 13 14 15 16 17 18
12Z AVG MX 2MIN
DY MAX MIN AVG DEP HDD CDD WTR SNW DPTH SPD SPD DIR MIN PSBL S-S WX SPD DR
================================================================================
1 64 47 56 -7 9 0 0.00 0.0 M 10.9 21 300 M M 5 28 310
2 64 49 57 -6 8 0 0.02 0.0 M 8.4 20 110 M M 7 21 110
3 80 55 68 4 0 3 0.01 0.0 M 7.4 18 270 M M 7 23 260
4 89 59 74 10 0 9 0.00 0.0 M 8.4 18 230 M M 5 1 23 190
5 81 64 73 9 0 8 0.16 0.0 M 11.5 21 230 M M 9 138 27 220
6 89 62 76 11 0 11 0.14 0.0 M 10.5 22 270 M M 7 3 32 300
7 65 57 61 -4 4 0 T 0.0 M 9.9 20 330 M M 8 26 330
8 79 55 67 2 0 2 0.00 0.0 M 8.3 17 310 M M 3 24 320
9 80 60 70 4 0 5 0.00 0.0 M 5.5 13 110 M M 8 15 230
10 66 58 62 -4 3 0 0.00 0.0 M 9.6 20 60 M M 8 12 23 50
11 76 62 69 3 0 4 0.74 0.0 M 13.7 24 200 M M 10 1 33 210
12 84 65 75 8 0 10 0.00 0.0 M 8.9 20 290 M M 5 1 27 300
13 68 57 63 -4 2 0 0.00 0.0 M 11.1 17 100 M M 6 21 90
14 66 53 60 -7 5 0 0.00 0.0 M 10.6 16 80 M M 2 21 90
15 65 55 60 -8 5 0 0.00 0.0 M 7.6 16 90 M M 6 20 80
16 70 55 63 -5 2 0 0.00 0.0 M 6.4 13 130 M M 2 17 110
17 73 56 65 -3 0 0 0.00 0.0 M 7.8 17 110 M M 2 19 210
18 88 62 75 6 0 10 0.00 0.0 M 9.8 17 240 M M 5 23 240
19 87 68 78 9 0 13 0.00 0.0 M 11.9 17 180 M M 3 21 230
20 92 69 81 12 0 16 0.00 0.0 M 9.7 18 220 M M 4 24 220
21 87 67 77 7 0 12 0.00 0.0 M 8.1 18 170 M M 6 3 22 170
22 71 62 67 -3 0 2 0.00 0.0 M 7.9 15 90 M M 8 128 18 100
23 88 63 76 6 0 11 0.00 0.0 M 9.8 20 180 M M 5 1 23 180
24 86 68 77 7 0 12 0.01 0.0 M 9.8 20 200 M M 8 1 25 200
25 86 69 78 7 0 13 0.00 0.0 M 9.4 15 230 M M 6 23 230
26 86 67 77 6 0 12 0.00 0.0 M 9.5 18 190 M M 4 3 25 120
27 83 65 74 3 0 9 0.02 0.0 M 5.9 13 190 M M 7 20 240
28 81 64 73 2 0 8 1.19 0.0 M 7.0 20 30 M M 6 13 24 20
29 73 63 68 -4 0 3 0.19 0.0 M 6.8 17 50 M M 9 13 20 50
30 68 63 66 -6 0 1 0.18 0.0 M 6.9 13 70 M M 10 1 15 360
================================================================================
SM 2335 1819 38 174 2.66 0.0 269.0 M 181
================================================================================
AV 77.8 60.6 9.0 FASTST M M 6 MAX(MPH)
MISC ----> # 24 200 # 33 210
================================================================================
NOTES:
# LAST OF SEVERAL OCCURRENCES
COLUMN 17 PEAK WIND IN M.P.H.
PRELIMINARY LOCAL CLIMATOLOGICAL DATA (WS FORM: F-6) , PAGE 2
STATION: BOSTON MA
MONTH: JUNE
YEAR: 2020
LATITUDE: 42 22 N
LONGITUDE: 71 2 W
[TEMPERATURE DATA] [PRECIPITATION DATA] SYMBOLS USED IN COLUMN 16
AVERAGE MONTHLY: 69.2 TOTAL FOR MONTH: 2.66 1 = FOG OR MIST
DPTR FM NORMAL: 1.5 DPTR FM NORMAL: -1.02 2 = FOG REDUCING VISIBILITY
HIGHEST: 92 ON 20 GRTST 24HR 1.19 ON 28-28 TO 1/4 MILE OR LESS
LOWEST: 47 ON 1 3 = THUNDER
SNOW, ICE PELLETS, HAIL 4 = ICE PELLETS
TOTAL MONTH: 0.0 INCH 5 = HAIL
GRTST 24HR 0.0 6 = FREEZING RAIN OR DRIZZLE
GRTST DEPTH: M ON M 7 = DUSTSTORM OR SANDSTORM:
VSBY 1/2 MILE OR LESS
8 = SMOKE OR HAZE
[NO. OF DAYS WITH] [WEATHER - DAYS WITH] 9 = BLOWING SNOW
X = TORNADO
MAX 32 OR BELOW: 0 0.01 INCH OR MORE: 10
MAX 90 OR ABOVE: 1 0.10 INCH OR MORE: 6
MIN 32 OR BELOW: 0 0.50 INCH OR MORE: 2
MIN 0 OR BELOW: 0 1.00 INCH OR MORE: 1
[HDD (BASE 65) ]
TOTAL THIS MO. 38 CLEAR (SCALE 0-3) 3
DPTR FM NORMAL -17 PTCLDY (SCALE 4-7) 22
TOTAL FM JUL 1 5023 CLOUDY (SCALE 8-10) 5
DPTR FM NORMAL -658
[CDD (BASE 65) ]
TOTAL THIS MO. 174
DPTR FM NORMAL 38 [PRESSURE DATA]
TOTAL FM JAN 1 208 HIGHEST SLP 30.48 ON 15
DPTR FM NORMAL 42 LOWEST SLP 29.51 ON 3
[REMARKS]
#FINAL-06-20#