000
CXUS54 KMAF 011210
CF6BPG
PRELIMINARY LOCAL CLIMATOLOGICAL DATA (WS FORM: F-6)
STATION: BIG SPRING MCMAHON-WRINKLE FI
MONTH: DECEMBER
YEAR: 2022
LATITUDE: 32 12 N
LONGITUDE: 101 31 W
TEMPERATURE IN F: :PCPN: SNOW: WIND :SUNSHINE: SKY :PK WND
================================================================================
1 2 3 4 5 6A 6B 7 8 9 10 11 12 13 14 15 16 17 18
12Z AVG MX 2MIN
DY MAX MIN AVG DEP HDD CDD WTR SNW DPTH SPD SPD DIR MIN PSBL S-S WX SPD DR
================================================================================
1 59 38 49 M 16 0 M M M 12.3 17 190 M M 2 24 170
2 79 47 63 M 2 0 M M M 15.4 35 240 M M 3 8 38 240
3 56 40 48 M 17 0 M M M 13.0 28 40 M M 0 37 40
4 65 41 53 M 12 0 M M M 8.1 17 210 M M 2 20 220
5 79 51 65 M 0 0 M M M 12.7 23 240 M M 0 28 230
6 66 51 59 M 6 0 0.04 M M 8.7 13 150 M M 4 M M
7 71 57 64 M 1 0 0.10 M M 7.9 15 200 M M 5 24 170
8 70 56 63 M 2 0 0.04 M M 5.3 12 220 M M 7 12 M M
9 57 52 55 M 10 0 M M M 6.4 13 70 M M 8 1 M M
10 66 48 57 M 8 0 M M M 9.0 18 20 M M 9 18 20 350
11 58 48 53 M 12 0 M M M 5.5 12 150 M M 9 1 M M
12 71 54 63 M 2 0 M M M 19.2 29 180 M M 7 1 36 180
13 64 41 53 M 12 0 M M M 14.7 31 260 M M 1 39 250
14 54 36 45 M 20 0 M M M 11.5 29 290 M M 2 37 290
15 54 28 41 M 24 0 M M M 6.7 18 80 M M 0 M M
16 44 30 37 M 28 0 M M M 7.7 21 50 M M 0 25 50
17 52 21 37 M 28 0 M M M 5.3 13 130 M M 0 20 210
18 56 32 44 M 21 0 M M M 14.7 23 160 M M 0 28 170
19 65 35 50 M 15 0 M M M 10.3 21 180 M M 2 1 24 180
20 46 28 37 M 28 0 M M M 9.1 18 50 M M 5 M M
21 55 38 47 M 18 0 M M M 12.4 20 180 M M 6 1 21 200
22 38 11 25 M 40 0 M M M 18.2 28 10 M M 3 18 32 10
23 26 11 19 M 46 0 M M M 8.8 15 20 M M 1 M M
24 37 15 26 M 39 0 M M M 6.3 13 200 M M 1 18 180
25 55 19 37 M 28 0 M M M 9.1 15 210 M M 0 17 210
26 61 25 43 M 22 0 M M M 9.1 25 40 M M 0 30 40
27 62 29 46 M 19 0 M M M 15.3 26 190 M M 0 36 200
28 75 41 58 M 7 0 M M M 14.7 24 240 M M 0 31 240
29 67 46 57 M 8 0 M M M 9.1 14 270 M M 1 M M
30 63 40 52 M 13 0 M M M 7.4 17 270 M M 3 23 260
31 73 39 56 M 9 0 M M M 14.2 23 240 M M 0 31 240
================================================================================
SM 1844 1148 513 0 0.18 M 328.0 M 81
================================================================================
AV 59.5 37.0 10.6 FASTST M M 3 MAX(MPH)
MISC ----> 35 240 39 250
================================================================================
NOTES:
# LAST OF SEVERAL OCCURRENCES
COLUMN 17 PEAK WIND IN M.P.H.
PRELIMINARY LOCAL CLIMATOLOGICAL DATA (WS FORM: F-6) , PAGE 2
STATION: BIG SPRING MCMAHON-WRINKLE FI
MONTH: DECEMBER
YEAR: 2022
LATITUDE: 32 12 N
LONGITUDE: 101 31 W
[TEMPERATURE DATA] [PRECIPITATION DATA] SYMBOLS USED IN COLUMN 16
AVERAGE MONTHLY: 48.3 TOTAL FOR MONTH: 0.18 1 = FOG OR MIST
DPTR FM NORMAL: 0.0 DPTR FM NORMAL: M 2 = FOG REDUCING VISIBILITY
HIGHEST: 79 ON 5, 2 GRTST 24HR 0.10 ON 7- 7 TO 1/4 MILE OR LESS
LOWEST: 11 ON 23,22 3 = THUNDER
SNOW, ICE PELLETS, HAIL 4 = ICE PELLETS
TOTAL MONTH: M 5 = HAIL
GRTST 24HR M ON M 6 = FREEZING RAIN OR DRIZZLE
GRTST DEPTH: M ON M 7 = DUSTSTORM OR SANDSTORM:
VSBY 1/2 MILE OR LESS
8 = SMOKE OR HAZE
[NO. OF DAYS WITH] [WEATHER - DAYS WITH] 9 = BLOWING SNOW
X = TORNADO
MAX 32 OR BELOW: 1 0.01 INCH OR MORE: 3
MAX 90 OR ABOVE: 0 0.10 INCH OR MORE: 1
MIN 32 OR BELOW: 11 0.50 INCH OR MORE: 0
MIN 0 OR BELOW: 0 1.00 INCH OR MORE: 0
[HDD (BASE 65) ]
TOTAL THIS MO. 513 CLEAR (SCALE 0-3) 21
DPTR FM NORMAL M PTCLDY (SCALE 4-7) 8
TOTAL FM JUL 1 1025 CLOUDY (SCALE 8-10) 2
DPTR FM NORMAL M
[CDD (BASE 65) ]
TOTAL THIS MO. 0
DPTR FM NORMAL M [PRESSURE DATA]
TOTAL FM JAN 1 3155 HIGHEST SLP M ON M
DPTR FM NORMAL M LOWEST SLP M ON M
[REMARKS]
#FINAL-12-22#