000
CXUS54 KBRO 010800
CF6BRO
PRELIMINARY LOCAL CLIMATOLOGICAL DATA (WS FORM: F-6)
STATION: BROWNSVILLE
MONTH: SEPTEMBER
YEAR: 2023
LATITUDE: 25 53 N
LONGITUDE: 97 26 W
TEMPERATURE IN F: :PCPN: SNOW: WIND :SUNSHINE: SKY :PK WND
================================================================================
1 2 3 4 5 6A 6B 7 8 9 10 11 12 13 14 15 16 17 18
12Z AVG MX 2MIN
DY MAX MIN AVG DEP HDD CDD WTR SNW DPTH SPD SPD DIR MIN PSBL S-S WX SPD DR
================================================================================
1 100 78 89 3 0 24 0.00 0.0 0 4.9 18 80 M M 1 28 80
2 98 77 88 2 0 23 0.00 0.0 0 6.2 20 80 M M 2 26 80
3 101 78 90 5 0 25 0.00 0.0 0 8.6 23 130 M M 2 31 130
4 100 82 91 6 0 26 0.00 0.0 0 13.7 24 150 M M 1 34 180
5 99 83 91 6 0 26 0.00 0.0 0 13.7 22 140 M M 1 32 120
6 100 81 91 6 0 26 0.00 0.0 0 7.4 20 90 M M 2 24 90
7 99 78 89 4 0 24 0.00 0.0 0 6.8 17 80 M M 1 25 70
8 102 79 91 6 0 26 0.00 0.0 0 7.6 18 70 M M 1 26 100
9 101 78 90 6 0 25 0.00 0.0 0 5.8 18 90 M M 1 27 50
10 102 77 90 6 0 25 0.00 0.0 0 6.9 21 60 M M 1 28 60
11 99 79 89 5 0 24 0.00 0.0 0 7.0 17 100 M M 2 24 90
12 99 79 89 5 0 24 0.00 0.0 0 7.8 18 120 M M 2 25 70
13 100 77 89 5 0 24 0.00 0.0 0 8.1 20 160 M M 1 27 150
14 101 81 91 7 0 26 0.00 0.0 0 12.1 22 150 M M 2 31 150
15 100 80 90 6 0 25 T 0.0 0 9.6 22 130 M M 1 3 29 130
16 98 82 90 7 0 25 T 0.0 0 5.7 21 110 M M 2 3 29 120
17 94 75 85 2 0 20 0.02 0.0 0 6.6 21 120 M M 2 1 28 100
18 95 76 86 3 0 21 0.00 0.0 0 5.9 18 80 M M 2 24 50
19 97 75 86 3 0 21 0.00 0.0 0 5.8 16 90 M M 1 23 100
20 99 75 87 4 0 22 0.00 0.0 0 6.3 17 90 M M 0 24 80
21 99 77 88 5 0 23 0.00 0.0 0 7.5 20 100 M M 1 26 160
22 99 80 90 8 0 25 T 0.0 0 9.2 23 160 M M 1 30 160
23 99 79 89 7 0 24 0.00 0.0 0 9.2 18 150 M M 1 34 140
24 99 80 90 8 0 25 0.00 0.0 0 10.3 21 130 M M 2 28 130
25 98 79 89 7 0 24 0.00 0.0 0 8.3 16 120 M M 1 26 120
26 98 78 88 6 0 23 0.00 0.0 0 5.0 16 100 M M 1 23 100
27 98 75 87 5 0 22 0.00 0.0 0 4.6 17 80 M M 1 24 90
28 96 76 86 4 0 21 0.00 0.0 0 6.6 20 40 M M 1 30 30
29 98 77 88 7 0 23 0.00 0.0 0 6.3 16 40 M M 1 23 70
30 97 76 87 6 0 22 0.00 0.0 0 5.7 17 70 M M 1 25 80
================================================================================
SM 2965 2347 0 714 0.02 0.0 229.2 M 39
================================================================================
AV 98.8 78.2 7.6 FASTST M M 1 MAX(MPH)
MISC ----> 24 150 # 34 180
================================================================================
NOTES:
# LAST OF SEVERAL OCCURRENCES
COLUMN 17 PEAK WIND IN M.P.H.
PRELIMINARY LOCAL CLIMATOLOGICAL DATA (WS FORM: F-6) , PAGE 2
STATION: BROWNSVILLE
MONTH: SEPTEMBER
YEAR: 2023
LATITUDE: 25 53 N
LONGITUDE: 97 26 W
[TEMPERATURE DATA] [PRECIPITATION DATA] SYMBOLS USED IN COLUMN 16
AVERAGE MONTHLY: 88.5 TOTAL FOR MONTH: 0.02 1 = FOG OR MIST
DPTR FM NORMAL: 5.1 DPTR FM NORMAL: -5.71 2 = FOG REDUCING VISIBILITY
HIGHEST: 102 ON 10, 8 GRTST 24HR 0.02 ON 16-17 TO 1/4 MILE OR LESS
LOWEST: 75 ON 27,20 3 = THUNDER
SNOW, ICE PELLETS, HAIL 4 = ICE PELLETS
TOTAL MONTH: 0.0 INCH 5 = HAIL
GRTST 24HR 0.0 6 = FREEZING RAIN OR DRIZZLE
GRTST DEPTH: 0 7 = DUSTSTORM OR SANDSTORM:
VSBY 1/2 MILE OR LESS
8 = SMOKE OR HAZE
[NO. OF DAYS WITH] [WEATHER - DAYS WITH] 9 = BLOWING SNOW
X = TORNADO
MAX 32 OR BELOW: 0 0.01 INCH OR MORE: 1
MAX 90 OR ABOVE: 30 0.10 INCH OR MORE: 0
MIN 32 OR BELOW: 0 0.50 INCH OR MORE: 0
MIN 0 OR BELOW: 0 1.00 INCH OR MORE: 0
[HDD (BASE 65) ]
TOTAL THIS MO. 0 CLEAR (SCALE 0-3) 30
DPTR FM NORMAL 0 PTCLDY (SCALE 4-7) 0
TOTAL FM JUL 1 0 CLOUDY (SCALE 8-10) 0
DPTR FM NORMAL 0
[CDD (BASE 65) ]
TOTAL THIS MO. 714
DPTR FM NORMAL 160 [PRESSURE DATA]
TOTAL FM JAN 1 4331 HIGHEST SLP M ON M
DPTR FM NORMAL 509 LOWEST SLP 29.77 ON 4
[REMARKS]
#FINAL-09-23#