982
CXUS54 KLIX 010910
CF6BTR
PRELIMINARY LOCAL CLIMATOLOGICAL DATA (WS FORM: F-6)
STATION: BATON ROUGE
MONTH: FEBRUARY
YEAR: 2021
LATITUDE: 30 31 N
LONGITUDE: 91 9 W
TEMPERATURE IN F: :PCPN: SNOW: WIND :SUNSHINE: SKY :PK WND
================================================================================
1 2 3 4 5 6A 6B 7 8 9 10 11 12 13 14 15 16 17 18
12Z AVG MX 2MIN
DY MAX MIN AVG DEP HDD CDD WTR SNW DPTH SPD SPD DIR MIN PSBL S-S WX SPD DR
================================================================================
1 57 38 48 -5 17 0 0.00 0.0 M 10.0 16 350 M M 2 27 350
2 57 31 44 -9 21 0 0.00 0.0 M 3.8 13 270 M M 0 18 270
3 64 31 48 -5 17 0 0.00 0.0 M 3.6 9 110 M M 0 12 120
4 70 40 55 2 10 0 0.00 0.0 M 10.4 22 190 M M 6 29 200
5 66 44 55 2 10 0 0.66 M M 8.1 20 10 M M 10 1 27 10
6 53 45 49 -4 16 0 0.17 M M 7.2 14 70 M M 10 1 18 80
7 61 42 52 -2 13 0 0.00 0.0 M 6.1 16 30 M M 5 25 310
8 65 41 53 -1 12 0 T M M 8.4 16 120 M M 4 21 90
9 78 57 68 14 0 3 0.00 0.0 M 4.9 10 90 M M 6 12 13 70
10 75 58 67 13 0 2 T 0.0 M 7.1 14 110 M M 9 138 17 110
11 67 41 54 0 11 0 1.88 0.0 M 7.1 22 280 M M 10 13 29 270
12 42 35 39 -15 26 0 0.24 M M 10.6 20 30 M M 10 13 25 30
13 41 33 37 -18 28 0 0.00 0.0 M 9.7 16 360 M M 8 1 22 360
14 35 30 33 -22 32 0 0.01 0.0 M 9.1 17 10 M M 10 18 22 20
15 32 23 28 -27 37 0 0.48 M M 9.8 25 280 M M 9 1368 32 310
16 28 20 24 -31 41 0 0.00 0.0 M 6.0 12 60 M M 10 19 230
17 37 24 31 -25 34 0 0.89 0.0 M 10.0 17 40 M M 10 13 24 20
18 38 31 35 -21 30 0 0.00 0.0 M 9.3 18 360 M M 10 1 24 360
19 51 28 40 -16 25 0 0.00 0.0 M 8.2 16 290 M M 2 22 290
20 61 25 43 -13 22 0 0.00 0.0 M 3.2 10 110 M M 0 13 110
21 67 32 50 -6 15 0 0.00 0.0 M 8.5 18 120 M M 7 25 120
22 71 41 56 -1 9 0 T M M 5.1 15 360 M M 3 1 21 300
23 74 34 54 -3 11 0 0.00 0.0 M 3.4 12 190 M M 0 19 200
24 73 39 56 -1 9 0 0.00 0.0 M 6.2 14 170 M M 6 20 170
25 77 62 70 13 0 5 T 0.0 M 4.6 13 170 M M 9 12 16 170
26 83 62 73 15 0 8 T 0.0 M 8.8 22 180 M M 5 1 27 160
27 85 67 76 18 0 11 0.00 0.0 M 9.5 24 170 M M 6 1 29 180
28 84 68 76 18 0 11 0.00 0.0 M 12.4 28 180 M M 8 1 35 160
================================================================================
SM 1692 1122 446 40 4.33 0.0 211.1 M 175
================================================================================
AV 60.4 40.1 7.5 FASTST M M 6 MAX(MPH)
MISC ----> 28 180 35 160
================================================================================
NOTES:
# LAST OF SEVERAL OCCURRENCES
COLUMN 17 PEAK WIND IN M.P.H.
PRELIMINARY LOCAL CLIMATOLOGICAL DATA (WS FORM: F-6) , PAGE 2
STATION: BATON ROUGE
MONTH: FEBRUARY
YEAR: 2021
LATITUDE: 30 31 N
LONGITUDE: 91 9 W
[TEMPERATURE DATA] [PRECIPITATION DATA] SYMBOLS USED IN COLUMN 16
AVERAGE MONTHLY: 50.3 TOTAL FOR MONTH: 4.33 1 = FOG OR MIST
DPTR FM NORMAL: -4.8 DPTR FM NORMAL: -0.71 2 = FOG REDUCING VISIBILITY
HIGHEST: 85 ON 27 GRTST 24HR 1.98 ON 11-12 TO 1/4 MILE OR LESS
LOWEST: 20 ON 16 3 = THUNDER
SNOW, ICE PELLETS, HAIL 4 = ICE PELLETS
TOTAL MONTH: 0.0 INCH 5 = HAIL
GRTST 24HR 0.0 6 = FREEZING RAIN OR DRIZZLE
GRTST DEPTH: M ON M 7 = DUSTSTORM OR SANDSTORM:
VSBY 1/2 MILE OR LESS
8 = SMOKE OR HAZE
[NO. OF DAYS WITH] [WEATHER - DAYS WITH] 9 = BLOWING SNOW
X = TORNADO
MAX 32 OR BELOW: 2 0.01 INCH OR MORE: 7
MAX 90 OR ABOVE: 0 0.10 INCH OR MORE: 6
MIN 32 OR BELOW: 10 0.50 INCH OR MORE: 3
MIN 0 OR BELOW: 0 1.00 INCH OR MORE: 1
[HDD (BASE 65) ]
TOTAL THIS MO. 446 CLEAR (SCALE 0-3) 7
DPTR FM NORMAL 151 PTCLDY (SCALE 4-7) 9
TOTAL FM JUL 1 1337 CLOUDY (SCALE 8-10) 12
DPTR FM NORMAL 2
[CDD (BASE 65) ]
TOTAL THIS MO. 40
DPTR FM NORMAL 22 [PRESSURE DATA]
TOTAL FM JAN 1 52 HIGHEST SLP 30.46 ON 20
DPTR FM NORMAL 13 LOWEST SLP 29.79 ON 6
[REMARKS]
#FINAL-02-21#