000
CXAK56 PAFG 010958
CF6BTT
PRELIMINARY LOCAL CLIMATOLOGICAL DATA (WS FORM: F-6)
STATION: BETTLES AK
MONTH: JUNE
YEAR: 2020
LATITUDE: 66 55 N
LONGITUDE: 151 31 W
TEMPERATURE IN F: :PCPN: SNOW: WIND :SUNSHINE: SKY :PK WND
================================================================================
1 2 3 4 5 6A 6B 7 8 9 10 11 12 13 14 15 16 17 18
12Z AVG MX 2MIN
DY MAX MIN AVG DEP HDD CDD WTR SNW DPTH SPD SPD DIR MIN PSBL S-S WX SPD DR
================================================================================
1 74 46 60 7 5 0 0.00 0.0 0 6.9 14 40 M M 2 23 60
2 71 47 59 5 6 0 0.00 0.0 0 3.5 12 110 M M 5 16 170
3 73 43 58 4 7 0 0.00 0.0 0 4.6 10 150 M M 3 15 150
4 73 48 61 6 4 0 0.01 0.0 0 4.3 14 210 M M 6 3 22 60
5 73 38 56 1 9 0 0.00 M M 2.9 15 30 M M 4 3 23 30
6 67 50 59 3 6 0 0.09 M M 4.6 13 30 M M 8 18 40
7 71 51 61 5 4 0 0.01 M M 5.2 13 20 M M 6 19 30
8 73 48 61 5 4 0 T M M 4.6 15 260 M M 5 3 23 310
9 76 41 59 2 6 0 0.00 M M 2.1 12 260 M M 4 16 160
10 74 52 63 6 2 0 0.01 0.0 0 4.0 15 230 M M 6 3 24 220
11 70 45 58 0 7 0 0.00 0.0 0 3.7 12 220 M M 3 1 16 270
12 73 45 59 1 6 0 0.00 M M 4.7 15 220 M M 6 20 220
13 77 43 60 2 5 0 0.00 M M 1.0 7 310 M M 3 11 290
14 75 51 63 4 2 0 0.02 M M 3.6 12 50 M M 7 3 21 50
15 78 52 65 6 0 0 T 0.0 0 3.5 16 140 M M 6 3 23 150
16 69 56 63 4 2 0 0.10 0.0 0 2.1 8 170 M M 8 13 11 190
17 77 53 65 5 0 0 T 0.0 0 2.7 14 220 M M 6 23 200
18 75 54 65 5 0 0 T 0.0 0 3.2 14 260 M M 6 3 17 310
19 74 53 64 4 1 0 0.10 0.0 0 4.3 13 40 M M 6 13 19 50
20 69 55 62 2 3 0 0.02 0.0 0 2.1 13 40 M M 9 20 40
21 77 55 66 6 0 1 T 0.0 0 4.7 12 170 M M 5 19 160
22 78 55 67 7 0 2 0.00 0.0 0 9.2 20 250 M M 2 26 240
23 58 44 51 -10 14 0 0.02 M 0 5.2 12 210 M M 8 17 220
24 63 47 55 -6 10 0 0.20 M 0 2.7 12 340 M M 7 13 20 350
25 66 42 54 -7 11 0 0.01 M 0 3.8 14 260 M M 7 3 22 250
26 67 43 55 -6 10 0 T 0.0 0 5.4 15 270 M M 7 18 230
27 64 44 54 -7 11 0 0.00 0.0 0 4.6 14 250 M M 5 19 210
28 70 48 59 -2 6 0 0.04 M M 5.1 13 120 M M 8 3 19 130
29 63 46 55 -6 10 0 0.20 M 0 6.0 14 210 M M 9 1 24 230
30 58 40 49 -12 16 0 T M M 6.5 15 250 M M 7 1 22 280
================================================================================
SM 2126 1435 167 3 0.83 0.0 126.8 M 174
================================================================================
AV 70.9 47.8 4.2 FASTST M M 6 MAX(MPH)
MISC ----> # 20 250 # 26 240
================================================================================
NOTES:
# LAST OF SEVERAL OCCURRENCES
COLUMN 17 PEAK WIND IN M.P.H.
PRELIMINARY LOCAL CLIMATOLOGICAL DATA (WS FORM: F-6) , PAGE 2
STATION: BETTLES AK
MONTH: JUNE
YEAR: 2020
LATITUDE: 66 55 N
LONGITUDE: 151 31 W
[TEMPERATURE DATA] [PRECIPITATION DATA] SYMBOLS USED IN COLUMN 16
AVERAGE MONTHLY: 59.4 TOTAL FOR MONTH: 0.83 1 = FOG OR MIST
DPTR FM NORMAL: 0.8 DPTR FM NORMAL: -0.57 2 = FOG REDUCING VISIBILITY
HIGHEST: 78 ON 22,15 GRTST 24HR 0.20 ON 29-29 TO 1/4 MILE OR LESS
LOWEST: 38 ON 5 3 = THUNDER
SNOW, ICE PELLETS, HAIL 4 = ICE PELLETS
TOTAL MONTH: 0.0 INCH 5 = HAIL
GRTST 24HR 0.0 6 = FREEZING RAIN OR DRIZZLE
GRTST DEPTH: 0 7 = DUSTSTORM OR SANDSTORM:
VSBY 1/2 MILE OR LESS
8 = SMOKE OR HAZE
[NO. OF DAYS WITH] [WEATHER - DAYS WITH] 9 = BLOWING SNOW
X = TORNADO
MAX 32 OR BELOW: 0 0.01 INCH OR MORE: 13
MAX 90 OR ABOVE: 0 0.10 INCH OR MORE: 4
MIN 32 OR BELOW: 0 0.50 INCH OR MORE: 0
MIN 0 OR BELOW: 0 1.00 INCH OR MORE: 0
[HDD (BASE 65) ]
TOTAL THIS MO. 167 CLEAR (SCALE 0-3) 5
DPTR FM NORMAL -45 PTCLDY (SCALE 4-7) 23
TOTAL FM JUL 1 15350 CLOUDY (SCALE 8-10) 2
DPTR FM NORMAL 172
[CDD (BASE 65) ]
TOTAL THIS MO. 3
DPTR FM NORMAL -12 [PRESSURE DATA]
TOTAL FM JAN 1 3 HIGHEST SLP M ON M
DPTR FM NORMAL -13 LOWEST SLP 29.51 ON 22
[REMARKS]
#FINAL-06-20#