041
CXUS51 KBUF 011408
CF6BUF
PRELIMINARY LOCAL CLIMATOLOGICAL DATA (WS FORM: F-6)
STATION: BUFFALO NY
MONTH: AUGUST
YEAR: 2020
LATITUDE: 42 55 N
LONGITUDE: 78 44 W
TEMPERATURE IN F: :PCPN: SNOW: WIND :SUNSHINE: SKY :PK WND
================================================================================
1 2 3 4 5 6A 6B 7 8 9 10 11 12 13 14 15 16 17 18
12Z AVG MX 2MIN
DY MAX MIN AVG DEP HDD CDD WTR SNW DPTH SPD SPD DIR MIN PSBL S-S WX SPD DR
================================================================================
1 89 63 76 5 0 11 T 0.0 0 7.1 21 190 M M 7 25 190
2 84 69 77 6 0 12 0.29 0.0 0 17.4 37 220 M M 8 18 48 230
3 83 66 75 4 0 10 T 0.0 0 7.9 18 260 M M 6 24 250
4 80 65 73 2 0 8 0.90 0.0 0 5.1 21 330 M M 8 138 26 330
5 75 62 69 -2 0 4 T 0.0 0 11.0 25 220 M M 5 1 32 250
6 79 57 68 -3 0 3 0.00 0.0 0 4.6 12 20 M M 4 17 30
7 81 61 71 0 0 6 0.00 0.0 0 6.3 14 50 M M 5 19 50
8 83 66 75 4 0 10 0.00 0.0 0 5.1 14 210 M M 5 17 240
9 83 63 73 3 0 8 0.00 0.0 0 11.7 25 230 M M 5 33 240
10 89 71 80 10 0 15 0.00 0.0 0 9.8 21 230 M M 4 26 230
11 83 71 77 7 0 12 0.00 0.0 0 13.8 29 220 M M 6 37 210
12 87 64 76 6 0 11 0.00 0.0 0 3.2 12 220 M M 6 15 240
13 90 65 78 8 0 13 0.00 0.0 0 7.0 16 50 M M 4 21 40
14 87 66 77 7 0 12 0.00 0.0 0 9.4 21 40 M M 2 26 40
15 88 67 78 8 0 13 0.36 0.0 0 6.7 32 100 M M 7 13 39 100
16 82 66 74 4 0 9 0.00 0.0 0 6.1 13 230 M M 6 18 230
17 80 63 72 2 0 7 0.05 0.0 0 6.1 22 250 M M 5 138 28 280
18 78 61 70 0 0 5 T 0.0 0 8.5 20 250 M M 4 25 220
19 75 61 68 -2 0 3 0.00 0.0 0 6.0 15 330 M M 4 20 340
20 79 58 69 0 0 4 0.00 0.0 0 8.4 17 240 M M 2 22 240
21 83 65 74 5 0 9 0.00 0.0 0 11.3 21 220 M M 4 26 220
22 87 65 76 7 0 11 0.00 0.0 0 7.9 15 220 M M 2 22 250
23 89 65 77 8 0 12 0.00 0.0 0 7.4 16 250 M M 2 22 260
24 86 68 77 8 0 12 0.00 0.0 0 11.2 22 240 M M 1 29 230
25 85 68 77 8 0 12 0.02 0.0 0 11.1 24 270 M M 5 3 30 290
26 76 64 70 2 0 5 0.40 0.0 0 5.0 12 270 M M 7 1 15 20
27 83 69 76 8 0 11 0.04 0.0 0 13.8 40 250 M M 6 138 53 250
28 75 64 70 2 0 5 T 0.0 0 5.4 17 210 M M 7 23 220
29 80 64 72 4 0 7 0.04 0.0 0 14.5 31 240 M M 7 42 250
30 74 62 68 0 0 3 0.00 0.0 0 7.1 15 330 M M 4 20 310
31 83 60 72 5 0 7 0.00 0.0 0 10.3 21 170 M M 3 25 170
================================================================================
SM 2556 1999 0 270 2.10 0.0 266.2 M 151
================================================================================
AV 82.5 64.5 8.6 FASTST M M 5 MAX(MPH)
MISC ----> # 40 250 # 53 250
================================================================================
NOTES:
# LAST OF SEVERAL OCCURRENCES
COLUMN 17 PEAK WIND IN M.P.H.
PRELIMINARY LOCAL CLIMATOLOGICAL DATA (WS FORM: F-6) , PAGE 2
STATION: BUFFALO NY
MONTH: AUGUST
YEAR: 2020
LATITUDE: 42 55 N
LONGITUDE: 78 44 W
[TEMPERATURE DATA] [PRECIPITATION DATA] SYMBOLS USED IN COLUMN 16
AVERAGE MONTHLY: 73.5 TOTAL FOR MONTH: 2.10 1 = FOG OR MIST
DPTR FM NORMAL: 3.9 DPTR FM NORMAL: -1.16 2 = FOG REDUCING VISIBILITY
HIGHEST: 90 ON 13 GRTST 24HR 0.90 ON 4- 4 TO 1/4 MILE OR LESS
LOWEST: 57 ON 6 3 = THUNDER
SNOW, ICE PELLETS, HAIL 4 = ICE PELLETS
TOTAL MONTH: 0.0 INCH 5 = HAIL
GRTST 24HR 0.0 6 = FREEZING RAIN OR DRIZZLE
GRTST DEPTH: 0 7 = DUSTSTORM OR SANDSTORM:
VSBY 1/2 MILE OR LESS
8 = SMOKE OR HAZE
[NO. OF DAYS WITH] [WEATHER - DAYS WITH] 9 = BLOWING SNOW
X = TORNADO
MAX 32 OR BELOW: 0 0.01 INCH OR MORE: 8
MAX 90 OR ABOVE: 1 0.10 INCH OR MORE: 4
MIN 32 OR BELOW: 0 0.50 INCH OR MORE: 1
MIN 0 OR BELOW: 0 1.00 INCH OR MORE: 0
[HDD (BASE 65) ]
TOTAL THIS MO. 0 CLEAR (SCALE 0-3) 6
DPTR FM NORMAL -18 PTCLDY (SCALE 4-7) 25
TOTAL FM JUL 1 0 CLOUDY (SCALE 8-10) 0
DPTR FM NORMAL -27
[CDD (BASE 65) ]
TOTAL THIS MO. 270
DPTR FM NORMAL 109 [PRESSURE DATA]
TOTAL FM JAN 1 856 HIGHEST SLP 30.18 ON 8
DPTR FM NORMAL 369 LOWEST SLP 29.46 ON 29
[REMARKS]
#FINAL-08-20#