000
CXUS51 KBUF 011205
CF6BUF
PRELIMINARY LOCAL CLIMATOLOGICAL DATA (WS FORM: F-6)
STATION: BUFFALO NY
MONTH: FEBRUARY
YEAR: 2020
LATITUDE: 42 55 N
LONGITUDE: 78 44 W
TEMPERATURE IN F: :PCPN: SNOW: WIND :SUNSHINE: SKY :PK WND
================================================================================
1 2 3 4 5 6A 6B 7 8 9 10 11 12 13 14 15 16 17 18
12Z AVG MX 2MIN
DY MAX MIN AVG DEP HDD CDD WTR SNW DPTH SPD SPD DIR MIN PSBL S-S WX SPD DR
================================================================================
1 33 30 32 7 33 0 0.08 0.9 0 4.4 9 200 M M 10 18 12 190
2 36 31 34 9 31 0 0.26 1.4 1 9.1 15 250 M M 10 1 20 210
3 45 36 41 16 24 0 T 0.0 T 10.5 20 250 M M 6 1 25 240
4 37 31 34 9 31 0 0.00 0.0 0 7.3 15 310 M M 10 21 310
5 31 25 28 3 37 0 0.07 1.0 0 9.8 17 340 M M 9 1 22 330
6 30 24 27 2 38 0 0.31 2.7 4 12.3 21 40 M M 10 146 23 50
7 26 20 23 -2 42 0 0.18 2.8 3 11.4 18 290 M M 10 146 24 330
8 22 14 18 -7 47 0 T T 5 6.3 13 260 M M 9 15 260
9 36 19 28 3 37 0 0.13 2.5 6 7.9 21 200 M M 9 1 28 190
10 39 31 35 10 30 0 0.13 T 3 8.0 23 200 M M 8 1 29 210
11 35 32 34 8 31 0 T T 2 11.0 24 240 M M 10 1 30 230
12 36 27 32 6 33 0 0.04 0.3 2 8.9 22 220 M M 8 1 27 200
13 33 15 24 -2 41 0 0.22 2.7 3 9.6 18 340 M M 10 1 22 340
14 15 2 9 -17 56 0 T 0.2 5 7.3 18 340 M M 5 22 330
15 37 5 21 -5 44 0 T T 5 13.6 33 230 M M 7 44 240
16 36 31 34 8 31 0 T 0.1 4 14.3 31 240 M M 9 42 240
17 36 28 32 6 33 0 0.00 0.0 3 7.4 14 70 M M 7 18 70
18 44 31 38 11 27 0 0.20 0.5 2 15.6 30 240 M M 9 1 40 240
19 34 22 28 1 37 0 T T T 13.9 23 250 M M 7 33 280
20 26 18 22 -5 43 0 T T T 9.7 17 300 M M 5 22 320
21 32 17 25 -2 40 0 0.00 0.0 T 17.8 31 230 M M 2 42 230
22 39 31 35 8 30 0 0.00 0.0 T 19.3 32 230 M M 2 44 240
23 47 30 39 11 26 0 0.00 0.0 0 11.8 25 240 M M 3 34 240
24 47 37 42 14 23 0 0.00 0.0 0 10.8 22 240 M M 6 29 220
25 40 35 38 10 27 0 0.06 T 0 10.0 16 60 M M 10 1 21 40
26 36 33 35 7 30 0 0.56 0.5 T 9.9 17 60 M M 10 1 20 60
27 33 23 28 -1 37 0 0.18 3.2 2 24.6 36 260 M M 9 189 50 250
28 25 21 23 -6 42 0 T T 3 22.7 33 250 M M 9 18 46 260
29 24 14 19 -10 46 0 0.08 1.8 4 11.0 22 260 M M 9 1 27 260
================================================================================
SM 990 713 1027 0 2.50 20.6 336.2 M 228
================================================================================
AV 34.1 24.6 11.6 FASTST M M 8 MAX(MPH)
MISC ----> # 36 260 # 50 250
================================================================================
NOTES:
# LAST OF SEVERAL OCCURRENCES
COLUMN 17 PEAK WIND IN M.P.H.
PRELIMINARY LOCAL CLIMATOLOGICAL DATA (WS FORM: F-6) , PAGE 2
STATION: BUFFALO NY
MONTH: FEBRUARY
YEAR: 2020
LATITUDE: 42 55 N
LONGITUDE: 78 44 W
[TEMPERATURE DATA] [PRECIPITATION DATA] SYMBOLS USED IN COLUMN 16
AVERAGE MONTHLY: 29.4 TOTAL FOR MONTH: 2.50 1 = FOG OR MIST
DPTR FM NORMAL: 3.1 DPTR FM NORMAL: 0.01 2 = FOG REDUCING VISIBILITY
HIGHEST: 47 ON 24,23 GRTST 24HR 0.56 ON 26-26 TO 1/4 MILE OR LESS
LOWEST: 2 ON 14 3 = THUNDER
SNOW, ICE PELLETS, HAIL 4 = ICE PELLETS
TOTAL MONTH: 20.6 INCHES 5 = HAIL
GRTST 24HR 3.2 ON 27-27 6 = FREEZING RAIN OR DRIZZLE
GRTST DEPTH: 6 ON 9 7 = DUSTSTORM OR SANDSTORM:
VSBY 1/2 MILE OR LESS
8 = SMOKE OR HAZE
[NO. OF DAYS WITH] [WEATHER - DAYS WITH] 9 = BLOWING SNOW
X = TORNADO
MAX 32 OR BELOW: 9 0.01 INCH OR MORE: 14
MAX 90 OR ABOVE: 0 0.10 INCH OR MORE: 9
MIN 32 OR BELOW: 25 0.50 INCH OR MORE: 1
MIN 0 OR BELOW: 0 1.00 INCH OR MORE: 0
[HDD (BASE 65) ]
TOTAL THIS MO. 1027 CLEAR (SCALE 0-3) 2
DPTR FM NORMAL -58 PTCLDY (SCALE 4-7) 9
TOTAL FM JUL 1 4286 CLOUDY (SCALE 8-10) 18
DPTR FM NORMAL -494
[CDD (BASE 65) ]
TOTAL THIS MO. 0
DPTR FM NORMAL 0 [PRESSURE DATA]
TOTAL FM JAN 1 0 HIGHEST SLP 30.61 ON 14
DPTR FM NORMAL 0 LOWEST SLP 29.26 ON 7
[REMARKS]
#FINAL-02-20#