000
CXUS51 KBUF 011400
CLMBUF
CLIMATE REPORT
NATIONAL WEATHER SERVICE BUFFALO NY
1000 AM EDT TUE AUG 01 2023
...................................
...THE BUFFALO NY CLIMATE SUMMARY FOR THE MONTH OF JULY 2023...
CLIMATE NORMAL PERIOD: 1991 TO 2020
CLIMATE RECORD PERIOD: 1871 TO 2023
WEATHER OBSERVED NORMAL DEPART LAST YEAR`S
VALUE DATE(S) VALUE FROM VALUE DATE(S)
NORMAL
................................................................
TEMPERATURE (F)
RECORD
HIGH 98 07/09/2020
LOW 43 07/11/1945
HIGHEST 91 07/06 90 07/20
LOWEST 58 07/08 51 07/10
07/30
07/31
AVG. MAXIMUM 81.2 80.2 1.0 81.0
AVG. MINIMUM 64.5 63.1 1.4 63.7
MEAN 72.8 71.7 1.1 72.4
DAYS MAX >= 90 1 1.5 -0.5 1
DAYS MAX <= 32 0 0.0 0.0 0
DAYS MIN <= 32 0 0.0 0.0 0
DAYS MIN <= 0 0 0.0 0.0 0
PRECIPITATION (INCHES)
RECORD
MAXIMUM 8.93 1992
MINIMUM 0.15 1933
TOTALS 5.54 3.23 2.31 2.31
DAYS >= .01 13 11
DAYS >= .10 9 8
DAYS >= .50 4 1
DAYS >= 1.00 2 1
GREATEST
24 HR. TOTAL 1.41 07/26 TO 07/27 1.38 07/17 TO 07/18
SNOWFALL (INCHES)
RECORDS
TOTAL MM MM
TOTALS 0.0 0.0 0.0 0.0
SINCE 7/1 0.0 0.0 0.0
SNOWDEPTH AVG. 0 0
DAYS >= 1.0 0 0.0 0.0 0
DAYS >= 0.1 0 0
GREATEST
SNOW DEPTH 0 0 MM
24 HR TOTAL MM
DEGREE DAYS
HEATING TOTAL 0 7 -7 0
SINCE 7/1 0 0 0 MM
COOLING TOTAL 251 213 38 235
SINCE 1/1 386 357 29 MM
................................................................
WIND (MPH)
AVERAGE WIND SPEED 8.1
HIGHEST WIND SPEED/DIRECTION 29/290
HIGHEST GUST SPEED/DIRECTION 46/290 DATE 07/20
SKY COVER
POSSIBLE SUNSHINE (PERCENT) MM
NUMBER OF DAYS FAIR 5
NUMBER OF DAYS PC 18
NUMBER OF DAYS CLOUDY 8
AVERAGE RH (PERCENT) 71
WEATHER CONDITIONS. NUMBER OF DAYS WITH
THUNDERSTORM 10 MIXED PRECIP 0
HEAVY RAIN 8 RAIN 7
LIGHT RAIN 18 FREEZING RAIN 0
LT FREEZING RAIN 0 HAIL 0
HEAVY SNOW 0 SNOW 0
LIGHT SNOW 0 SLEET 0
FOG 14 FOG W/VIS <= 1/4 MILE 1
HAZE 6
- INDICATES NEGATIVE NUMBERS.
R INDICATES RECORD WAS SET OR TIED.
MM INDICATES DATA IS MISSING.
T INDICATES TRACE AMOUNT.
$$