000
CXUS56 KLOX 011255
CF6BUR
PRELIMINARY LOCAL CLIMATOLOGICAL DATA (WS FORM: F-6)
STATION: HOLLYWOOD/BURBANK AIRPORT CA
MONTH: DECEMBER
YEAR: 2023
LATITUDE: 34 12 N
LONGITUDE: 118 22 W
TEMPERATURE IN F: :PCPN: SNOW: WIND :SUNSHINE: SKY :PK WND
================================================================================
1 2 3 4 5 6A 6B 7 8 9 10 11 12 13 14 15 16 17 18
12Z AVG MX 2MIN
DY MAX MIN AVG DEP HDD CDD WTR SNW DPTH SPD SPD DIR MIN PSBL S-S WX SPD DR
================================================================================
1 65 50 58 2 7 0 0.00 M M 9.3 21 330 M M 0 30 340
2 66 43 55 -1 10 0 0.00 M M 3.0 12 120 M M 0 17 130
3 68 43 56 0 9 0 0.00 M M 2.4 10 140 M M 0 13 160
4 80 47 64 8 1 0 0.00 M M 2.1 9 240 M M 0 13 270
5 81 51 66 10 0 1 0.00 M M 1.7 8 240 M M 0 12 310
6 75 51 63 8 2 0 0.00 M M 3.8 13 180 M M 0 16 170
7 67 47 57 2 8 0 0.00 M M 7.4 22 360 M M 1 34 330
8 68 45 57 2 8 0 0.00 M M 2.9 16 340 M M 0 21 340
9 70 44 57 2 8 0 0.00 M M 2.5 9 120 M M 0 16 90
10 73 42 58 3 7 0 0.00 M M 3.5 9 330 M M 0 16 240
11 73 46 60 5 5 0 0.00 M M 2.1 9 170 M M 0 8 14 120
12 68 41 55 0 10 0 0.00 M M 1.4 8 170 M M 0 8 20 140
13 73 43 58 3 7 0 0.00 M M 2.0 14 340 M M 2 18 20 190
14 74 43 59 4 6 0 0.00 M M 1.6 8 330 M M 0 8 14 300
15 75 44 60 5 5 0 0.00 M M 3.4 12 250 M M 0 16 320
16 79 46 63 8 2 0 0.00 M M 3.2 12 270 M M 0 14 270
17 78 51 65 10 0 0 0.00 M M 2.4 9 340 M M 0 14 60
18 68 56 62 7 3 0 T M M 4.3 13 350 M M 7 16 350
19 64 55 60 5 5 0 0.25 M M 5.5 15 120 M M 10 18 21 120
20 62 57 60 5 5 0 0.55 M M 9.7 16 120 M M 10 1 26 90
21 63 56 60 5 5 0 0.79 M M 5.9 16 360 M M 10 13 24 160
22 65 50 58 3 7 0 0.32 M M 5.6 21 80 M M 6 1 33 70
23 65 46 56 1 9 0 0.00 M M 2.4 8 180 M M 4 12 150
24 66 50 58 3 7 0 0.00 M M 2.8 10 200 M M 3 1 16 210
25 69 43 56 1 9 0 0.00 M M 2.3 9 180 M M 0 1 14 180
26 68 47 58 3 7 0 0.00 M M 1.5 6 190 M M 0 11 150
27 66 48 57 2 8 0 0.00 M M 2.4 9 170 M M 0 1 15 110
28 66 46 56 1 9 0 0.00 M M 2.8 7 170 M M 3 128 12 230
29 66 47 57 2 8 0 0.00 M M 3.8 9 130 M M 2 18 19 90
30 61 48 55 0 10 0 0.39 M M 4.9 17 100 M M 7 1 21 100
31 58 46 52 -4 13 0 0.00 M M 2.4 12 110 M M 5 18 19 110
================================================================================
SM 2140 1472 200 1 2.30 M 111.0 M 70
================================================================================
AV 69.0 47.5 3.6 FASTST M M 2 MAX(MPH)
MISC ----> 22 360 34 330
================================================================================
NOTES:
# LAST OF SEVERAL OCCURRENCES
COLUMN 17 PEAK WIND IN M.P.H.
PRELIMINARY LOCAL CLIMATOLOGICAL DATA (WS FORM: F-6) , PAGE 2
STATION: HOLLYWOOD/BURBANK AIRPORT CA
MONTH: DECEMBER
YEAR: 2023
LATITUDE: 34 12 N
LONGITUDE: 118 22 W
[TEMPERATURE DATA] [PRECIPITATION DATA] SYMBOLS USED IN COLUMN 16
AVERAGE MONTHLY: 58.3 TOTAL FOR MONTH: 2.30 1 = FOG OR MIST
DPTR FM NORMAL: 3.2 DPTR FM NORMAL: 0.28 2 = FOG REDUCING VISIBILITY
HIGHEST: 81 ON 5 GRTST 24HR 1.04 ON 21-22 TO 1/4 MILE OR LESS
LOWEST: 41 ON 12 3 = THUNDER
SNOW, ICE PELLETS, HAIL 4 = ICE PELLETS
TOTAL MONTH: M 5 = HAIL
GRTST 24HR M ON M 6 = FREEZING RAIN OR DRIZZLE
GRTST DEPTH: M ON M 7 = DUSTSTORM OR SANDSTORM:
VSBY 1/2 MILE OR LESS
8 = SMOKE OR HAZE
[NO. OF DAYS WITH] [WEATHER - DAYS WITH] 9 = BLOWING SNOW
X = TORNADO
MAX 32 OR BELOW: 0 0.01 INCH OR MORE: 5
MAX 90 OR ABOVE: 0 0.10 INCH OR MORE: 5
MIN 32 OR BELOW: 0 0.50 INCH OR MORE: 2
MIN 0 OR BELOW: 0 1.00 INCH OR MORE: 0
[HDD (BASE 65) ]
TOTAL THIS MO. 200 CLEAR (SCALE 0-3) 23
DPTR FM NORMAL -107 PTCLDY (SCALE 4-7) 5
TOTAL FM JUL 1 305 CLOUDY (SCALE 8-10) 3
DPTR FM NORMAL -194
[CDD (BASE 65) ]
TOTAL THIS MO. 1
DPTR FM NORMAL -1 [PRESSURE DATA]
TOTAL FM JAN 1 1320 HIGHEST SLP 30.23 ON 9
DPTR FM NORMAL -161 LOWEST SLP 29.80 ON 22
[REMARKS]
#FINAL-12-23#