000
CXUS51 KLWX 010915
CF6BWI
PRELIMINARY LOCAL CLIMATOLOGICAL DATA (WS FORM: F-6)
STATION: BALTIMORE MD
MONTH: JANUARY
YEAR: 2024
LATITUDE: 39 10 N
LONGITUDE: 76 40 W
TEMPERATURE IN F: :PCPN: SNOW: WIND :SUNSHINE: SKY :PK WND
================================================================================
1 2 3 4 5 6A 6B 7 8 9 10 11 12 13 14 15 16 17 18
12Z AVG MX 2MIN
DY MAX MIN AVG DEP HDD CDD WTR SNW DPTH SPD SPD DIR MIN PSBL S-S WX SPD DR
================================================================================
1 45 37 41 6 24 0 0.03 0.0 0 4.7 14 320 M M 9 20 330
2 45 32 39 4 26 0 0.00 0.0 0 8.1 18 300 M M 4 26 330
3 48 27 38 3 27 0 0.00 0.0 0 3.1 9 290 M M 8 13 140
4 45 30 38 3 27 0 0.00 0.0 0 7.5 22 310 M M 7 29 290
5 42 22 32 -3 33 0 0.00 0.0 0 2.4 10 260 M M 3 19 310
6 39 26 33 -2 32 0 1.20 T 0 7.8 22 60 M M 10 14 34 40
7 51 35 43 8 22 0 T 0.0 0 11.0 28 290 M M 7 1 38 280
8 50 29 40 5 25 0 0.00 0.0 0 6.5 17 10 M M 3 26 340
9 59 33 46 12 19 0 2.62 0.0 0 11.8 32 140 M M 10 1 48 150
10 59 42 51 17 14 0 T 0.0 0 15.5 31 270 M M 7 50 260
11 52 30 41 7 24 0 0.00 0.0 0 4.5 16 240 M M 2 22 250
12 56 28 42 8 23 0 0.40 0.0 0 9.5 20 120 M M 6 1 32 140
13 56 34 45 11 20 0 0.08 0.0 0 14.9 37 280 M M 6 1 54 300
14 46 28 37 3 28 0 T T 0 11.4 33 280 M M 4 47 290
15 30 24 27 -7 38 0 0.36 4.1 T 5.0 14 310 M M 10 1 18 300
16 31 16 24 -10 41 0 0.12 0.8 5 10.2 22 320 M M 8 146 33 290
17 28 12 20 -14 45 0 0.00 0.0 3 7.6 21 280 M M 0 27 260
18 35 13 24 -10 41 0 0.00 0.0 3 2.2 9 110 M M 8 13 60
19 33 22 28 -6 37 0 0.38 4.2 5 7.0 15 300 M M 8 128 22 280
20 27 17 22 -12 43 0 0.00 0.0 6 14.5 29 290 M M 5 41 290
21 33 18 26 -8 39 0 0.00 0.0 2 11.8 23 320 M M 2 33 300
22 39 14 27 -7 38 0 0.00 0.0 2 3.8 13 250 M M 4 19 230
23 46 23 35 1 30 0 0.00 0.0 2 2.2 9 80 M M 6 15 20
24 45 36 41 7 24 0 0.01 0.0 0 2.3 8 70 M M 9 18 11 40
25 62 44 53 19 12 0 0.20 0.0 0 1.9 8 80 M M 10 12 16 150
26 78 48 63 29 2 0 0.03 0.0 0 4.2 12 310 M M 8 12 20 320
27 60 40 50 16 15 0 0.05 0.0 0 5.3 15 100 M M 8 12 19 90
28 46 42 44 10 21 0 1.29 0.0 0 9.4 21 60 M M 10 1 28 50
29 47 41 44 10 21 0 0.00 0.0 0 12.4 22 320 M M 8 33 310
30 42 37 40 6 25 0 0.00 0.0 0 7.2 13 120 M M 10 17 110
31 44 32 38 4 27 0 T 0.0 0 4.1 9 50 M M 8 1 14 30
================================================================================
SM 1419 912 843 0 6.77 9.1 229.8 M 208
================================================================================
AV 45.8 29.4 7.4 FASTST M M 7 MAX(MPH)
MISC ----> 37 280 54 300
================================================================================
NOTES:
# LAST OF SEVERAL OCCURRENCES
COLUMN 17 PEAK WIND IN M.P.H.
PRELIMINARY LOCAL CLIMATOLOGICAL DATA (WS FORM: F-6) , PAGE 2
STATION: BALTIMORE MD
MONTH: JANUARY
YEAR: 2024
LATITUDE: 39 10 N
LONGITUDE: 76 40 W
[TEMPERATURE DATA] [PRECIPITATION DATA] SYMBOLS USED IN COLUMN 16
AVERAGE MONTHLY: 37.6 TOTAL FOR MONTH: 6.77 1 = FOG OR MIST
DPTR FM NORMAL: 3.3 DPTR FM NORMAL: 3.69 2 = FOG REDUCING VISIBILITY
HIGHEST: 78 ON 26 GRTST 24HR 2.80 ON 9- 9 TO 1/4 MILE OR LESS
LOWEST: 12 ON 17 3 = THUNDER
SNOW, ICE PELLETS, HAIL 4 = ICE PELLETS
TOTAL MONTH: 9.1 INCHES 5 = HAIL
GRTST 24HR 4.2 ON 19-19 6 = FREEZING RAIN OR DRIZZLE
GRTST DEPTH: 6 ON 20 7 = DUSTSTORM OR SANDSTORM:
VSBY 1/2 MILE OR LESS
8 = SMOKE OR HAZE
[NO. OF DAYS WITH] [WEATHER - DAYS WITH] 9 = BLOWING SNOW
X = TORNADO
MAX 32 OR BELOW: 4 0.01 INCH OR MORE: 13
MAX 90 OR ABOVE: 0 0.10 INCH OR MORE: 8
MIN 32 OR BELOW: 19 0.50 INCH OR MORE: 3
MIN 0 OR BELOW: 0 1.00 INCH OR MORE: 3
[HDD (BASE 65) ]
TOTAL THIS MO. 843 CLEAR (SCALE 0-3) 4
DPTR FM NORMAL -108 PTCLDY (SCALE 4-7) 16
TOTAL FM JUL 1 2204 CLOUDY (SCALE 8-10) 11
DPTR FM NORMAL -408
[CDD (BASE 65) ]
TOTAL THIS MO. 0
DPTR FM NORMAL 0 [PRESSURE DATA]
TOTAL FM JAN 1 0 HIGHEST SLP 30.64 ON 22
DPTR FM NORMAL 0 LOWEST SLP 29.07 ON 9
[REMARKS]
#FINAL-01-24#