000
CXUS55 KRIW 011110
CF6BYG
PRELIMINARY LOCAL CLIMATOLOGICAL DATA (WS FORM: F-6)
STATION: BUFFALO WY
MONTH: JANUARY
YEAR: 2023
LATITUDE: 44 22 N
LONGITUDE: 106 43 W
TEMPERATURE IN F: :PCPN: SNOW: WIND :SUNSHINE: SKY :PK WND
================================================================================
1 2 3 4 5 6A 6B 7 8 9 10 11 12 13 14 15 16 17 18
12Z AVG MX 2MIN
DY MAX MIN AVG DEP HDD CDD WTR SNW DPTH SPD SPD DIR MIN PSBL S-S WX SPD DR
================================================================================
1 37 25 31 4 34 0 T M M 4.0 10 270 M M 7 1 12 340
2 29 24 27 0 38 0 0.14 M M 5.8 15 170 M M 10 1 19 170
3 29 12 21 -7 44 0 0.00 M M 5.9 18 170 M M 8 12 22 170
4 35 12 24 -4 41 0 0.00 M M 5.2 10 230 M M 3 12 12 250
5 31 14 23 -5 42 0 0.00 M M 4.6 12 230 M M 0 14 230
6 38 21 30 2 35 0 0.00 M M 5.3 12 310 M M 2 14 10
7 41 24 33 5 32 0 0.00 M M 6.4 15 180 M M 1 19 180
8 47 23 35 7 30 0 0.00 M M 4.0 10 250 M M 0 12 270
9 44 26 35 7 30 0 0.00 M M 6.2 25 260 M M 0 31 240
10 44 27 36 8 29 0 0.00 M M 4.9 10 340 M M 4 13 260
11 35 25 30 2 35 0 0.00 M M 6.4 13 340 M M 2 17 330
12 40 23 32 4 33 0 0.00 M M 7.2 16 170 M M 0 20 160
13 50 33 42 14 23 0 0.00 M M 4.1 10 160 M M 0 14 160
14 53 31 42 14 23 0 0.00 M M 6.8 33 240 M M 0 48 250
15 43 28 36 8 29 0 0.00 M M 6.1 17 330 M M 2 24 330
16 35 30 33 5 32 0 T M M 8.0 22 350 M M 10 12 30 350
17 33 23 28 0 37 0 T M M 5.3 14 310 M M 9 12 19 320
18 35 21 28 0 37 0 0.00 M M 6.8 15 350 M M 3 20 350
19 39 21 30 2 35 0 0.00 M M 6.2 16 320 M M 0 22 320
20 35 21 28 0 37 0 0.00 M M 5.0 13 340 M M 3 18 320
21 38 22 30 2 35 0 0.00 M M 8.8 30 360 M M 9 37 360
22 38 27 33 6 32 0 T M M 12.8 26 340 M M 10 1 36 350
23 34 25 30 3 35 0 T M M 11.4 26 350 M M 8 1 40 330
24 35 20 28 1 37 0 T M M 11.2 20 330 M M 5 1 33 330
25 30 25 28 1 37 0 0.01 M M 21.2 33 330 M M 10 1 46 340
26 40 19 30 3 35 0 0.10 M M 12.7 35 310 M M 8 12 46 330
27 34 22 28 1 37 0 0.10 M M 9.5 31 310 M M 9 18 41 310
28 23 -5 9 -18 56 0 0.04 M M 13.4 23 350 M M 10 1289 30 340
29 -4 -20 -12 -39 77 0 T M M 6.4 18 340 M M 6 18 23 10
30 9 -18 -4 -31 69 0 0.00 M M 4.6 15 170 M M 1 18 190
31 26 -4 11 -15 54 0 0.00 M M 5.4 13 290 M M 1 17 350
================================================================================
SM 1076 577 1180 0 0.39 M 231.6 M 141
================================================================================
AV 34.7 18.6 7.5 FASTST M M 5 MAX(MPH)
MISC ----> 35 310 48 250
================================================================================
NOTES:
# LAST OF SEVERAL OCCURRENCES
COLUMN 17 PEAK WIND IN M.P.H.
PRELIMINARY LOCAL CLIMATOLOGICAL DATA (WS FORM: F-6) , PAGE 2
STATION: BUFFALO WY
MONTH: JANUARY
YEAR: 2023
LATITUDE: 44 22 N
LONGITUDE: 106 43 W
[TEMPERATURE DATA] [PRECIPITATION DATA] SYMBOLS USED IN COLUMN 16
AVERAGE MONTHLY: 26.7 TOTAL FOR MONTH: 0.39 1 = FOG OR MIST
DPTR FM NORMAL: -0.8 DPTR FM NORMAL: 0.16 2 = FOG REDUCING VISIBILITY
HIGHEST: 53 ON 14 GRTST 24HR 0.62 ON 11-11 TO 1/4 MILE OR LESS
LOWEST: -20 ON 29 3 = THUNDER
SNOW, ICE PELLETS, HAIL 4 = ICE PELLETS
TOTAL MONTH: M 5 = HAIL
GRTST 24HR M ON M 6 = FREEZING RAIN OR DRIZZLE
GRTST DEPTH: M ON M 7 = DUSTSTORM OR SANDSTORM:
VSBY 1/2 MILE OR LESS
8 = SMOKE OR HAZE
[NO. OF DAYS WITH] [WEATHER - DAYS WITH] 9 = BLOWING SNOW
X = TORNADO
MAX 32 OR BELOW: 8 0.01 INCH OR MORE: 5
MAX 90 OR ABOVE: 0 0.10 INCH OR MORE: 3
MIN 32 OR BELOW: 30 0.50 INCH OR MORE: 0
MIN 0 OR BELOW: 4 1.00 INCH OR MORE: 0
[HDD (BASE 65) ]
TOTAL THIS MO. 1180 CLEAR (SCALE 0-3) 15
DPTR FM NORMAL 16 PTCLDY (SCALE 4-7) 8
TOTAL FM JUL 1 3702 CLOUDY (SCALE 8-10) 8
DPTR FM NORMAL -395
[CDD (BASE 65) ]
TOTAL THIS MO. 0
DPTR FM NORMAL 0 [PRESSURE DATA]
TOTAL FM JAN 1 0 HIGHEST SLP 30.54 ON 29
DPTR FM NORMAL 0 LOWEST SLP 29.37 ON 15
[REMARKS]
#FINAL-01-23#