000
CXUS55 KRIW 251837
CF6BYG
PRELIMINARY LOCAL CLIMATOLOGICAL DATA (WS FORM: F-6)
STATION: BUFFALO WY
MONTH: DECEMBER
YEAR: 2023
LATITUDE: 44 22 N
LONGITUDE: 106 43 W
TEMPERATURE IN F: :PCPN: SNOW: WIND :SUNSHINE: SKY :PK WND
================================================================================
1 2 3 4 5 6A 6B 7 8 9 10 11 12 13 14 15 16 17 18
12Z AVG MX 2MIN
DY MAX MIN AVG DEP HDD CDD WTR SNW DPTH SPD SPD DIR MIN PSBL S-S WX SPD DR
================================================================================
1 31 15 23 -6 42 0 0.00 M M 3.0 8 290 M M 4 9 140
2 37 20 29 0 36 0 0.00 M M 5.9 13 300 M M 3 16 340
3 35 23 29 1 36 0 T M M 12.6 35 290 M M 5 45 300
4 45 25 35 7 30 0 0.04 M M 8.4 25 350 M M 5 12 34 350
5 55 28 42 14 23 0 0.00 M M 6.8 15 170 M M 2 17 160
6 58 41 50 22 15 0 0.00 M M 6.4 22 250 M M 0 30 260
7 57 30 44 17 21 0 T M M 10.6 33 350 M M 3 48 360
8 35 26 31 4 34 0 T M M 17.8 35 350 M M 3 1 45 340
9 31 18 25 -2 40 0 0.01 M M 9.3 22 350 M M 6 12 32 340
10 45 18 32 5 33 0 0.00 M M 3.6 10 240 M M 2 13 150
11 41 27 34 7 31 0 T M M 8.9 25 330 M M 7 1 35 330
12 34 22 28 1 37 0 0.00 M M 7.0 22 160 M M 4 12 30 160
13 42 22 32 6 33 0 0.00 M M 11.2 21 160 M M 0 26 160
14 51 20 36 10 29 0 0.00 M M 6.6 20 140 M M 0 25 330
15 44 25 35 9 30 0 0.00 M M 6.8 23 350 M M 0 30 10
16 58 25 42 16 23 0 0.00 M M 5.4 15 280 M M 0 18 290
17 45 27 36 10 29 0 0.00 M M 8.1 25 340 M M 1 35 340
18 56 24 40 14 25 0 0.00 M M 5.9 14 150 M M 0 17 170
19 55 34 45 19 20 0 0.00 M M 6.2 15 150 M M 1 18 150
20 54 36 45 19 20 0 0.00 M M 6.1 10 290 M M 0 14 120
21 53 33 43 17 22 0 0.00 M M 6.4 13 160 M M 0 16 170
22 52 32 42 16 23 0 0.00 M M 7.0 14 280 M M 0 16 120
23 48 22 35 9 30 0 T M M 19.1 41 330 M M 4 1 61 340
24 27 11 19 -7 46 0 0.00 M M 11.4 31 340 M M 4 46 340
25 32 11 22 -5 43 0 0.00 M M 9.7 24 360 M M 1 34 350
26 42 25 34 7 31 0 0.00 M M 11.0 22 360 M M 4 28 360
27 44 25 35 8 30 0 0.00 M M 6.8 21 330 M M 0 28 320
28 50 24 37 10 28 0 0.00 M M 5.1 10 280 M M 0 13 320
29 48 30 39 12 26 0 0.00 M M 5.8 12 240 M M 2 13 300
30 49 28 39 12 26 0 0.00 M M 4.7 10 130 M M 1 14 180
31 47 24 36 9 29 0 0.00 M M 6.1 14 140 M M 0 17 140
================================================================================
SM 1401 771 921 0 0.05 M 249.7 M 62
================================================================================
AV 45.2 24.9 8.1 FASTST M M 2 MAX(MPH)
MISC ----> 41 330 61 340
================================================================================
NOTES:
# LAST OF SEVERAL OCCURRENCES
COLUMN 17 PEAK WIND IN M.P.H.
PRELIMINARY LOCAL CLIMATOLOGICAL DATA (WS FORM: F-6) , PAGE 2
STATION: BUFFALO WY
MONTH: DECEMBER
YEAR: 2023
LATITUDE: 44 22 N
LONGITUDE: 106 43 W
[TEMPERATURE DATA] [PRECIPITATION DATA] SYMBOLS USED IN COLUMN 16
AVERAGE MONTHLY: 35.0 TOTAL FOR MONTH: 0.05 1 = FOG OR MIST
DPTR FM NORMAL: 8.0 DPTR FM NORMAL: -0.12 2 = FOG REDUCING VISIBILITY
HIGHEST: 58 ON 16, 6 GRTST 24HR 0.04 ON 4- 4 TO 1/4 MILE OR LESS
LOWEST: 11 ON 25,24 3 = THUNDER
SNOW, ICE PELLETS, HAIL 4 = ICE PELLETS
TOTAL MONTH: M 5 = HAIL
GRTST 24HR M ON M 6 = FREEZING RAIN OR DRIZZLE
GRTST DEPTH: M ON M 7 = DUSTSTORM OR SANDSTORM:
VSBY 1/2 MILE OR LESS
8 = SMOKE OR HAZE
[NO. OF DAYS WITH] [WEATHER - DAYS WITH] 9 = BLOWING SNOW
X = TORNADO
MAX 32 OR BELOW: 4 0.01 INCH OR MORE: 2
MAX 90 OR ABOVE: 0 0.10 INCH OR MORE: 0
MIN 32 OR BELOW: 27 0.50 INCH OR MORE: 0
MIN 0 OR BELOW: 0 1.00 INCH OR MORE: 0
[HDD (BASE 65) ]
TOTAL THIS MO. 921 CLEAR (SCALE 0-3) 21
DPTR FM NORMAL -258 PTCLDY (SCALE 4-7) 10
TOTAL FM JUL 1 2422 CLOUDY (SCALE 8-10) 0
DPTR FM NORMAL -514
[CDD (BASE 65) ]
TOTAL THIS MO. 0
DPTR FM NORMAL 0 [PRESSURE DATA]
TOTAL FM JAN 1 403 HIGHEST SLP 30.46 ON 12
DPTR FM NORMAL -125 LOWEST SLP 29.38 ON 7
[REMARKS]
#FINAL-12-23#