000
CXUS54 KHGX 041455
CF6BYY
PRELIMINARY LOCAL CLIMATOLOGICAL DATA (WS FORM: F-6)
STATION: Bay City
MONTH: MARCH
YEAR: 2021
LATITUDE: 28 58 N
LONGITUDE: 95 52 W
TEMPERATURE IN F: :PCPN: SNOW: WIND :SUNSHINE: SKY :PK WND
================================================================================
1 2 3 4 5 6A 6B 7 8 9 10 11 12 13 14 15 16 17 18
12Z AVG MX 2MIN
DY MAX MIN AVG DEP HDD CDD WTR SNW DPTH SPD SPD DIR MIN PSBL S-S WX SPD DR
================================================================================
1 71 53 62 M 3 0 0.43 0.0 0 10.1 20 20 M M 10 12 27 20
2 64 48 56 M 9 0 0.00 0.0 0 8.4 17 360 M M 7 1 23 350
3 68 39 54 M 11 0 0.00 0.0 0 2.8 13 140 M M 1 12 17 140
4 69 39 54 M 11 0 0.00 0.0 0 4.9 12 140 M M 1 1 18 130
5 75 50 63 M 2 0 M 0.0 0 4.8 18 350 M M 6 1 24 350
6 68 47 58 M 7 0 0.00 0.0 0 8.3 15 20 M M 6 22 20
7 68 44 56 M 9 0 0.00 0.0 0 6.8 13 130 M M 1 18 100
8 73 44 59 M 6 0 0.00 0.0 0 6.1 13 110 M M 2 20 130
9 76 59 68 M 0 3 0.00 0.0 0 9.9 21 150 M M 6 25 130
10 76 59 68 M 0 3 0.00 0.0 0 11.8 24 150 M M 7 32 150
11 76 66 71 M 0 6 0.00 0.0 0 13.2 20 170 M M 9 1 27 170
12 81 67 74 M 0 9 0.00 0.0 0 12.2 21 150 M M 8 27 140
13 80 67 74 M 0 9 0.00 0.0 0 12.5 21 140 M M 9 25 140
14 73 57 65 M 0 0 0.15 0.0 0 9.6 18 150 M M 10 1 28 150
15 74 59 67 M 0 2 0.03 0.0 0 1.3 7 180 M M 9 1 M M
16 79 67 73 M 0 8 0.02 0.0 0 7.2 15 150 M M 10 12 21 150
17 81 61 71 M 0 6 0.05 0.0 0 11.3 18 290 M M 6 1 24 290
18 70 48 59 M 6 0 0.00 M 0 12.9 18 350 M M 0 28 320
19 68 43 56 M 9 0 0.00 0.0 0 7.6 14 360 M M 0 22 360
20 68 42 55 M 10 0 0.00 0.0 0 5.5 9 160 M M 0 18 20
21 72 42 57 M 8 0 0.00 0.0 0 5.2 15 160 M M 2 18 90
22 75 58 67 M 0 2 0.00 0.0 0 10.6 21 170 M M 9 30 170
23 83 58 71 M 0 6 0.06 0.0 0 3.0 10 170 M M 3 23 0
24 71 56 64 M 1 0 M 0.0 0 6.5 12 90 M M 8 12 20 100
25 80 58 69 M 0 4 0.00 0.0 0 9.6 21 320 M M 4 1 28 320
26 83 51 67 M 0 2 0.00 0.0 0 8.1 14 120 M M 3 1 20 90
27 81 68 75 M 0 10 0.00 0.0 0 9.8 22 170 M M 10 18 28 170
28 73 54 64 M 1 0 0.50 0.0 0 7.4 21 350 M M 8 1 32 350
29 71 47 59 M 6 0 0.00 0.0 0 5.8 13 130 M M 4 18 110
30 79 65 72 M 0 7 0.02 0.0 0 10.7 21 190 M M 10 1 28 190
31 79 62 71 M 0 6 T 0.0 0 6.9 17 10 M M 10 1 24 10
================================================================================
SM 2305 1678 99 83 1.26 0.0 250.8 M 179
================================================================================
AV 74.4 54.1 8.1 FASTST M M 6 MAX(MPH)
MISC ----> 24 150 # 32 150
================================================================================
NOTES:
# LAST OF SEVERAL OCCURRENCES
COLUMN 17 PEAK WIND IN M.P.H.
PRELIMINARY LOCAL CLIMATOLOGICAL DATA (WS FORM: F-6) , PAGE 2
STATION: Bay City
MONTH: MARCH
YEAR: 2021
LATITUDE: 28 58 N
LONGITUDE: 95 52 W
[TEMPERATURE DATA] [PRECIPITATION DATA] SYMBOLS USED IN COLUMN 16
AVERAGE MONTHLY: 64.2 TOTAL FOR MONTH: 1.26 1 = FOG OR MIST
DPTR FM NORMAL: 0.0 DPTR FM NORMAL: M 2 = FOG REDUCING VISIBILITY
HIGHEST: 83 ON 26,23 GRTST 24HR 0.50 ON 28-28 TO 1/4 MILE OR LESS
LOWEST: 39 ON 4, 3 3 = THUNDER
SNOW, ICE PELLETS, HAIL 4 = ICE PELLETS
TOTAL MONTH: 0.0 INCH 5 = HAIL
GRTST 24HR 0.0 6 = FREEZING RAIN OR DRIZZLE
GRTST DEPTH: 0 7 = DUSTSTORM OR SANDSTORM:
VSBY 1/2 MILE OR LESS
8 = SMOKE OR HAZE
[NO. OF DAYS WITH] [WEATHER - DAYS WITH] 9 = BLOWING SNOW
X = TORNADO
MAX 32 OR BELOW: 0 0.01 INCH OR MORE: 8
MAX 90 OR ABOVE: 0 0.10 INCH OR MORE: 3
MIN 32 OR BELOW: 0 0.50 INCH OR MORE: 0
MIN 0 OR BELOW: 0 1.00 INCH OR MORE: 0
[HDD (BASE 65) ]
TOTAL THIS MO. 99 CLEAR (SCALE 0-3) 9
DPTR FM NORMAL M PTCLDY (SCALE 4-7) 11
TOTAL FM JUL 1 1179 CLOUDY (SCALE 8-10) 11
DPTR FM NORMAL M
[CDD (BASE 65) ]
TOTAL THIS MO. 83
DPTR FM NORMAL M [PRESSURE DATA]
TOTAL FM JAN 1 151 HIGHEST SLP M ON M
DPTR FM NORMAL M LOWEST SLP M ON M
[REMARKS]
#FINAL-03-21#