186
CXUS54 KHGX 011515
CF6BYY
PRELIMINARY LOCAL CLIMATOLOGICAL DATA (WS FORM: F-6)
STATION: Bay City
MONTH: MAY
YEAR: 2020
LATITUDE: 28 58 N
LONGITUDE: 95 52 W
TEMPERATURE IN F: :PCPN: SNOW: WIND :SUNSHINE: SKY :PK WND
================================================================================
1 2 3 4 5 6A 6B 7 8 9 10 11 12 13 14 15 16 17 18
12Z AVG MX 2MIN
DY MAX MIN AVG DEP HDD CDD WTR SNW DPTH SPD SPD DIR MIN PSBL S-S WX SPD DR
================================================================================
1 84 59 72 M 0 7 0.00 0.0 0 6.5 15 170 M M 0 18 160
2 85 68 77 M 0 12 0.00 0.0 0 9.2 15 150 M M 5 22 170
3 86 73 80 M 0 15 0.00 0.0 0 8.9 15 140 M M 6 18 180
4 87 72 80 M 0 15 0.00 0.0 0 8.5 14 170 M M 8 21 160
5 91 72 82 M 0 17 0.24 0.0 0 7.8 20 110 M M 7 27 110
6 86 62 74 M 0 9 0.00 0.0 0 8.8 15 70 M M 5 22 80
7 84 60 72 M 0 7 0.00 0.0 0 9.7 18 140 M M 4 24 140
8 91 73 82 M 0 17 0.10 0.0 0 14.9 22 220 M M 9 31 200
9 74 67 71 M 0 6 0.00 0.0 0 10.1 18 50 M M 7 27 50
10 83 63 73 M 0 8 0.00 0.0 0 5.8 9 70 M M 4 M M
11 84 62 73 M 0 8 0.00 0.0 0 7.8 16 140 M M 4 18 21 140
12 86 71 79 M 0 14 0.08 0.0 0 10.5 22 150 M M 4 1 29 160
13 87 69 78 M 0 13 0.19 0.0 0 9.5 14 130 M M 6 1 M M
14 87 73 80 M 0 15 0.04 0.0 0 6.3 16 150 M M 4 1 20 150
15 90 69 80 M 0 15 0.34 0.0 0 10.5 21 70 M M 8 35 70
16 82 67 75 M 0 10 1.03 0.0 0 5.9 22 250 M M 3 3 39 250
17 88 66 77 M 0 12 0.00 0.0 0 4.7 14 300 M M 1 18 300
18 92 66 79 M 0 14 0.00 0.0 0 3.2 10 210 M M 2 1 16 210
19 90 70 80 M 0 15 0.00 0.0 0 7.6 15 210 M M 4 1 22 190
20 90 76 83 M 0 18 0.00 0.0 0 8.1 13 180 M M 5 1 17 180
21 90 73 82 M 0 17 0.00 0.0 0 8.3 17 170 M M 5 1 23 170
22 90 78 84 M 0 19 0.00 0.0 0 9.2 16 170 M M 7 23 170
23 90 80 85 M 0 20 0.00 0.0 0 11.3 17 160 M M 8 24 160
24 89 74 82 M 0 17 0.12 0.0 0 10.7 18 150 M M 7 25 140
25 85 68 77 M 0 12 0.60 0.0 0 6.4 18 260 M M 7 35 260
26 87 69 78 M 0 13 0.31 0.0 0 4.7 13 120 M M 4 16 340
27 89 68 79 M 0 14 0.00 0.0 0 6.5 22 360 M M 3 1 28 360
28 91 69 80 M 0 15 0.71 0.0 0 8.1 28 80 M M 4 43 80
29 89 71 80 M 0 15 0.00 0.0 0 4.9 12 10 M M 4 1 16 10
30 89 73 81 M 0 16 0.00 0.0 0 4.9 10 80 M M 3 M M
31 83 73 78 M 0 13 1.12 0.0 0 4.1 12 70 M M 4 1 M M
================================================================================
SM 2699 2154 0 418 4.88 0.0 243.4 M 152
================================================================================
AV 87.1 69.5 7.9 FASTST M M 5 MAX(MPH)
MISC ----> # 28 80 # 43 80
================================================================================
NOTES:
# LAST OF SEVERAL OCCURRENCES
COLUMN 17 PEAK WIND IN M.P.H.
PRELIMINARY LOCAL CLIMATOLOGICAL DATA (WS FORM: F-6) , PAGE 2
STATION: Bay City
MONTH: MAY
YEAR: 2020
LATITUDE: 28 58 N
LONGITUDE: 95 52 W
[TEMPERATURE DATA] [PRECIPITATION DATA] SYMBOLS USED IN COLUMN 16
AVERAGE MONTHLY: 78.3 TOTAL FOR MONTH: 4.88 1 = FOG OR MIST
DPTR FM NORMAL: M DPTR FM NORMAL: M 2 = FOG REDUCING VISIBILITY
HIGHEST: 92 ON 18 GRTST 24HR 1.12 ON 31-31 TO 1/4 MILE OR LESS
LOWEST: 59 ON 1 3 = THUNDER
SNOW, ICE PELLETS, HAIL 4 = ICE PELLETS
TOTAL MONTH: 0.0 INCH 5 = HAIL
GRTST 24HR 0.0 6 = FREEZING RAIN OR DRIZZLE
GRTST DEPTH: 0 7 = DUSTSTORM OR SANDSTORM:
VSBY 1/2 MILE OR LESS
8 = SMOKE OR HAZE
[NO. OF DAYS WITH] [WEATHER - DAYS WITH] 9 = BLOWING SNOW
X = TORNADO
MAX 32 OR BELOW: 0 0.01 INCH OR MORE: 12
MAX 90 OR ABOVE: 10 0.10 INCH OR MORE: 10
MIN 32 OR BELOW: 0 0.50 INCH OR MORE: 4
MIN 0 OR BELOW: 0 1.00 INCH OR MORE: 2
[HDD (BASE 65) ]
TOTAL THIS MO. 0 CLEAR (SCALE 0-3) 6
DPTR FM NORMAL M PTCLDY (SCALE 4-7) 24
TOTAL FM JUL 1 756 CLOUDY (SCALE 8-10) 1
DPTR FM NORMAL M
[CDD (BASE 65) ]
TOTAL THIS MO. 418
DPTR FM NORMAL M [PRESSURE DATA]
TOTAL FM JAN 1 1025 HIGHEST SLP M ON M
DPTR FM NORMAL M LOWEST SLP M ON M
[REMARKS]
#FINAL-05-20#