000
CXUS52 KCAE 011500
CF6CAE
PRELIMINARY LOCAL CLIMATOLOGICAL DATA (WS FORM: F-6)
STATION: COLUMBIA METRO AIRPORT SC
MONTH: DECEMBER
YEAR: 2021
LATITUDE: 33 57 N
LONGITUDE: 81 7 W
TEMPERATURE IN F: :PCPN: SNOW: WIND :SUNSHINE: SKY :PK WND
================================================================================
1 2 3 4 5 6A 6B 7 8 9 10 11 12 13 14 15 16 17 18
12Z AVG MX 2MIN
DY MAX MIN AVG DEP HDD CDD WTR SNW DPTH SPD SPD DIR MIN PSBL S-S WX SPD DR
================================================================================
1 71 32 52 2 13 0 0.00 0.0 M 4.8 16 200 M M 3 8 19 200
2 75 39 57 7 8 0 0.00 0.0 0 5.9 20 280 M M 1 24 260
3 82 44 63 13 2 0 0.00 0.0 0 2.3 10 220 M M 1 1 13 230
4 72 43 58 8 7 0 0.00 0.0 0 2.8 7 190 M M 5 1 10 210
5 64 41 53 4 12 0 0.00 0.0 0 1.7 8 80 M M 6 128 10 70
6 74 45 60 11 5 0 0.00 0.0 0 5.7 18 240 M M 7 128 24 240
7 64 51 58 9 7 0 0.00 0.0 0 6.9 14 70 M M 9 19 30
8 52 37 45 -4 20 0 0.82 0.0 0 4.5 12 360 M M 9 13 18 360
9 52 34 43 -6 22 0 0.00 0.0 0 4.7 12 110 M M 8 128 15 90
10 52 44 48 0 17 0 0.44 0.0 0 1.6 7 80 M M 10 12 8 120
11 73 52 63 15 2 0 0.47 0.0 0 7.9 31 290 M M 9 12 37 290
12 60 33 47 -1 18 0 T 0.0 0 5.9 16 300 M M 3 19 310
13 62 28 45 -3 20 0 0.00 0.0 0 1.0 6 130 M M 1 8 60
14 67 30 49 1 16 0 0.00 0.0 0 1.9 10 70 M M 0 16 70
15 66 32 49 1 16 0 0.00 0.0 0 1.5 8 70 M M 2 12 110
16 65 37 51 3 14 0 0.01 0.0 0 0.6 7 210 M M 6 18 8 200
17 71 56 64 17 1 0 0.00 0.0 0 2.1 10 210 M M 9 12 13 210
18 76 55 66 19 0 1 1.04 0.0 0 4.5 21 280 M M 9 123 28 290
19 66 45 56 9 9 0 0.34 0.0 0 6.4 20 10 M M 10 1 26 20
20 45 36 41 -6 24 0 0.00 0.0 0 6.8 18 50 M M 5 24 50
21 45 38 42 -5 23 0 0.04 0.0 0 5.9 10 350 M M 9 16 330
22 62 38 50 3 15 0 0.01 0.0 0 6.1 15 290 M M 3 1 17 290
23 57 28 43 -4 22 0 0.00 0.0 0 2.2 10 60 M M 0 13 70
24 64 29 47 1 18 0 0.00 0.0 0 4.0 14 260 M M 2 18 260
25 73 47 60 14 5 0 0.00 0.0 0 12.3 30 240 M M 3 41 240
26 78 51 65 19 0 0 0.00 0.0 0 4.5 16 250 M M 2 1 22 250
27 76 48 62 16 3 0 0.00 0.0 0 6.6 20 260 M M 5 12 31 230
28 77 55 66 20 0 1 0.00 0.0 0 M M M M M 5 1 M M
29 77 63 70 24 0 5 0.01 0.0 0 7.8 20 200 M M 6 8 27 220
30 71 62 67 21 0 2 0.74 0.0 0 7.0 16 260 M M 9 138 21 260
31 74 59 67 21 0 2 0.00 0.0 0 4.6 13 210 M M 7 1 16 220
================================================================================
SM 2063 1332 319 11 3.92 0.0 140.5 M 164
================================================================================
AV 66.5 43.0 4.7 FASTST M M 5 MAX(MPH)
MISC ----> 31 290 41 240
================================================================================
NOTES:
# LAST OF SEVERAL OCCURRENCES
COLUMN 17 PEAK WIND IN M.P.H.
PRELIMINARY LOCAL CLIMATOLOGICAL DATA (WS FORM: F-6) , PAGE 2
STATION: COLUMBIA METRO AIRPORT SC
MONTH: DECEMBER
YEAR: 2021
LATITUDE: 33 57 N
LONGITUDE: 81 7 W
[TEMPERATURE DATA] [PRECIPITATION DATA] SYMBOLS USED IN COLUMN 16
AVERAGE MONTHLY: 54.8 TOTAL FOR MONTH: 3.92 1 = FOG OR MIST
DPTR FM NORMAL: 7.1 DPTR FM NORMAL: 0.22 2 = FOG REDUCING VISIBILITY
HIGHEST: 82 ON 3 GRTST 24HR 1.38 ON 18-19 TO 1/4 MILE OR LESS
LOWEST: 28 ON 23,13 3 = THUNDER
SNOW, ICE PELLETS, HAIL 4 = ICE PELLETS
TOTAL MONTH: 0.0 INCH 5 = HAIL
GRTST 24HR 0.0 6 = FREEZING RAIN OR DRIZZLE
GRTST DEPTH: 0 7 = DUSTSTORM OR SANDSTORM:
VSBY 1/2 MILE OR LESS
8 = SMOKE OR HAZE
[NO. OF DAYS WITH] [WEATHER - DAYS WITH] 9 = BLOWING SNOW
X = TORNADO
MAX 32 OR BELOW: 0 0.01 INCH OR MORE: 10
MAX 90 OR ABOVE: 0 0.10 INCH OR MORE: 6
MIN 32 OR BELOW: 6 0.50 INCH OR MORE: 3
MIN 0 OR BELOW: 0 1.00 INCH OR MORE: 1
[HDD (BASE 65) ]
TOTAL THIS MO. 319 CLEAR (SCALE 0-3) 10
DPTR FM NORMAL -221 PTCLDY (SCALE 4-7) 11
TOTAL FM JUL 1 765 CLOUDY (SCALE 8-10) 10
DPTR FM NORMAL -227
[CDD (BASE 65) ]
TOTAL THIS MO. 11
DPTR FM NORMAL 7 [PRESSURE DATA]
TOTAL FM JAN 1 2201 HIGHEST SLP 30.67 ON 27
DPTR FM NORMAL -36 LOWEST SLP 29.73 ON 22
[REMARKS]
#FINAL-12-21#