000
CXUS55 KGJT 010910
CF6CAG
PRELIMINARY LOCAL CLIMATOLOGICAL DATA (WS FORM: F-6)
STATION: CRAIG CO
MONTH: MARCH
YEAR: 2024
LATITUDE: 40 30 N
LONGITUDE: 107 32 W
TEMPERATURE IN F: :PCPN: SNOW: WIND :SUNSHINE: SKY :PK WND
================================================================================
1 2 3 4 5 6A 6B 7 8 9 10 11 12 13 14 15 16 17 18
12Z AVG MX 2MIN
DY MAX MIN AVG DEP HDD CDD WTR SNW DPTH SPD SPD DIR MIN PSBL S-S WX SPD DR
================================================================================
1 48 13 31 4 34 0 0.00 M M 10.2 32 200 M M 1 44 200
2 49 23 36 8 29 0 0.16 M M 21.4 39 200 M M 3 123 54 190
3 36 14 25 -3 40 0 0.33 M M 8.1 38 240 M M 9 128 53 240
4 32 19 26 -3 39 0 0.09 M M 5.7 22 260 M M 10 1 29 270
5 34 13 24 -5 41 0 T M M 4.4 16 120 M M 8 1 20 120
6 45 7 26 -4 39 0 T M M 2.7 10 290 M M 5 1 11 290
7 40 15 28 -2 37 0 T M M 3.2 14 250 M M 7 1 17 250
8 39 17 28 -3 37 0 T M M 8.3 22 350 M M 6 1 28 350
9 39 6 23 -8 42 0 0.00 M M 3.7 12 80 M M 0 15 80
10 46 13 30 -2 35 0 0.00 M M 4.7 14 80 M M 0 18 90
11 52 14 33 1 32 0 0.02 M M 6.3 21 240 M M 3 1 29 260
12 50 24 37 4 28 0 T M M 3.3 16 270 M M 6 1 20 270
13 35 29 32 -1 33 0 0.23 M M 7.0 21 280 M M 10 12 28 270
14 43 26 35 1 30 0 0.06 M M 4.5 15 100 M M 6 1 21 110
15 44 23 34 0 31 0 0.00 M M 4.3 14 50 M M 1 19 40
16 50 15 33 -1 32 0 0.00 M M 5.0 14 40 M M 0 20 40
17 49 24 37 2 28 0 0.00 M M 7.2 18 350 M M 0 25 360
18 51 18 35 0 30 0 0.00 M M 2.9 9 130 M M 0 12 70
19 56 19 38 2 27 0 0.00 M M 3.2 10 80 M M 0 14 80
20 57 20 39 3 26 0 0.00 M M 2.9 14 80 M M 1 19 80
21 61 21 41 5 24 0 T M M 4.8 35 290 M M 2 45 290
22 59 23 41 4 24 0 0.00 M M 3.5 18 230 M M 0 26 230
23 57 30 44 7 21 0 0.00 M M 6.9 30 200 M M 6 39 200
24 40 26 33 -4 32 0 0.22 M M 8.0 21 330 M M 10 12 33 340
25 36 22 29 -9 36 0 0.00 M M 7.3 16 310 M M 7 23 310
26 40 22 31 -7 34 0 0.18 M M 4.9 21 300 M M 9 128 30 300
27 46 20 33 -5 32 0 0.00 M M 6.9 22 270 M M 7 29 260
28 52 27 40 1 25 0 0.23 M M 11.1 31 290 M M 5 1 43 290
29 43 30 37 -2 28 0 0.07 M M 5.0 14 120 M M 9 1 17 130
30 52 35 44 5 21 0 T M M 5.6 25 220 M M 10 36 220
31 51 32 42 2 23 0 0.04 M M 9.7 29 200 M M 7 1 39 220
================================================================================
SM 1432 640 970 0 1.63 M 192.7 M 148
================================================================================
AV 46.2 20.6 6.2 FASTST M M 5 MAX(MPH)
MISC ----> 39 200 54 190
================================================================================
NOTES:
# LAST OF SEVERAL OCCURRENCES
COLUMN 17 PEAK WIND IN M.P.H.
PRELIMINARY LOCAL CLIMATOLOGICAL DATA (WS FORM: F-6) , PAGE 2
STATION: CRAIG CO
MONTH: MARCH
YEAR: 2024
LATITUDE: 40 30 N
LONGITUDE: 107 32 W
[TEMPERATURE DATA] [PRECIPITATION DATA] SYMBOLS USED IN COLUMN 16
AVERAGE MONTHLY: 33.4 TOTAL FOR MONTH: 1.63 1 = FOG OR MIST
DPTR FM NORMAL: -0.6 DPTR FM NORMAL: 0.64 2 = FOG REDUCING VISIBILITY
HIGHEST: 61 ON 21 GRTST 24HR 0.38 ON 3- 4 TO 1/4 MILE OR LESS
LOWEST: 6 ON 9 3 = THUNDER
SNOW, ICE PELLETS, HAIL 4 = ICE PELLETS
TOTAL MONTH: M 5 = HAIL
GRTST 24HR M ON M 6 = FREEZING RAIN OR DRIZZLE
GRTST DEPTH: M ON M 7 = DUSTSTORM OR SANDSTORM:
VSBY 1/2 MILE OR LESS
8 = SMOKE OR HAZE
[NO. OF DAYS WITH] [WEATHER - DAYS WITH] 9 = BLOWING SNOW
X = TORNADO
MAX 32 OR BELOW: 1 0.01 INCH OR MORE: 11
MAX 90 OR ABOVE: 0 0.10 INCH OR MORE: 6
MIN 32 OR BELOW: 30 0.50 INCH OR MORE: 0
MIN 0 OR BELOW: 0 1.00 INCH OR MORE: 0
[HDD (BASE 65) ]
TOTAL THIS MO. 970 CLEAR (SCALE 0-3) 11
DPTR FM NORMAL 9 PTCLDY (SCALE 4-7) 13
TOTAL FM JUL 1 6592 CLOUDY (SCALE 8-10) 7
DPTR FM NORMAL -428
[CDD (BASE 65) ]
TOTAL THIS MO. 0
DPTR FM NORMAL 0 [PRESSURE DATA]
TOTAL FM JAN 1 0 HIGHEST SLP M ON M
DPTR FM NORMAL 0 LOWEST SLP 29.34 ON 24
[REMARKS]
#FINAL-03-24#