000
CXUS55 KGJT 011622
CF6CAG
PRELIMINARY LOCAL CLIMATOLOGICAL DATA (WS FORM: F-6)
STATION: CRAIG CO
MONTH: JANUARY
YEAR: 2024
LATITUDE: 40 30 N
LONGITUDE: 107 32 W
TEMPERATURE IN F: :PCPN: SNOW: WIND :SUNSHINE: SKY :PK WND
================================================================================
1 2 3 4 5 6A 6B 7 8 9 10 11 12 13 14 15 16 17 18
12Z AVG MX 2MIN
DY MAX MIN AVG DEP HDD CDD WTR SNW DPTH SPD SPD DIR MIN PSBL S-S WX SPD DR
================================================================================
1 38 5 22 6 43 0 0.00 M M 0.1 5 130 M M 3 5 140
2 35 -2 17 1 48 0 0.00 M M 0.1 3 210 M M 1 12 5 280
3 38 -4 17 1 48 0 0.00 M M 1.9 10 70 M M 0 13 70
4 34 15 25 9 40 0 T M M 3.4 12 220 M M 8 16 230
5 29 13 21 5 44 0 0.03 M M 5.0 14 260 M M 10 18 17 240
6 28 8 18 2 47 0 T M M 6.4 16 60 M M 6 1 23 50
7 28 12 20 4 45 0 0.03 M M 3.8 15 50 M M 9 18 20 50
8 24 -4 10 -6 55 0 0.00 M M 3.7 16 310 M M 3 21 310
9 23 -11 6 -10 59 0 0.02 M M 6.5 23 230 M M 7 18 30 230
10 26 14 20 4 45 0 0.08 M M 11.4 24 230 M M 6 18 31 240
11 21 -2 10 -6 55 0 0.07 M M 5.3 13 310 M M 9 18 17 330
12 28 3 16 0 49 0 0.05 M M 20.8 36 250 M M 8 12 47 240
13 26 4 15 -1 50 0 0.03 M M 6.0 23 280 M M 6 1 35 290
14 31 20 26 10 39 0 0.18 M M 4.7 24 260 M M 10 1 35 240
15 28 -23 3 -13 62 0 0.01 M M 7.1 23 350 M M 7 18 31 350
16 20 -23 -1 -18 66 0 0.00 M M 1.5 12 60 M M 0 13 60
17 32 -7 13 -4 52 0 0.32 M M 5.1 16 70 M M 7 12 23 70
18 39 6 23 6 42 0 0.01 M M 6.3 20 250 M M 4 1 29 230
19 35 8 22 5 43 0 T M M 3.1 17 80 M M 7 1 23 70
20 38 8 23 6 42 0 0.00 M M 1.7 8 190 M M 5 1 11 220
21 38 26 32 15 33 0 T M M 1.9 9 70 M M 10 12 70
22 42 25 34 17 31 0 0.01 M M 1.6 10 120 M M 9 1 13 120
23 42 19 31 13 34 0 0.00 M M 1.0 9 210 M M 8 11 230
24 37 25 31 13 34 0 0.06 M M 1.5 9 270 M M 10 12 10 290
25 39 19 29 11 36 0 0.00 M M 2.0 10 70 M M 6 12 13 70
26 35 20 28 10 37 0 T M M 2.0 8 290 M M 9 1 10 230
27 37 6 22 4 43 0 0.00 M M 2.7 13 70 M M 5 12 18 80
28 44 18 31 13 34 0 0.00 M M 2.1 8 220 M M 5 10 220
29 45 19 32 14 33 0 0.00 M M 0.3 7 360 M M 4 9 220
30 44 13 29 11 36 0 0.00 M M 0.4 6 270 M M 4 128 8 210
31 46 8 27 8 38 0 0.00 M M 1.8 8 50 M M 0 1 10 60
================================================================================
SM 1050 238 1363 0 0.90 M 121.2 M 186
================================================================================
AV 33.9 7.7 3.9 FASTST M M 6 MAX(MPH)
MISC ----> 36 250 47 240
================================================================================
NOTES:
# LAST OF SEVERAL OCCURRENCES
COLUMN 17 PEAK WIND IN M.P.H.
PRELIMINARY LOCAL CLIMATOLOGICAL DATA (WS FORM: F-6) , PAGE 2
STATION: CRAIG CO
MONTH: JANUARY
YEAR: 2024
LATITUDE: 40 30 N
LONGITUDE: 107 32 W
[TEMPERATURE DATA] [PRECIPITATION DATA] SYMBOLS USED IN COLUMN 16
AVERAGE MONTHLY: 20.8 TOTAL FOR MONTH: 0.90 1 = FOG OR MIST
DPTR FM NORMAL: 4.0 DPTR FM NORMAL: -0.01 2 = FOG REDUCING VISIBILITY
HIGHEST: 46 ON 31 GRTST 24HR 0.32 ON 17-17 TO 1/4 MILE OR LESS
LOWEST: -23 ON 16,15 3 = THUNDER
SNOW, ICE PELLETS, HAIL 4 = ICE PELLETS
TOTAL MONTH: M 5 = HAIL
GRTST 24HR M ON M 6 = FREEZING RAIN OR DRIZZLE
GRTST DEPTH: M ON M 7 = DUSTSTORM OR SANDSTORM:
VSBY 1/2 MILE OR LESS
8 = SMOKE OR HAZE
[NO. OF DAYS WITH] [WEATHER - DAYS WITH] 9 = BLOWING SNOW
X = TORNADO
MAX 32 OR BELOW: 13 0.01 INCH OR MORE: 13
MAX 90 OR ABOVE: 0 0.10 INCH OR MORE: 2
MIN 32 OR BELOW: 31 0.50 INCH OR MORE: 0
MIN 0 OR BELOW: 8 1.00 INCH OR MORE: 0
[HDD (BASE 65) ]
TOTAL THIS MO. 1363 CLEAR (SCALE 0-3) 5
DPTR FM NORMAL -131 PTCLDY (SCALE 4-7) 17
TOTAL FM JUL 1 4458 CLOUDY (SCALE 8-10) 9
DPTR FM NORMAL -399
[CDD (BASE 65) ]
TOTAL THIS MO. 0
DPTR FM NORMAL 0 [PRESSURE DATA]
TOTAL FM JAN 1 0 HIGHEST SLP 30.72 ON 16
DPTR FM NORMAL 0 LOWEST SLP 29.51 ON 10
[REMARKS]
#FINAL-01-24#