000
CXUS54 KLZK 011130
CF6CCA
PRELIMINARY LOCAL CLIMATOLOGICAL DATA (WS FORM: F-6)
STATION: CLINTON
MONTH: MARCH
YEAR: 2022
LATITUDE: 35 32 N
LONGITUDE: 92 22 W
TEMPERATURE IN F: :PCPN: SNOW: WIND :SUNSHINE: SKY :PK WND
================================================================================
1 2 3 4 5 6A 6B 7 8 9 10 11 12 13 14 15 16 17 18
12Z AVG MX 2MIN
DY MAX MIN AVG DEP HDD CDD WTR SNW DPTH SPD SPD DIR MIN PSBL S-S WX SPD DR
================================================================================
1 72 27 50 M 15 0 M M M 2.8 12 220 M M 0 20 230
2 77 28 53 M 12 0 M M M 1.8 9 220 M M 0 8 15 220
3 81 32 57 M 8 0 M M M 1.0 6 100 M M 2 1 13 180
4 73 34 54 M 11 0 M M M 1.8 10 210 M M 1 1 18 210
5 70 45 58 M 7 0 M M M 4.7 12 160 M M 9 1 26 190
6 72 55 64 M 1 0 M M M 1.6 16 250 M M 10 1 22 250
7 64 30 47 M 18 0 M M M 8.3 17 320 M M 6 8 29 320
8 45 28 37 M 28 0 M M M 1.8 7 80 M M 3 1 15 99
9 57 30 44 M 21 0 M M M 1.9 8 80 M M 4 12 15 330
10 61 27 44 M 21 0 M M M 1.7 9 80 M M 2 12 16 90
11 37 28 33 M 32 0 M M M 3.9 10 350 M M 6 26 340
12 45 23 34 M 31 0 M M M 6.4 14 320 M M 0 18 310
13 64 23 44 M 21 0 M M M 4.6 14 220 M M 0 22 220
14 54 28 41 M 24 0 M M M 2.1 8 90 M M 8 14 150
15 64 41 53 M 12 0 M M M 1.6 8 60 M M 7 1 13 0
16 73 36 55 M 10 0 M M M 1.4 8 190 M M 1 1 13 250
17 75 39 57 M 8 0 M M M 3.9 12 150 M M 3 21 140
18 63 46 55 M 10 0 M M M 9.1 23 230 M M 9 28 260
19 70 36 53 M 12 0 M M M 5.5 17 300 M M 1 25 300
20 77 32 55 M 10 0 M M M 2.0 10 190 M M 2 17 99
21 70 37 54 M 11 0 M M M 3.2 18 130 M M 4 3 25 130
22 61 46 54 M 11 0 M M M 6.3 14 90 M M 9 3 22 130
23 48 30 39 M 26 0 M M M 6.8 12 250 M M 7 21 300
24 50 30 40 M 25 0 M M M 3.3 10 280 M M 9 1 17 290
25 68 36 52 M 13 0 M M M 5.4 14 300 M M 3 22 310
26 68 30 49 M 16 0 M M M 1.6 8 40 M M 2 13 99
27 61 34 48 M 17 0 M M M 3.2 10 110 M M 4 15 99
28 64 32 48 M 17 0 M M M 3.3 12 100 M M 4 20 100
29 75 41 58 M 7 0 M M M 4.2 15 170 M M 8 24 0
30 68 45 57 M 8 0 M M M 7.3 14 310 M M 9 25 140
31 52 34 43 M 22 0 M M M 6.6 16 270 M M 7 25 270
================================================================================
SM 1979 1063 485 0 M M 119.0 M 140
================================================================================
AV 63.8 34.3 3.8 FASTST M M 5 MAX(MPH)
MISC ----> 23 230 29 320
================================================================================
NOTES:
# LAST OF SEVERAL OCCURRENCES
COLUMN 17 PEAK WIND IN M.P.H.
PRELIMINARY LOCAL CLIMATOLOGICAL DATA (WS FORM: F-6) , PAGE 2
STATION: CLINTON
MONTH: MARCH
YEAR: 2022
LATITUDE: 35 32 N
LONGITUDE: 92 22 W
[TEMPERATURE DATA] [PRECIPITATION DATA] SYMBOLS USED IN COLUMN 16
AVERAGE MONTHLY: 49.1 TOTAL FOR MONTH: M 1 = FOG OR MIST
DPTR FM NORMAL: 0.0 DPTR FM NORMAL: M 2 = FOG REDUCING VISIBILITY
HIGHEST: 81 ON 3 GRTST 24HR M ON M TO 1/4 MILE OR LESS
LOWEST: 23 ON 13,12 3 = THUNDER
SNOW, ICE PELLETS, HAIL 4 = ICE PELLETS
TOTAL MONTH: M 5 = HAIL
GRTST 24HR M ON M 6 = FREEZING RAIN OR DRIZZLE
GRTST DEPTH: M ON M 7 = DUSTSTORM OR SANDSTORM:
VSBY 1/2 MILE OR LESS
8 = SMOKE OR HAZE
[NO. OF DAYS WITH] [WEATHER - DAYS WITH] 9 = BLOWING SNOW
X = TORNADO
MAX 32 OR BELOW: 0 0.01 INCH OR MORE: 0
MAX 90 OR ABOVE: 0 0.10 INCH OR MORE: 0
MIN 32 OR BELOW: 16 0.50 INCH OR MORE: 0
MIN 0 OR BELOW: 0 1.00 INCH OR MORE: 0
[HDD (BASE 65) ]
TOTAL THIS MO. 485 CLEAR (SCALE 0-3) 12
DPTR FM NORMAL M PTCLDY (SCALE 4-7) 11
TOTAL FM JUL 1 3175 CLOUDY (SCALE 8-10) 8
DPTR FM NORMAL M
[CDD (BASE 65) ]
TOTAL THIS MO. 0
DPTR FM NORMAL M [PRESSURE DATA]
TOTAL FM JAN 1 0 HIGHEST SLP M ON M
DPTR FM NORMAL M LOWEST SLP M ON M
[REMARKS]
#FINAL-03-22#