000
CXUS54 KLZK 011510
CF6CCA
PRELIMINARY LOCAL CLIMATOLOGICAL DATA (WS FORM: F-6)
STATION: CLINTON
MONTH: NOVEMBER
YEAR: 2020
LATITUDE: 35 32 N
LONGITUDE: 92 22 W
TEMPERATURE IN F: :PCPN: SNOW: WIND :SUNSHINE: SKY :PK WND
================================================================================
1 2 3 4 5 6A 6B 7 8 9 10 11 12 13 14 15 16 17 18
12Z AVG MX 2MIN
DY MAX MIN AVG DEP HDD CDD WTR SNW DPTH SPD SPD DIR MIN PSBL S-S WX SPD DR
================================================================================
1 64 34 49 M 16 0 0.51 M M 3.5 13 320 M M 0 1 21 320
2 61 28 45 M 20 0 0.00 M M 0.7 6 200 M M 0 1 12 0
3 75 32 54 M 11 0 0.00 M M 1.2 8 210 M M 0 18 13 210
4 73 34 54 M 11 0 0.00 M M 1.3 9 210 M M 0 18 15 210
5 73 39 56 M 9 0 0.00 M M 1.1 7 140 M M 2 1 14 140
6 73 39 56 M 9 0 0.00 M M 0.9 6 99 M M 3 1 13 99
7 73 41 57 M 8 0 0.00 M M 0.9 7 120 M M 4 128 M M
8 72 50 61 M 4 0 0.00 M M 0.5 7 90 M M 8 1 M M
9 77 57 67 M 0 2 0.00 M M 4.7 9 130 M M 10 1 15 150
10 79 54 67 M 0 2 0.00 M M 7.0 13 340 M M 9 1 20 190
11 64 36 50 M 15 0 0.00 M M 3.9 10 320 M M 1 17 320
12 66 32 49 M 16 0 0.01 M M 0.6 5 99 M M 4 18 M M
13 64 41 53 M 12 0 0.00 M M 2.3 8 50 M M 5 1 M M
14 70 46 58 M 7 0 0.00 M M 1.8 14 200 M M 10 25 200
15 70 32 51 M 14 0 0.24 M M 6.9 18 300 M M 2 32 300
16 68 28 48 M 17 0 0.00 M M 1.8 10 220 M M 1 1 18 230
17 64 30 47 M 18 0 0.00 M M 1.8 8 160 M M 0 1 M M
18 66 28 47 M 18 0 0.00 M M 1.8 8 170 M M 0 1 13 99
19 70 32 51 M 14 0 0.00 M M 3.5 15 190 M M 1 1 23 190
20 68 43 56 M 9 0 0.00 M M 2.4 9 190 M M 10 1 15 210
21 70 54 62 M 3 0 0.01 M M 0.7 7 150 M M 9 1 M M
22 61 36 49 M 16 0 0.89 M M 4.0 15 330 M M 8 1 22 99
23 57 32 45 M 20 0 M M M 0.6 6 90 M M 4 12 13 0
24 59 34 47 M 18 0 0.64 M M 1.8 8 120 M M 7 1 16 0
25 55 39 47 M 18 0 0.21 M M 5.7 13 220 M M 8 1 24 220
26 61 34 48 M 17 0 0.79 M M 0.9 6 160 M M 6 12 M M
27 63 36 50 M 15 0 0.19 M M 0.9 8 310 M M 4 18 14 0
28 57 30 44 M 21 0 0.01 M M 1.9 7 99 M M 0 1 15 0
29 50 30 40 M 25 0 0.02 M M 2.6 15 310 M M 6 29 310
30 45 21 33 M 32 0 M M M 9.8 20 320 M M 1 28 320
================================================================================
SM 1968 1102 413 4 3.52 M 77.5 M 123
================================================================================
AV 65.6 36.7 2.6 FASTST M M 4 MAX(MPH)
MISC ----> 20 320 32 300
================================================================================
NOTES:
# LAST OF SEVERAL OCCURRENCES
COLUMN 17 PEAK WIND IN M.P.H.
PRELIMINARY LOCAL CLIMATOLOGICAL DATA (WS FORM: F-6) , PAGE 2
STATION: CLINTON
MONTH: NOVEMBER
YEAR: 2020
LATITUDE: 35 32 N
LONGITUDE: 92 22 W
[TEMPERATURE DATA] [PRECIPITATION DATA] SYMBOLS USED IN COLUMN 16
AVERAGE MONTHLY: 51.2 TOTAL FOR MONTH: 3.52 1 = FOG OR MIST
DPTR FM NORMAL: 0.0 DPTR FM NORMAL: M 2 = FOG REDUCING VISIBILITY
HIGHEST: 79 ON 10 GRTST 24HR 0.89 ON 22-22 TO 1/4 MILE OR LESS
LOWEST: 21 ON 30 3 = THUNDER
SNOW, ICE PELLETS, HAIL 4 = ICE PELLETS
TOTAL MONTH: M 5 = HAIL
GRTST 24HR M ON M 6 = FREEZING RAIN OR DRIZZLE
GRTST DEPTH: M ON M 7 = DUSTSTORM OR SANDSTORM:
VSBY 1/2 MILE OR LESS
8 = SMOKE OR HAZE
[NO. OF DAYS WITH] [WEATHER - DAYS WITH] 9 = BLOWING SNOW
X = TORNADO
MAX 32 OR BELOW: 0 0.01 INCH OR MORE: 11
MAX 90 OR ABOVE: 0 0.10 INCH OR MORE: 7
MIN 32 OR BELOW: 12 0.50 INCH OR MORE: 4
MIN 0 OR BELOW: 0 1.00 INCH OR MORE: 0
[HDD (BASE 65) ]
TOTAL THIS MO. 413 CLEAR (SCALE 0-3) 14
DPTR FM NORMAL M PTCLDY (SCALE 4-7) 10
TOTAL FM JUL 1 671 CLOUDY (SCALE 8-10) 6
DPTR FM NORMAL M
[CDD (BASE 65) ]
TOTAL THIS MO. 4
DPTR FM NORMAL M [PRESSURE DATA]
TOTAL FM JAN 1 1503 HIGHEST SLP M ON M
DPTR FM NORMAL M LOWEST SLP M ON M
[REMARKS]
#FINAL-11-20#