000
CXUS53 KARX 010900
CF6CCY
PRELIMINARY LOCAL CLIMATOLOGICAL DATA (WS FORM: F-6)
STATION: CHARLES_CITY IA
MONTH: APRIL
YEAR: 2023
LATITUDE: 43 4 N
LONGITUDE: 92 37 W
TEMPERATURE IN F: :PCPN: SNOW: WIND :SUNSHINE: SKY :PK WND
================================================================================
1 2 3 4 5 6A 6B 7 8 9 10 11 12 13 14 15 16 17 18
12Z AVG MX 2MIN
DY MAX MIN AVG DEP HDD CDD WTR SNW DPTH SPD SPD DIR MIN PSBL S-S WX SPD DR
================================================================================
1 41 28 35 -7 30 0 M M M 17.4 35 340 M M 4 44 340
2 66 30 48 6 17 0 M M M 15.5 24 300 M M 4 36 210
3 50 36 43 0 22 0 M M M 8.0 12 350 M M 8 21 360
4 59 39 49 6 16 0 0.49 0.0 0 17.4 28 90 M M 9 12 35 90
5 57 28 43 -1 22 0 M M M 20.9 28 280 M M 9 1 39 280
6 48 23 36 -8 29 0 0.00 0.0 M 13.1 22 280 M M 1 30 260
7 63 32 48 3 17 0 0.00 0.0 0 13.7 20 150 M M 3 30 220
8 66 39 53 8 12 0 0.00 0.0 0 13.6 20 190 M M 2 27 190
9 70 43 57 11 8 0 0.00 0.0 0 14.3 22 190 M M 3 30 190
10 73 46 60 14 5 0 0.00 M M 9.8 14 160 M M 3 21 160
11 79 46 63 17 2 0 0.00 M M 12.4 20 210 M M 0 29 230
12 86 54 70 23 0 5 0.00 M M 17.1 24 210 M M 0 36 210
13 84 57 71 24 0 6 0.00 M M 18.9 27 180 M M 0 37 170
14 82 50 66 18 0 1 0.00 M M 13.6 24 170 M M 2 32 150
15 63 37 50 2 15 0 0.11 M M 12.7 18 340 M M 8 25 300
16 37 32 35 -14 30 0 M M M 21.1 29 330 M M 9 1 45 330
17 52 32 42 -7 23 0 M M M 21.4 30 310 M M 2 40 310
18 57 28 43 -6 22 0 M M M 9.2 17 90 M M 0 31 90
19 50 41 46 -4 19 0 0.73 0.0 M 20.7 29 90 M M 8 37 120
20 52 36 44 -6 21 0 0.59 M M 14.0 27 70 M M 8 1 35 270
21 43 32 38 -13 27 0 M M M 16.2 28 260 M M 6 38 270
22 36 30 33 -18 32 0 M M M 14.6 22 320 M M 10 29 300
23 43 32 38 -14 27 0 0.00 M M 8.7 14 310 M M 7 21 290
24 55 28 42 -10 23 0 M M M 7.1 15 30 M M 3 21 300
25 52 32 42 -10 23 0 M M M 8.2 15 30 M M 0 20 30
26 57 30 44 -9 21 0 M M M 7.0 14 170 M M 0 16 210
27 70 43 57 4 8 0 0.00 0.0 0 14.0 18 180 M M 2 28 220
28 70 45 58 5 7 0 0.05 M M 10.7 22 330 M M 5 32 340
29 54 37 46 -8 19 0 T 0.0 0 12.8 23 320 M M 6 1 35 320
30 50 39 45 -9 20 0 T 0.0 0 22.2 30 320 M M 9 43 320
================================================================================
SM 1765 1105 517 12 1.97 0.0 426.3 M 131
================================================================================
AV 58.8 36.8 14.2 FASTST M M 4 MAX(MPH)
MISC ----> 35 340 45 330
================================================================================
NOTES:
# LAST OF SEVERAL OCCURRENCES
COLUMN 17 PEAK WIND IN M.P.H.
PRELIMINARY LOCAL CLIMATOLOGICAL DATA (WS FORM: F-6) , PAGE 2
STATION: CHARLES_CITY IA
MONTH: APRIL
YEAR: 2023
LATITUDE: 43 4 N
LONGITUDE: 92 37 W
[TEMPERATURE DATA] [PRECIPITATION DATA] SYMBOLS USED IN COLUMN 16
AVERAGE MONTHLY: 47.8 TOTAL FOR MONTH: 1.97 1 = FOG OR MIST
DPTR FM NORMAL: -0.4 DPTR FM NORMAL: -1.56 2 = FOG REDUCING VISIBILITY
HIGHEST: 86 ON 12 GRTST 24HR 0.73 ON 19-19 TO 1/4 MILE OR LESS
LOWEST: 23 ON 6 3 = THUNDER
SNOW, ICE PELLETS, HAIL 4 = ICE PELLETS
TOTAL MONTH: 0.0 INCH 5 = HAIL
GRTST 24HR 0.0 6 = FREEZING RAIN OR DRIZZLE
GRTST DEPTH: 0 7 = DUSTSTORM OR SANDSTORM:
VSBY 1/2 MILE OR LESS
8 = SMOKE OR HAZE
[NO. OF DAYS WITH] [WEATHER - DAYS WITH] 9 = BLOWING SNOW
X = TORNADO
MAX 32 OR BELOW: 0 0.01 INCH OR MORE: 5
MAX 90 OR ABOVE: 0 0.10 INCH OR MORE: 4
MIN 32 OR BELOW: 14 0.50 INCH OR MORE: 2
MIN 0 OR BELOW: 0 1.00 INCH OR MORE: 0
[HDD (BASE 65) ]
TOTAL THIS MO. 517 CLEAR (SCALE 0-3) 12
DPTR FM NORMAL 7 PTCLDY (SCALE 4-7) 11
TOTAL FM JUL 1 6954 CLOUDY (SCALE 8-10) 7
DPTR FM NORMAL -145
[CDD (BASE 65) ]
TOTAL THIS MO. 12
DPTR FM NORMAL 6 [PRESSURE DATA]
TOTAL FM JAN 1 12 HIGHEST SLP M ON M
DPTR FM NORMAL 6 LOWEST SLP M ON M
[REMARKS]
#FINAL-04-23#