000
CXAK56 PAFC 011234
CF6CDB
PRELIMINARY LOCAL CLIMATOLOGICAL DATA (WS FORM: F-6)
STATION: COLD BAY
MONTH: FEBRUARY
YEAR: 2022
LATITUDE: 55 13 N
LONGITUDE: 162 44 W
TEMPERATURE IN F: :PCPN: SNOW: WIND :SUNSHINE: SKY :PK WND
================================================================================
1 2 3 4 5 6A 6B 7 8 9 10 11 12 13 14 15 16 17 18
12Z AVG MX 2MIN
DY MAX MIN AVG DEP HDD CDD WTR SNW DPTH SPD SPD DIR MIN PSBL S-S WX SPD DR
================================================================================
1 42 34 38 8 27 0 0.01 M M 17.5 38 130 M M 8 1 46 140
2 41 34 38 8 27 0 0.96 M M 19.4 32 130 M M 10 1 40 140
3 42 33 38 8 27 0 0.12 M M 20.1 36 260 M M 5 1 44 250
4 38 34 36 6 29 0 0.03 M M 15.2 31 120 M M 10 1 40 130
5 34 29 32 2 33 0 0.03 M M 8.7 17 330 M M 10 12 20 360
6 30 26 28 -2 37 0 0.00 M M 11.2 21 10 M M 10 28 10
7 20 18 19 -11 46 0 T M M 23.2 37 10 M M 9 47 20
8 16 10 13 -17 52 0 0.01 M M 13.9 24 310 M M 10 8 29 310
9 32 11 22 -8 43 0 T M M 12.7 30 140 M M 7 8 36 150
10 35 30 33 3 32 0 0.14 M M 25.0 49 130 M M 9 1 57 130
11 41 31 36 6 29 0 0.18 M M 11.9 25 140 M M 10 16 31 150
12 38 26 32 2 33 0 0.00 M M 7.3 20 230 M M 4 23 230
13 39 22 31 1 34 0 0.36 M M 14.8 44 140 M M 8 1 57 130
14 45 37 41 11 24 0 0.35 M M 26.1 41 130 M M 9 12 59 140
15 48 36 42 12 23 0 0.75 M M 23.5 51 140 M M 7 1 64 140
16 45 34 40 10 25 0 0.20 M M 19.7 37 160 M M 6 1 44 160
17 49 33 41 11 24 0 0.01 M M 12.2 32 150 M M 7 12 41 150
18 43 34 39 9 26 0 0.01 M M 16.4 33 280 M M 8 39 270
19 48 36 42 12 23 0 0.10 M M 19.9 31 160 M M 8 1 50 150
20 45 36 41 11 24 0 0.16 M M 30.9 51 150 M M 7 1 59 150
21 42 35 39 9 26 0 T M M 18.6 27 140 M M 2 37 140
22 41 33 37 7 28 0 0.08 M M 22.9 36 140 M M 7 1 45 140
23 42 37 40 10 25 0 0.52 M M 23.4 45 140 M M 10 1 54 140
24 40 35 38 8 27 0 0.23 M M 9.7 22 170 M M 10 1 27 190
25 43 32 38 8 27 0 0.28 M M 19.5 30 260 M M 7 1 37 250
26 40 32 36 6 29 0 0.06 M M 15.5 28 150 M M 4 1 34 150
27 39 29 34 4 31 0 T M M 7.5 17 140 M M 6 21 140
28 39 26 33 3 32 0 T M M 3.3 10 220 M M 8 1 13 210
================================================================================
SM 1097 843 843 0 4.59 M 470.0 M 216
================================================================================
AV 39.2 30.1 16.8 FASTST M M 8 MAX(MPH)
MISC ----> 51 140 64 140
================================================================================
NOTES:
# LAST OF SEVERAL OCCURRENCES
COLUMN 17 PEAK WIND IN M.P.H.
PRELIMINARY LOCAL CLIMATOLOGICAL DATA (WS FORM: F-6) , PAGE 2
STATION: COLD BAY
MONTH: FEBRUARY
YEAR: 2022
LATITUDE: 55 13 N
LONGITUDE: 162 44 W
[TEMPERATURE DATA] [PRECIPITATION DATA] SYMBOLS USED IN COLUMN 16
AVERAGE MONTHLY: 34.6 TOTAL FOR MONTH: 4.59 1 = FOG OR MIST
DPTR FM NORMAL: 4.4 DPTR FM NORMAL: 1.42 2 = FOG REDUCING VISIBILITY
HIGHEST: 49 ON 17 GRTST 24HR 1.03 ON 2- 3 TO 1/4 MILE OR LESS
LOWEST: 10 ON 8 3 = THUNDER
SNOW, ICE PELLETS, HAIL 4 = ICE PELLETS
TOTAL MONTH: M 5 = HAIL
GRTST 24HR M ON M 6 = FREEZING RAIN OR DRIZZLE
GRTST DEPTH: M ON M 7 = DUSTSTORM OR SANDSTORM:
VSBY 1/2 MILE OR LESS
8 = SMOKE OR HAZE
[NO. OF DAYS WITH] [WEATHER - DAYS WITH] 9 = BLOWING SNOW
X = TORNADO
MAX 32 OR BELOW: 4 0.01 INCH OR MORE: 21
MAX 90 OR ABOVE: 0 0.10 INCH OR MORE: 13
MIN 32 OR BELOW: 13 0.50 INCH OR MORE: 3
MIN 0 OR BELOW: 0 1.00 INCH OR MORE: 0
[HDD (BASE 65) ]
TOTAL THIS MO. 843 CLEAR (SCALE 0-3) 1
DPTR FM NORMAL -130 PTCLDY (SCALE 4-7) 15
TOTAL FM JUL 1 5958 CLOUDY (SCALE 8-10) 12
DPTR FM NORMAL -134
[CDD (BASE 65) ]
TOTAL THIS MO. 0
DPTR FM NORMAL 0 [PRESSURE DATA]
TOTAL FM JAN 1 0 HIGHEST SLP 30.18 ON 13
DPTR FM NORMAL 0 LOWEST SLP 28.77 ON 25
[REMARKS]
#FINAL-02-22#