000
CXUS56 KSLC 011138
CF6CDC
PRELIMINARY LOCAL CLIMATOLOGICAL DATA (WS FORM: F-6)
STATION: CEDAR CITY UT
MONTH: OCTOBER
YEAR: 2021
LATITUDE: 37 42 N
LONGITUDE: 113 6 W
TEMPERATURE IN F: :PCPN: SNOW: WIND :SUNSHINE: SKY :PK WND
================================================================================
1 2 3 4 5 6A 6B 7 8 9 10 11 12 13 14 15 16 17 18
12Z AVG MX 2MIN
DY MAX MIN AVG DEP HDD CDD WTR SNW DPTH SPD SPD DIR MIN PSBL S-S WX SPD DR
================================================================================
1 69 33 51 -5 14 0 0.00 M M 1.9 10 320 M M 0 15 310
2 74 38 56 0 9 0 0.00 M M 2.9 12 320 M M 0 16 40
3 74 41 58 2 7 0 0.00 M M 5.9 25 130 M M 0 33 130
4 77 43 60 5 5 0 0.00 M M 6.0 17 220 M M 2 24 240
5 68 50 59 4 6 0 0.13 M M 6.0 35 210 M M 7 13 44 200
6 68 49 59 5 6 0 0.01 M M 9.0 21 220 M M 5 28 220
7 68 44 56 2 9 0 0.00 M M 8.2 24 220 M M 1 31 220
8 62 44 53 -1 12 0 0.33 M M 15.0 35 190 M M 5 1 46 180
9 58 39 49 -4 16 0 0.05 M M 7.4 18 10 M M 4 1 28 30
10 60 32 46 -7 19 0 0.00 M M 5.2 17 330 M M 0 21 20
11 63 35 49 -3 16 0 0.03 M M 14.3 36 210 M M 4 56 210
12 36 28 32 -20 33 0 0.57 M M 5.0 20 360 M M 9 128 28 360
13 46 19 33 -19 32 0 0.00 M M 2.1 8 140 M M 2 128 9 140
14 50 26 38 -13 27 0 0.00 M M 5.6 14 30 M M 3 19 20
15 56 26 41 -10 24 0 0.00 M M 2.2 10 330 M M 0 14 340
16 65 29 47 -3 18 0 0.00 M M 2.6 10 190 M M 0 11 180
17 68 37 53 3 12 0 0.00 M M 11.7 30 200 M M 0 42 190
18 58 33 46 -4 19 0 0.07 M M 18.6 39 200 M M 4 1 56 230
19 57 32 45 -4 20 0 0.00 M M 4.6 12 150 M M 0 14 140
20 63 30 47 -2 18 0 0.00 M M 5.2 20 230 M M 0 25 230
21 68 31 50 2 15 0 0.00 M M 7.0 18 210 M M 0 23 230
22 69 36 53 5 12 0 0.00 M M 10.1 26 210 M M 0 35 230
23 63 41 52 4 13 0 0.00 M M 11.3 22 200 M M 3 28 210
24 64 39 52 5 13 0 0.00 M M 16.2 35 210 M M 2 51 220
25 66 32 49 2 16 0 0.80 M M 23.4 47 190 M M 3 18 62 180
26 47 32 40 -7 25 0 0.18 M M 5.3 14 30 M M 6 1 17 60
27 57 28 43 -3 22 0 0.00 M M 4.4 14 10 M M 0 20 360
28 61 34 48 2 17 0 0.00 M M 5.8 18 40 M M 0 8 26 40
29 67 33 50 4 15 0 0.00 M M 3.1 15 230 M M 0 18 19 220
30 68 35 52 7 13 0 T M M 5.7 21 210 M M 0 27 210
31 65 41 53 8 12 0 0.00 M M 9.4 26 210 M M 0 33 210
================================================================================
SM 1935 1090 495 0 2.17 M 241.1 M 60
================================================================================
AV 62.4 35.2 7.8 FASTST M M 2 MAX(MPH)
MISC ----> 47 190 62 180
================================================================================
NOTES:
# LAST OF SEVERAL OCCURRENCES
COLUMN 17 PEAK WIND IN M.P.H.
PRELIMINARY LOCAL CLIMATOLOGICAL DATA (WS FORM: F-6) , PAGE 2
STATION: CEDAR CITY UT
MONTH: OCTOBER
YEAR: 2021
LATITUDE: 37 42 N
LONGITUDE: 113 6 W
[TEMPERATURE DATA] [PRECIPITATION DATA] SYMBOLS USED IN COLUMN 16
AVERAGE MONTHLY: 48.8 TOTAL FOR MONTH: 2.17 1 = FOG OR MIST
DPTR FM NORMAL: -1.7 DPTR FM NORMAL: 0.94 2 = FOG REDUCING VISIBILITY
HIGHEST: 77 ON 4 GRTST 24HR 0.98 ON 25-26 TO 1/4 MILE OR LESS
LOWEST: 19 ON 13 3 = THUNDER
SNOW, ICE PELLETS, HAIL 4 = ICE PELLETS
TOTAL MONTH: M 5 = HAIL
GRTST 24HR M ON M 6 = FREEZING RAIN OR DRIZZLE
GRTST DEPTH: M ON M 7 = DUSTSTORM OR SANDSTORM:
VSBY 1/2 MILE OR LESS
8 = SMOKE OR HAZE
[NO. OF DAYS WITH] [WEATHER - DAYS WITH] 9 = BLOWING SNOW
X = TORNADO
MAX 32 OR BELOW: 0 0.01 INCH OR MORE: 9
MAX 90 OR ABOVE: 0 0.10 INCH OR MORE: 5
MIN 32 OR BELOW: 12 0.50 INCH OR MORE: 2
MIN 0 OR BELOW: 0 1.00 INCH OR MORE: 0
[HDD (BASE 65) ]
TOTAL THIS MO. 495 CLEAR (SCALE 0-3) 22
DPTR FM NORMAL 45 PTCLDY (SCALE 4-7) 8
TOTAL FM JUL 1 569 CLOUDY (SCALE 8-10) 1
DPTR FM NORMAL 5
[CDD (BASE 65) ]
TOTAL THIS MO. 0
DPTR FM NORMAL -1 [PRESSURE DATA]
TOTAL FM JAN 1 963 HIGHEST SLP 30.45 ON 15
DPTR FM NORMAL 284 LOWEST SLP 29.38 ON 11
[REMARKS]
#FINAL-10-21#