000
CXUS56 KSLC 010810
CF6CDC
PRELIMINARY LOCAL CLIMATOLOGICAL DATA (WS FORM: F-6)
STATION: CEDAR CITY UT
MONTH: OCTOBER
YEAR: 2023
LATITUDE: 37 42 N
LONGITUDE: 113 6 W
TEMPERATURE IN F: :PCPN: SNOW: WIND :SUNSHINE: SKY :PK WND
================================================================================
1 2 3 4 5 6A 6B 7 8 9 10 11 12 13 14 15 16 17 18
12Z AVG MX 2MIN
DY MAX MIN AVG DEP HDD CDD WTR SNW DPTH SPD SPD DIR MIN PSBL S-S WX SPD DR
================================================================================
1 65 43 54 -2 11 0 0.09 M M 10.9 25 230 M M 5 13 34 230
2 60 38 49 -7 16 0 0.05 M M 7.2 21 300 M M 6 29 300
3 64 31 48 -8 17 0 0.00 M M 3.1 12 350 M M 0 1 17 10
4 68 36 52 -3 13 0 0.00 M M 6.1 18 340 M M 0 30 340
5 73 37 55 0 10 0 0.00 M M 4.4 15 10 M M 0 20 10
6 75 36 56 2 9 0 0.00 M M 2.7 13 300 M M 0 16 320
7 81 41 61 7 4 0 0.00 M M 3.3 9 80 M M 0 16 340
8 81 39 60 6 5 0 0.00 M M 4.0 13 290 M M 0 18 280
9 81 41 61 8 4 0 0.00 M M 4.4 18 230 M M 1 29 240
10 76 48 62 9 3 0 0.00 M M 11.0 28 220 M M 0 40 200
11 69 37 53 1 12 0 T M M 10.0 21 340 M M 3 30 340
12 57 30 44 -8 21 0 0.00 M M 7.0 21 60 M M 2 29 60
13 66 27 47 -5 18 0 0.00 M M 3.2 10 310 M M 0 13 310
14 72 28 50 -1 15 0 0.00 M M 3.6 14 220 M M 0 8 20 240
15 77 34 56 5 9 0 0.00 M M 3.2 8 130 M M 0 14 310
16 82 36 59 9 6 0 0.00 M M 5.2 17 250 M M 0 24 240
17 81 40 61 11 4 0 0.00 M M 3.5 13 230 M M 0 16 230
18 79 40 60 10 5 0 0.00 M M 4.6 15 360 M M 0 22 330
19 79 40 60 11 5 0 0.00 M M 2.3 8 130 M M 0 12 30
20 84 37 61 12 4 0 0.00 M M 3.3 13 140 M M 0 8 15 350
21 80 42 61 13 4 0 0.00 M M 4.1 16 220 M M 0 20 210
22 77 40 59 11 6 0 0.00 0.0 M 9.2 26 220 M M 0 34 230
23 70 42 56 8 9 0 0.00 M M 6.9 16 230 M M 0 26 230
24 68 34 51 4 14 0 0.00 M M 4.5 12 220 M M 0 8 16 220
25 67 38 53 6 12 0 0.00 M M 14.9 29 230 M M 0 39 230
26 59 30 45 -2 20 0 0.00 M M 9.7 24 210 M M 3 33 210
27 64 25 45 -1 20 0 0.00 M M 5.9 20 220 M M 1 29 220
28 51 30 41 -5 24 0 0.00 M M 7.7 18 40 M M 1 30 340
29 44 21 33 -13 32 0 0.00 M M 10.8 20 20 M M 0 29 360
30 53 13 33 -12 32 0 0.00 M M 3.2 16 350 M M 0 21 340
31 56 17 37 -8 28 0 0.00 M M 2.2 8 240 M M 0 10 10
================================================================================
SM 2159 1071 392 0 0.14 0.0 182.1 M 22
================================================================================
AV 69.6 34.5 5.9 FASTST M M 1 MAX(MPH)
MISC ----> 29 230 40 200
================================================================================
NOTES:
# LAST OF SEVERAL OCCURRENCES
COLUMN 17 PEAK WIND IN M.P.H.
PRELIMINARY LOCAL CLIMATOLOGICAL DATA (WS FORM: F-6) , PAGE 2
STATION: CEDAR CITY UT
MONTH: OCTOBER
YEAR: 2023
LATITUDE: 37 42 N
LONGITUDE: 113 6 W
[TEMPERATURE DATA] [PRECIPITATION DATA] SYMBOLS USED IN COLUMN 16
AVERAGE MONTHLY: 52.1 TOTAL FOR MONTH: 0.14 1 = FOG OR MIST
DPTR FM NORMAL: 1.6 DPTR FM NORMAL: -1.09 2 = FOG REDUCING VISIBILITY
HIGHEST: 84 ON 20 GRTST 24HR 0.13 ON 1- 2 TO 1/4 MILE OR LESS
LOWEST: 13 ON 30 3 = THUNDER
SNOW, ICE PELLETS, HAIL 4 = ICE PELLETS
TOTAL MONTH: 0.0 INCH 5 = HAIL
GRTST 24HR 0.0 6 = FREEZING RAIN OR DRIZZLE
GRTST DEPTH: M ON M 7 = DUSTSTORM OR SANDSTORM:
VSBY 1/2 MILE OR LESS
8 = SMOKE OR HAZE
[NO. OF DAYS WITH] [WEATHER - DAYS WITH] 9 = BLOWING SNOW
X = TORNADO
MAX 32 OR BELOW: 0 0.01 INCH OR MORE: 2
MAX 90 OR ABOVE: 0 0.10 INCH OR MORE: 0
MIN 32 OR BELOW: 10 0.50 INCH OR MORE: 0
MIN 0 OR BELOW: 0 1.00 INCH OR MORE: 0
[HDD (BASE 65) ]
TOTAL THIS MO. 392 CLEAR (SCALE 0-3) 29
DPTR FM NORMAL -58 PTCLDY (SCALE 4-7) 2
TOTAL FM JUL 1 461 CLOUDY (SCALE 8-10) 0
DPTR FM NORMAL -103
[CDD (BASE 65) ]
TOTAL THIS MO. 0
DPTR FM NORMAL -1 [PRESSURE DATA]
TOTAL FM JAN 1 662 HIGHEST SLP M ON M
DPTR FM NORMAL -17 LOWEST SLP 29.39 ON 11
[REMARKS]
#FINAL-10-23#