000
CXUS55 KCYS 161108
CF6CDR
PRELIMINARY LOCAL CLIMATOLOGICAL DATA (WS FORM: F-6)...CORRECTED
STATION: CHADRON NEBRASKA AIRPORT
MONTH: SEPTEMBER
YEAR: 2021
LATITUDE: 42 50 N
LONGITUDE: 103 6 W
TEMPERATURE IN F: :PCPN: SNOW: WIND :SUNSHINE: SKY :PK WND
================================================================================
1 2 3 4 5 6A 6B 7 8 9 10 11 12 13 14 15 16 17 18
12Z AVG MX 2MIN
DY MAX MIN AVG DEP HDD CDD WTR SNW DPTH SPD SPD DIR MIN PSBL S-S WX SPD DR
================================================================================
1 88 66 77 8 0 12 0.17 M M 8.5 24 170 M M 2 13 30 170
2 87 60 74 6 0 9 0.07 M M 8.7 22 300 M M 4 1 30 310
3 76 56 66 -2 0 1 0.15 M M 7.5 18 180 M M 6 13 24 170
4 79 49 64 -4 1 0 0.00 M M 3.0 8 260 M M 2 12 11 50
5 90 50 70 3 0 5 0.00 M M 5.6 16 240 M M 0 18 23 310
6 98 44 71 4 0 6 0.00 M M 5.2 21 310 M M 0 29 300
7 82 49 66 -1 0 1 0.00 M M 4.8 14 90 M M 0 8 20 60
8 84 44 64 -2 1 0 0.00 M M 5.1 14 50 M M 0 8 20 360
9 99 54 77 11 0 12 0.00 M M 7.9 21 10 M M 0 8 28 320
10 104 47 76 11 0 11 0.00 M M 5.1 15 230 M M 0 8 20 220
11 99 55 77 12 0 12 T M M 8.8 25 280 M M 1 3 35 270
12 84 50 67 2 0 2 T M M 7.5 25 150 M M 1 34 160
13 81 55 68 4 0 3 0.11 M M 10.1 32 180 M M 2 3 41 180
14 79 54 67 3 0 2 0.10 M M 8.8 26 180 M M 3 3 34 180
15 93 54 74 11 0 9 0.00 M M 7.8 26 180 M M 0 8 34 180
16 92 49 71 8 0 6 0.00 M M 12.5 36 20 M M 0 48 20
17 74 39 57 -5 8 0 0.00 M M 10.1 25 180 M M 2 32 170
18 98 54 76 14 0 11 0.00 M M 12.0 26 180 M M 0 36 170
19 92 53 73 11 0 8 0.22 M M 9.8 31 280 M M 2 13 44 280
20 64 46 55 -6 10 0 0.36 M M 7.6 22 20 M M 8 1 31 10
21 68 43 56 -5 9 0 0.00 M M 6.9 15 150 M M 1 19 160
22 82 38 60 0 5 0 0.00 M M 5.5 14 200 M M 0 20 190
23 83 43 63 3 2 0 0.00 M M 7.4 21 360 M M 0 27 20
24 70 45 58 -1 7 0 0.00 M M 4.5 16 360 M M 4 21 350
25 90 39 65 6 0 0 0.00 M M 4.1 15 240 M M 0 19 240
26 93 45 69 11 0 4 0.00 M M 4.9 16 290 M M 0 8 19 300
27 96 43 70 12 0 5 0.00 M M 6.5 26 180 M M 0 8 38 180
28 92 56 74 17 0 9 0.00 M M 13.1 30 170 M M 0 8 37 180
29 70 46 58 2 7 0 0.14 M M 12.2 24 40 M M 7 18 32 290
30 68 41 55 -1 10 0 0.00 M M 9.0 17 360 M M 7 23 300
================================================================================
SM 2555 1467 60 128 1.32 M 230.5 M 52
================================================================================
AV 85.2 48.9 7.7 FASTST M M 2 MAX(MPH)
MISC ----> 36 20 48 20
================================================================================
NOTES:
# LAST OF SEVERAL OCCURRENCES
COLUMN 17 PEAK WIND IN M.P.H.
PRELIMINARY LOCAL CLIMATOLOGICAL DATA (WS FORM: F-6) , PAGE 2
STATION: CHADRON NEBRASKA AIRPORT
MONTH: SEPTEMBER
YEAR: 2021
LATITUDE: 42 50 N
LONGITUDE: 103 6 W
[TEMPERATURE DATA] [PRECIPITATION DATA] SYMBOLS USED IN COLUMN 16
AVERAGE MONTHLY: 67.0 TOTAL FOR MONTH: 1.32 1 = FOG OR MIST
DPTR FM NORMAL: 4.2 DPTR FM NORMAL: -0.27 2 = FOG REDUCING VISIBILITY
HIGHEST: 104 ON 10 GRTST 24HR 0.56 ON 19-20 TO 1/4 MILE OR LESS
LOWEST: 38 ON 22 3 = THUNDER
SNOW, ICE PELLETS, HAIL 4 = ICE PELLETS
TOTAL MONTH: M 5 = HAIL
GRTST 24HR M ON M 6 = FREEZING RAIN OR DRIZZLE
GRTST DEPTH: M ON M 7 = DUSTSTORM OR SANDSTORM:
VSBY 1/2 MILE OR LESS
8 = SMOKE OR HAZE
[NO. OF DAYS WITH] [WEATHER - DAYS WITH] 9 = BLOWING SNOW
X = TORNADO
MAX 32 OR BELOW: 0 0.01 INCH OR MORE: 8
MAX 90 OR ABOVE: 13 0.10 INCH OR MORE: 7
MIN 32 OR BELOW: 0 0.50 INCH OR MORE: 0
MIN 0 OR BELOW: 0 1.00 INCH OR MORE: 0
[HDD (BASE 65) ]
TOTAL THIS MO. 60 CLEAR (SCALE 0-3) 24
DPTR FM NORMAL -81 PTCLDY (SCALE 4-7) 5
TOTAL FM JUL 1 64 CLOUDY (SCALE 8-10) 1
DPTR FM NORMAL -100
[CDD (BASE 65) ]
TOTAL THIS MO. 128
DPTR FM NORMAL 52 [PRESSURE DATA]
TOTAL FM JAN 1 1069 HIGHEST SLP 30.51 ON 21
DPTR FM NORMAL 265 LOWEST SLP 29.51 ON 19
[REMARKS]
SEPTEMBER 10...RECORD HIGH 104 DEGREES (PREVIOUS 102 DEGREES IN 1998)
SEPTEMBER 11...RECORD HIGH 99 DEGREES (PREVIOUS 98 DEGREES IN 1998)
SEPTEMBER 18...RECORD HIGH 98 DEGREES (PREVIOUS 95 DEGREES IN 1998)
SEPTEMBER 24...RECORD HIGH 94 DEGREES (PREVIOUS 89 DEGREES IN 1949)
MEAN TEMPERATURE 67 DEGREES TIED 1969 FOR 9TH WARMEST SEPTEMBER
#FINAL-09-21#