423
CXUS54 KLUB 010730
CF6CDS
PRELIMINARY LOCAL CLIMATOLOGICAL DATA (WS FORM: F-6)
STATION: CHILDRESS
MONTH: JULY
YEAR: 2020
LATITUDE: 34 25 N
LONGITUDE: 100 17 W
TEMPERATURE IN F: :PCPN: SNOW: WIND :SUNSHINE: SKY :PK WND
================================================================================
1 2 3 4 5 6A 6B 7 8 9 10 11 12 13 14 15 16 17 18
12Z AVG MX 2MIN
DY MAX MIN AVG DEP HDD CDD WTR SNW DPTH SPD SPD DIR MIN PSBL S-S WX SPD DR
================================================================================
1 106 74 90 8 0 25 0.00 0.0 0 10.1 32 140 M M 0 37 140
2 100 72 86 4 0 21 0.00 0.0 0 10.6 22 140 M M 0 30 140
3 100 73 87 5 0 22 T 0.0 0 7.6 22 190 M M 1 27 190
4 100 72 86 3 0 21 1.17 0.0 0 6.9 25 270 M M 1 138 35 60
5 91 70 81 -2 0 16 0.12 0.0 0 6.0 23 320 M M 2 13 27 320
6 91 71 81 -2 0 16 T 0.0 0 6.4 14 130 M M 4 22 80
7 91 71 81 -2 0 16 0.00 0.0 0 5.6 13 130 M M 3 12 18 130
8 99 72 86 3 0 21 0.00 0.0 0 10.7 18 180 M M 0 26 180
9 105 76 91 8 0 26 0.20 0.0 0 14.6 35 320 M M 0 38 42 320
10 97 76 87 4 0 22 0.00 0.0 0 11.7 24 150 M M 0 8 34 150
11 106 74 90 7 0 25 0.00 0.0 0 10.4 23 190 M M 0 8 29 200
12 104 76 90 7 0 25 T 0.0 0 13.9 32 140 M M 1 8 41 140
13 110 78 94 10 0 29 0.00 0.0 0 10.3 32 250 M M 0 47 220
14 112 85 99 15 0 34 0.00 0.0 0 15.6 29 200 M M 0 37 210
15 102 77 90 6 0 25 0.00 0.0 0 6.7 20 360 M M 0 24 350
16 103 73 88 4 0 23 T 0.0 0 8.7 33 360 M M 0 40 10
17 104 77 91 7 0 26 0.00 0.0 0 12.4 23 180 M M 0 34 180
18 100 74 87 3 0 22 0.00 0.0 0 13.0 23 140 M M 0 30 130
19 99 75 87 3 0 22 0.00 0.0 0 11.6 21 150 M M 0 25 150
20 98 74 86 2 0 21 0.01 0.0 0 7.6 23 270 M M 1 3 27 270
21 86 74 80 -4 0 15 0.12 0.0 0 7.8 17 130 M M 4 24 170
22 94 72 83 -1 0 18 0.04 0.0 0 6.8 15 200 M M 3 13 20 210
23 97 73 85 1 0 20 0.00 0.0 0 8.1 22 130 M M 1 3 31 150
24 96 74 85 1 0 20 0.01 0.0 0 11.3 20 130 M M 2 3 25 140
25 95 72 84 0 0 19 0.00 0.0 0 9.9 20 140 M M 1 25 140
26 96 71 84 0 0 19 0.00 0.0 0 8.9 17 210 M M 1 25 180
27 99 74 87 3 0 22 0.01 0.0 0 8.8 23 360 M M 2 3 28 360
28 91 72 82 -2 0 17 0.02 0.0 0 6.1 18 200 M M 3 3 23 200
29 103 74 89 5 0 24 0.00 0.0 0 10.4 20 240 M M 1 30 250
30 100 73 87 3 0 22 0.00 0.0 0 9.8 25 10 M M 1 29 360
31 94 66 80 -4 0 15 0.00 0.0 0 12.6 23 10 M M 0 28 20
================================================================================
SM 3069 2285 0 669 1.70 0.0 300.9 M 32
================================================================================
AV 99.0 73.7 9.7 FASTST M M 1 MAX(MPH)
MISC ----> 35 320 47 220
================================================================================
NOTES:
# LAST OF SEVERAL OCCURRENCES
COLUMN 17 PEAK WIND IN M.P.H.
PRELIMINARY LOCAL CLIMATOLOGICAL DATA (WS FORM: F-6) , PAGE 2
STATION: CHILDRESS
MONTH: JULY
YEAR: 2020
LATITUDE: 34 25 N
LONGITUDE: 100 17 W
[TEMPERATURE DATA] [PRECIPITATION DATA] SYMBOLS USED IN COLUMN 16
AVERAGE MONTHLY: 86.4 TOTAL FOR MONTH: 1.70 1 = FOG OR MIST
DPTR FM NORMAL: 3.1 DPTR FM NORMAL: -0.25 2 = FOG REDUCING VISIBILITY
HIGHEST: 112 ON 14 GRTST 24HR 1.17 ON 4- 4 TO 1/4 MILE OR LESS
LOWEST: 66 ON 31 3 = THUNDER
SNOW, ICE PELLETS, HAIL 4 = ICE PELLETS
TOTAL MONTH: 0.0 INCH 5 = HAIL
GRTST 24HR 0.0 6 = FREEZING RAIN OR DRIZZLE
GRTST DEPTH: 0 7 = DUSTSTORM OR SANDSTORM:
VSBY 1/2 MILE OR LESS
8 = SMOKE OR HAZE
[NO. OF DAYS WITH] [WEATHER - DAYS WITH] 9 = BLOWING SNOW
X = TORNADO
MAX 32 OR BELOW: 0 0.01 INCH OR MORE: 9
MAX 90 OR ABOVE: 30 0.10 INCH OR MORE: 4
MIN 32 OR BELOW: 0 0.50 INCH OR MORE: 1
MIN 0 OR BELOW: 0 1.00 INCH OR MORE: 1
[HDD (BASE 65) ]
TOTAL THIS MO. 0 CLEAR (SCALE 0-3) 29
DPTR FM NORMAL 0 PTCLDY (SCALE 4-7) 2
TOTAL FM JUL 1 0 CLOUDY (SCALE 8-10) 0
DPTR FM NORMAL 0
[CDD (BASE 65) ]
TOTAL THIS MO. 669
DPTR FM NORMAL 100 [PRESSURE DATA]
TOTAL FM JAN 1 1500 HIGHEST SLP M ON M
DPTR FM NORMAL 198 LOWEST SLP 29.57 ON 14
[REMARKS]
#FINAL-07-20#