300
CXUS55 KGJT 010910
CF6CEZ
PRELIMINARY LOCAL CLIMATOLOGICAL DATA (WS FORM: F-6)
STATION: CORTEZ CO
MONTH: MARCH
YEAR: 2021
LATITUDE: 37 17 N
LONGITUDE: 108 38 W
TEMPERATURE IN F: :PCPN: SNOW: WIND :SUNSHINE: SKY :PK WND
================================================================================
1 2 3 4 5 6A 6B 7 8 9 10 11 12 13 14 15 16 17 18
12Z AVG MX 2MIN
DY MAX MIN AVG DEP HDD CDD WTR SNW DPTH SPD SPD DIR MIN PSBL S-S WX SPD DR
================================================================================
1 46 11 29 -6 36 0 0.00 M M 4.9 13 200 M M 0 18 200
2 55 13 34 -2 31 0 0.00 M M 4.4 14 200 M M 0 17 210
3 61 16 39 3 26 0 0.01 M M 8.0 35 130 M M 1 49 120
4 47 28 38 2 27 0 0.09 M M 6.1 25 210 M M 6 12 32 210
5 58 25 42 6 23 0 0.00 M M 4.6 13 220 M M 0 18 260
6 62 24 43 6 22 0 0.00 M M 6.9 22 130 M M 0 30 120
7 65 23 44 7 21 0 0.00 M M 4.1 15 220 M M 0 22 210
8 66 33 50 13 15 0 T M M 7.8 21 180 M M 3 32 230
9 59 27 43 6 22 0 T M M 11.2 28 200 M M 4 3 38 170
10 50 29 40 2 25 0 0.00 M M 9.3 28 220 M M 5 40 220
11 50 22 36 -2 29 0 0.00 M M 8.3 24 180 M M 6 32 170
12 57 24 41 3 24 0 0.00 M M 7.3 30 180 M M 4 44 180
13 34 22 28 -10 37 0 0.41 M M 5.7 20 220 M M 9 12 23 210
14 40 29 35 -4 30 0 0.05 M M 11.8 23 310 M M 9 18 31 300
15 53 26 40 1 25 0 T M M 5.6 36 200 M M 3 48 200
16 46 29 38 -1 27 0 0.16 M M 4.6 24 180 M M 7 123 34 180
17 53 25 39 -1 26 0 0.00 M M 6.6 16 340 M M 1 26 360
18 59 22 41 1 24 0 0.00 M M 3.7 10 220 M M 2 14 200
19 66 26 46 6 19 0 0.00 M M 5.4 17 210 M M 1 22 230
20 67 27 47 7 18 0 T M M 11.8 31 210 M M 2 44 210
21 57 35 46 6 19 0 0.01 M M 7.8 22 210 M M 8 30 200
22 53 29 41 0 24 0 T M M 9.2 22 290 M M 5 31 310
23 46 26 36 -5 29 0 0.12 M M 6.0 22 210 M M 8 12 26 210
24 42 28 35 -6 30 0 0.23 M M 4.0 14 200 M M 8 1 19 190
25 45 27 36 -6 29 0 0.07 M M 7.1 30 210 M M 8 1 46 200
26 46 28 37 -5 28 0 0.09 M M 2.7 16 290 M M 5 1 20 290
27 54 24 39 -3 26 0 0.00 M M 8.7 21 340 M M 0 31 330
28 61 24 43 1 22 0 0.00 M M 4.5 13 50 M M 0 17 260
29 67 24 46 4 19 0 0.00 M M M M M M M M M M
30 50 25 38 -5 27 0 0.00 M M M M M M M M M M
31 58 17 38 -5 27 0 0.00 M M 6.8 14 200 M M 0 18 200
================================================================================
SM 1673 768 787 0 1.24 M 194.9 M 105
================================================================================
AV 54.0 24.8 6.7 FASTST M M 4 MAX(MPH)
MISC ----> 36 200 49 120
================================================================================
NOTES:
# LAST OF SEVERAL OCCURRENCES
COLUMN 17 PEAK WIND IN M.P.H.
PRELIMINARY LOCAL CLIMATOLOGICAL DATA (WS FORM: F-6) , PAGE 2
STATION: CORTEZ CO
MONTH: MARCH
YEAR: 2021
LATITUDE: 37 17 N
LONGITUDE: 108 38 W
[TEMPERATURE DATA] [PRECIPITATION DATA] SYMBOLS USED IN COLUMN 16
AVERAGE MONTHLY: 39.4 TOTAL FOR MONTH: 1.24 1 = FOG OR MIST
DPTR FM NORMAL: 0.2 DPTR FM NORMAL: 0.05 2 = FOG REDUCING VISIBILITY
HIGHEST: 67 ON 29,20 GRTST 24HR 0.42 ON 13-14 TO 1/4 MILE OR LESS
LOWEST: 11 ON 1 3 = THUNDER
SNOW, ICE PELLETS, HAIL 4 = ICE PELLETS
TOTAL MONTH: M 5 = HAIL
GRTST 24HR M ON M 6 = FREEZING RAIN OR DRIZZLE
GRTST DEPTH: M ON M 7 = DUSTSTORM OR SANDSTORM:
VSBY 1/2 MILE OR LESS
8 = SMOKE OR HAZE
[NO. OF DAYS WITH] [WEATHER - DAYS WITH] 9 = BLOWING SNOW
X = TORNADO
MAX 32 OR BELOW: 0 0.01 INCH OR MORE: 10
MAX 90 OR ABOVE: 0 0.10 INCH OR MORE: 4
MIN 32 OR BELOW: 29 0.50 INCH OR MORE: 0
MIN 0 OR BELOW: 0 1.00 INCH OR MORE: 0
[HDD (BASE 65) ]
TOTAL THIS MO. 787 CLEAR (SCALE 0-3) 14
DPTR FM NORMAL -13 PTCLDY (SCALE 4-7) 12
TOTAL FM JUL 1 5491 CLOUDY (SCALE 8-10) 5
DPTR FM NORMAL -40
[CDD (BASE 65) ]
TOTAL THIS MO. 0
DPTR FM NORMAL 0 [PRESSURE DATA]
TOTAL FM JAN 1 0 HIGHEST SLP M ON M
DPTR FM NORMAL 0 LOWEST SLP 29.61 ON 16
[REMARKS]
#FINAL-03-21#