916
CXUS55 KGJT 011010
CF6CEZ
PRELIMINARY LOCAL CLIMATOLOGICAL DATA (WS FORM: F-6)
STATION: CORTEZ CO
MONTH: FEBRUARY
YEAR: 2021
LATITUDE: 37 17 N
LONGITUDE: 108 38 W
TEMPERATURE IN F: :PCPN: SNOW: WIND :SUNSHINE: SKY :PK WND
================================================================================
1 2 3 4 5 6A 6B 7 8 9 10 11 12 13 14 15 16 17 18
12Z AVG MX 2MIN
DY MAX MIN AVG DEP HDD CDD WTR SNW DPTH SPD SPD DIR MIN PSBL S-S WX SPD DR
================================================================================
1 47 23 35 6 30 0 0.00 M M 3.4 13 220 M M 4 16 220
2 54 34 44 14 21 0 0.00 M M 2.8 10 210 M M 10 15 220
3 57 33 45 15 20 0 T M M 9.0 28 230 M M 5 42 250
4 42 21 32 2 33 0 T M M 7.6 18 340 M M 2 29 320
5 42 15 29 -1 36 0 T M M 6.0 17 310 M M 2 24 310
6 46 19 33 3 32 0 0.00 M M 6.2 17 300 M M 2 23 290
7 52 17 35 5 30 0 0.00 M M 6.2 14 280 M M 0 18 290
8 55 15 35 5 30 0 0.00 M M 5.2 13 290 M M 0 8 17 310
9 55 32 44 13 21 0 0.00 M M 7.7 23 290 M M 7 34 210
10 49 26 38 7 27 0 0.00 M M 4.1 12 290 M M 9 15 280
11 53 18 36 5 29 0 0.00 M M 5.1 21 290 M M 0 26 300
12 46 25 36 5 29 0 0.00 M M 4.8 18 210 M M 7 25 190
13 36 19 28 -4 37 0 0.33 M M 5.4 20 200 M M 7 1 27 200
14 32 7 20 -12 45 0 0.58 M M 5.2 13 330 M M 9 128 19 310
15 32 5 19 -13 46 0 0.04 M M 2.7 9 60 M M 8 128 11 80
16 35 13 24 -8 41 0 0.22 M M 6.0 22 350 M M 7 128 34 360
17 35 5 20 -12 45 0 0.00 M M 7.0 14 50 M M 2 17 270
18 34 2 18 -15 47 0 0.00 M M 7.7 15 330 M M 0 24 320
19 41 5 23 -10 42 0 0.00 M M 3.6 10 60 M M 2 12 200
20 48 11 30 -3 35 0 0.00 M M 6.8 25 340 M M 2 36 350
21 38 15 27 -6 38 0 0.00 M M 7.6 17 330 M M 1 25 310
22 47 14 31 -3 34 0 0.00 M M 7.8 18 280 M M 0 27 280
23 51 18 35 1 30 0 0.00 M M 5.7 15 310 M M 0 20 300
24 52 20 36 2 29 0 0.00 M M 5.9 14 190 M M 1 18 200
25 48 23 36 2 29 0 0.00 M M 4.7 20 280 M M 1 26 280
26 47 18 33 -1 32 0 0.00 M M 4.1 15 210 M M 0 22 210
27 40 21 31 -4 34 0 0.00 M M 8.6 24 270 M M 3 33 290
28 39 11 25 -10 40 0 0.00 M M 6.3 21 10 M M 1 29 330
================================================================================
SM 1253 485 942 0 1.17 M 163.2 M 92
================================================================================
AV 44.8 17.3 5.8 FASTST M M 3 MAX(MPH)
MISC ----> 28 230 42 250
================================================================================
NOTES:
# LAST OF SEVERAL OCCURRENCES
COLUMN 17 PEAK WIND IN M.P.H.
PRELIMINARY LOCAL CLIMATOLOGICAL DATA (WS FORM: F-6) , PAGE 2
STATION: CORTEZ CO
MONTH: FEBRUARY
YEAR: 2021
LATITUDE: 37 17 N
LONGITUDE: 108 38 W
[TEMPERATURE DATA] [PRECIPITATION DATA] SYMBOLS USED IN COLUMN 16
AVERAGE MONTHLY: 31.0 TOTAL FOR MONTH: 1.17 1 = FOG OR MIST
DPTR FM NORMAL: -1.0 DPTR FM NORMAL: 0.29 2 = FOG REDUCING VISIBILITY
HIGHEST: 57 ON 3 GRTST 24HR 0.89 ON 13-14 TO 1/4 MILE OR LESS
LOWEST: 2 ON 18 3 = THUNDER
SNOW, ICE PELLETS, HAIL 4 = ICE PELLETS
TOTAL MONTH: M 5 = HAIL
GRTST 24HR M ON M 6 = FREEZING RAIN OR DRIZZLE
GRTST DEPTH: M ON M 7 = DUSTSTORM OR SANDSTORM:
VSBY 1/2 MILE OR LESS
8 = SMOKE OR HAZE
[NO. OF DAYS WITH] [WEATHER - DAYS WITH] 9 = BLOWING SNOW
X = TORNADO
MAX 32 OR BELOW: 2 0.01 INCH OR MORE: 4
MAX 90 OR ABOVE: 0 0.10 INCH OR MORE: 3
MIN 32 OR BELOW: 26 0.50 INCH OR MORE: 1
MIN 0 OR BELOW: 0 1.00 INCH OR MORE: 0
[HDD (BASE 65) ]
TOTAL THIS MO. 942 CLEAR (SCALE 0-3) 18
DPTR FM NORMAL 17 PTCLDY (SCALE 4-7) 7
TOTAL FM JUL 1 4704 CLOUDY (SCALE 8-10) 3
DPTR FM NORMAL -25
[CDD (BASE 65) ]
TOTAL THIS MO. 0
DPTR FM NORMAL 0 [PRESSURE DATA]
TOTAL FM JAN 1 0 HIGHEST SLP 30.53 ON 18
DPTR FM NORMAL 0 LOWEST SLP 29.40 ON 14
[REMARKS]
#FINAL-02-21#