000
CXUS55 KGJT 011537
CLMCEZ
CLIMATE REPORT
NATIONAL WEATHER SERVICE GRAND JUNCTION CO
837 AM MST THU FEB 01 2024
...................................
...THE CORTEZ CO CLIMATE SUMMARY FOR THE MONTH OF JANUARY 2024...
CLIMATE NORMAL PERIOD 1991 TO 2020
CLIMATE RECORD PERIOD 9999 TO 9999
WEATHER OBSERVED NORMAL DEPART LAST YEAR`S
VALUE DATE(S) VALUE FROM VALUE DATE(S)
NORMAL
................................................................
TEMPERATURE (F)
HIGHEST 56 01/31 MM MM 53 01/10
LOWEST -9 01/12 MM MM -4 01/19
AVG. MAXIMUM 41.6 41.5 0.1 38.8
AVG. MINIMUM 15.7 13.9 1.8 15.9
MEAN 28.7 27.7 1.0 27.4
DAYS MAX >= 90 0 0.0 0.0 0
DAYS MAX <= 32 5 4.4 0.6 7
DAYS MIN <= 32 30 30.2 -0.2 29
DAYS MIN <= 0 4 3.5 0.5 3
PRECIPITATION (INCHES)
TOTALS 1.06 1.07 -0.01 2.38
DAILY AVG. 0.03 0.03 -0.00 0.08
DAYS >= .01 8 5.9 2.1 13
DAYS >= .10 3 3.3 -0.3 5
DAYS >= .50 0 0.2 -0.2 2
DAYS >= 1.00 0 0.0 0.0 0
GREATEST
24 HR. TOTAL 0.47 01/04 TO 01/04 1.02
SNOWFALL (INCHES)
TOTALS MM MM MM MM
SINCE 7/1 MM MM MM MM
SNOWDEPTH AVG. MM MM
DAYS >= 1.0 MM MM MM MM
GREATEST
SNOW DEPTH MM MM MM
24 HR TOTAL MM MM
DEGREE DAYS
HEATING TOTAL 1119 1156 -37 1157
SINCE 7/1 3445 3751 -306 3688
COOLING TOTAL 0 0 0 0
SINCE 1/1 0 0 0 0
................................................................
WIND (MPH)
AVERAGE WIND SPEED 5.0
HIGHEST WIND SPEED/DIRECTION 23/340 DATE 01/08
HIGHEST GUST SPEED/DIRECTION 33/200 DATE 01/11
SKY COVER
POSSIBLE SUNSHINE (PERCENT) MM
AVERAGE SKY COVER 0.36
NUMBER OF DAYS FAIR 19
NUMBER OF DAYS PC 4
NUMBER OF DAYS CLOUDY 8
AVERAGE RH (PERCENT) 68
WEATHER CONDITIONS. NUMBER OF DAYS WITH
THUNDERSTORM 0 MIXED PRECIP 0
HEAVY RAIN 0 RAIN 0
LIGHT RAIN 3 FREEZING RAIN 0
LT FREEZING RAIN 0 HAIL 0
HEAVY SNOW 2 SNOW 5
LIGHT SNOW 7 SLEET 0
FOG 11 FOG W/VIS <= 1/4 MILE 3
HAZE 2
- INDICATES NEGATIVE NUMBERS.
R INDICATES RECORD WAS SET OR TIED.
MM INDICATES DATA IS MISSING.
T INDICATES TRACE AMOUNT.
$$