000
CXUS53 KPAH 010700
CF6CGI
PRELIMINARY LOCAL CLIMATOLOGICAL DATA (WS FORM: F-6)
STATION: CAPE GIRARDEAU MO
MONTH: AUGUST
YEAR: 2022
LATITUDE: 37 13 N
LONGITUDE: 89 35 W
TEMPERATURE IN F: :PCPN: SNOW: WIND :SUNSHINE: SKY :PK WND
================================================================================
1 2 3 4 5 6A 6B 7 8 9 10 11 12 13 14 15 16 17 18
12Z AVG MX 2MIN
DY MAX MIN AVG DEP HDD CDD WTR SNW DPTH SPD SPD DIR MIN PSBL S-S WX SPD DR
================================================================================
1 92 76 84 5 0 19 0.00 M M 8.5 14 190 M M 6 18 20 220
2 91 72 82 3 0 17 0.00 M M 8.2 25 110 M M 2 3 35 110
3 93 73 83 4 0 18 0.00 M M 7.4 20 220 M M 0 27 210
4 81 73 77 -2 0 12 0.70 M M 4.7 13 90 M M 6 13 16 70
5 89 71 80 1 0 15 0.25 M M 4.2 15 30 M M 6 13 22 120
6 91 73 82 3 0 17 0.00 M M 6.0 15 210 M M 1 1 22 170
7 92 73 83 4 0 18 0.28 M M 4.8 28 290 M M 3 13 36 280
8 92 73 83 5 0 18 0.14 M M 5.3 36 270 M M 2 13 54 280
9 88 71 80 2 0 15 0.03 M M 5.4 15 320 M M 3 1 20 330
10 87 63 75 -3 0 10 0.00 M M 4.6 14 40 M M 5 1 18 30
11 87 60 74 -4 0 9 0.00 M M 4.3 13 50 M M 1 1 17 50
12 86 61 74 -4 0 9 0.00 M M 6.4 16 60 M M 1 1 21 60
13 86 57 72 -6 0 7 0.00 M M 3.3 12 270 M M 0 12 15 280
14 86 65 76 -2 0 11 0.00 M M 5.6 15 260 M M 2 22 250
15 86 66 76 -2 0 11 0.00 M M 5.4 15 10 M M 4 18 20 50
16 74 64 69 -9 0 4 1.03 M M 3.8 10 20 M M 8 123 13 20
17 86 61 74 -4 0 9 0.00 M M 3.7 14 60 M M 3 12 18 50
18 87 58 73 -4 0 8 0.00 M M 2.7 8 10 M M 1 12 13 360
19 87 59 73 -4 0 8 0.00 M M 1.3 7 280 M M 2 12 11 340
20 88 58 73 -4 0 8 0.00 M M 3.5 13 290 M M 2 12 16 280
21 88 65 77 0 0 12 0.01 M M 4.4 12 360 M M 3 1 20 300
22 88 61 75 -2 0 10 0.00 M M 3.8 10 70 M M 1 1 17 50
23 88 60 74 -2 0 9 0.00 M M 2.9 13 80 M M 3 12 18 80
24 89 58 74 -2 0 9 0.00 M M 2.8 10 40 M M 1 128 14 30
25 92 63 78 2 0 13 0.00 M M 2.3 10 300 M M 2 1 14 300
26 93 64 79 3 0 14 0.00 M M 3.0 14 250 M M 0 1 19 260
27 93 63 78 2 0 13 0.00 M M 2.3 8 150 M M 2 12 11 160
28 91 68 80 5 0 15 T M M 6.8 18 210 M M 1 3 26 210
29 92 72 82 7 0 17 0.71 M M 5.7 20 130 M M 4 138 33 140
30 91 63 77 2 0 12 0.00 M M 4.4 13 20 M M 4 12 16 20
31 88 56 72 -3 0 7 0.00 M M 2.6 12 270 M M 0 12 15 280
================================================================================
SM 2742 2020 0 374 3.15 M 140.1 M 79
================================================================================
AV 88.5 65.2 4.5 FASTST M M 3 MAX(MPH)
MISC ----> 36 270 54 280
================================================================================
NOTES:
# LAST OF SEVERAL OCCURRENCES
COLUMN 17 PEAK WIND IN M.P.H.
PRELIMINARY LOCAL CLIMATOLOGICAL DATA (WS FORM: F-6) , PAGE 2
STATION: CAPE GIRARDEAU MO
MONTH: AUGUST
YEAR: 2022
LATITUDE: 37 13 N
LONGITUDE: 89 35 W
[TEMPERATURE DATA] [PRECIPITATION DATA] SYMBOLS USED IN COLUMN 16
AVERAGE MONTHLY: 76.8 TOTAL FOR MONTH: 3.15 1 = FOG OR MIST
DPTR FM NORMAL: -0.6 DPTR FM NORMAL: -0.08 2 = FOG REDUCING VISIBILITY
HIGHEST: 93 ON 27,26 GRTST 24HR 1.03 ON 16-16 TO 1/4 MILE OR LESS
LOWEST: 56 ON 31 3 = THUNDER
SNOW, ICE PELLETS, HAIL 4 = ICE PELLETS
TOTAL MONTH: M 5 = HAIL
GRTST 24HR M ON M 6 = FREEZING RAIN OR DRIZZLE
GRTST DEPTH: M ON M 7 = DUSTSTORM OR SANDSTORM:
VSBY 1/2 MILE OR LESS
8 = SMOKE OR HAZE
[NO. OF DAYS WITH] [WEATHER - DAYS WITH] 9 = BLOWING SNOW
X = TORNADO
MAX 32 OR BELOW: 0 0.01 INCH OR MORE: 8
MAX 90 OR ABOVE: 12 0.10 INCH OR MORE: 6
MIN 32 OR BELOW: 0 0.50 INCH OR MORE: 3
MIN 0 OR BELOW: 0 1.00 INCH OR MORE: 1
[HDD (BASE 65) ]
TOTAL THIS MO. 0 CLEAR (SCALE 0-3) 21
DPTR FM NORMAL -1 PTCLDY (SCALE 4-7) 10
TOTAL FM JUL 1 0 CLOUDY (SCALE 8-10) 0
DPTR FM NORMAL 0
[CDD (BASE 65) ]
TOTAL THIS MO. 374
DPTR FM NORMAL -9 [PRESSURE DATA]
TOTAL FM JAN 1 1479 HIGHEST SLP M ON M
DPTR FM NORMAL 134 LOWEST SLP 29.82 ON 28
[REMARKS]
#FINAL-08-22#