000
CXUS55 KOHX 020648
CF6CKV
PRELIMINARY LOCAL CLIMATOLOGICAL DATA (WS FORM: F-6)
STATION: CLARKSVILLE
MONTH: JUNE
YEAR: 2020
LATITUDE: 36 37 N
LONGITUDE: 87 25 W
TEMPERATURE IN F: :PCPN: SNOW: WIND :SUNSHINE: SKY :PK WND
================================================================================
1 2 3 4 5 6A 6B 7 8 9 10 11 12 13 14 15 16 17 18
12Z AVG MX 2MIN
DY MAX MIN AVG DEP HDD CDD WTR SNW DPTH SPD SPD DIR MIN PSBL S-S WX SPD DR
================================================================================
1 83 51 67 -4 0 2 0.00 M M 4.6 12 110 M M 0 20 130
2 87 61 74 3 0 9 0.00 M M 5.2 15 230 M M 0 22 220
3 88 63 76 5 0 11 0.00 M M 6.0 15 250 M M 1 21 250
4 86 71 79 7 0 14 1.09 M M 8.9 22 190 M M 6 13 31 220
5 87 69 78 6 0 13 0.00 M M 3.6 13 250 M M 4 1 17 270
6 93 71 82 10 0 17 0.00 M M 2.8 8 80 M M 1 12 140
7 93 68 81 9 0 16 0.00 M M 7.0 16 50 M M 0 1 24 60
8 87 67 77 4 0 12 0.02 M M 10.4 21 110 M M 3 30 110
9 85 74 80 7 0 15 0.43 M M 11.7 20 200 M M 8 1 32 140
10 85 67 76 3 0 11 T M M 14.7 24 270 M M 5 36 260
11 82 60 71 -3 0 6 0.00 M M 6.9 18 360 M M 0 26 340
12 87 56 72 -2 0 7 0.00 M M 5.9 18 30 M M 0 26 10
13 87 59 73 -1 0 8 0.00 M M 1.5 8 30 M M 4 14 250
14 79 59 69 -5 0 4 0.02 M M 5.6 22 20 M M 3 1 33 10
15 80 57 69 -5 0 4 0.00 M M 6.8 17 30 M M 1 24 80
16 83 58 71 -4 0 6 0.00 M M 5.7 16 40 M M 1 24 60
17 82 58 70 -5 0 5 0.00 M M 2.8 13 20 M M 2 1 18 40
18 84 60 72 -3 0 7 T M M 3.6 12 290 M M 4 13 17 310
19 89 63 76 0 0 11 0.00 M M 3.5 12 270 M M 1 128 17 210
20 91 65 78 2 0 13 0.00 M M 3.9 14 200 M M 0 1 19 200
21 81 66 74 -2 0 9 0.53 M M 5.1 16 280 M M 5 13 24 310
22 84 64 74 -2 0 9 0.34 M M 5.8 21 240 M M 4 123 34 260
23 84 66 75 -1 0 10 0.01 M M 7.2 17 290 M M 5 1 25 310
24 84 63 74 -2 0 9 0.00 M M 3.3 12 280 M M 3 1 20 280
25 87 59 73 -4 0 8 0.00 M M 3.4 15 200 M M 1 20 210
26 85 63 74 -3 0 9 0.00 M M 7.8 17 200 M M 3 1 23 190
27 83 71 77 0 0 12 0.69 M M 8.2 22 240 M M 5 138 34 230
28 90 73 82 5 0 17 0.00 0.0 0 9.1 20 260 M M 3 3 29 220
29 90 71 81 4 0 16 0.02 0.0 0 6.8 18 200 M M 1 3 26 120
30 80 67 74 -3 0 9 1.48 0.0 0 5.4 31 320 M M 6 13 45 290
================================================================================
SM 2566 1920 0 299 4.63 0.0 183.2 M 80
================================================================================
AV 85.5 64.0 6.1 FASTST M M 3 MAX(MPH)
MISC ----> # 31 320 # 45 290
================================================================================
NOTES:
# LAST OF SEVERAL OCCURRENCES
COLUMN 17 PEAK WIND IN M.P.H.
PRELIMINARY LOCAL CLIMATOLOGICAL DATA (WS FORM: F-6) , PAGE 2
STATION: CLARKSVILLE
MONTH: JUNE
YEAR: 2020
LATITUDE: 36 37 N
LONGITUDE: 87 25 W
[TEMPERATURE DATA] [PRECIPITATION DATA] SYMBOLS USED IN COLUMN 16
AVERAGE MONTHLY: 74.8 TOTAL FOR MONTH: 4.63 1 = FOG OR MIST
DPTR FM NORMAL: 0.3 DPTR FM NORMAL: 0.15 2 = FOG REDUCING VISIBILITY
HIGHEST: 93 ON 7, 6 GRTST 24HR 1.48 ON 30-30 TO 1/4 MILE OR LESS
LOWEST: 51 ON 1 3 = THUNDER
SNOW, ICE PELLETS, HAIL 4 = ICE PELLETS
TOTAL MONTH: 0.0 INCH 5 = HAIL
GRTST 24HR 0.0 6 = FREEZING RAIN OR DRIZZLE
GRTST DEPTH: 0 7 = DUSTSTORM OR SANDSTORM:
VSBY 1/2 MILE OR LESS
8 = SMOKE OR HAZE
[NO. OF DAYS WITH] [WEATHER - DAYS WITH] 9 = BLOWING SNOW
X = TORNADO
MAX 32 OR BELOW: 0 0.01 INCH OR MORE: 10
MAX 90 OR ABOVE: 5 0.10 INCH OR MORE: 6
MIN 32 OR BELOW: 0 0.50 INCH OR MORE: 4
MIN 0 OR BELOW: 0 1.00 INCH OR MORE: 2
[HDD (BASE 65) ]
TOTAL THIS MO. 0 CLEAR (SCALE 0-3) 17
DPTR FM NORMAL -3 PTCLDY (SCALE 4-7) 13
TOTAL FM JUL 1 3623 CLOUDY (SCALE 8-10) 0
DPTR FM NORMAL -394
[CDD (BASE 65) ]
TOTAL THIS MO. 299
DPTR FM NORMAL 13 [PRESSURE DATA]
TOTAL FM JAN 1 448 HIGHEST SLP 30.29 ON 14
DPTR FM NORMAL 13 LOWEST SLP 29.70 ON 10
[REMARKS]
#FINAL-06-20#