000
CXUS56 KLOX 011655
CF6CMA
PRELIMINARY LOCAL CLIMATOLOGICAL DATA (WS FORM: F-6)
STATION: CAMARILLO AIRPORT CA
MONTH: MAY
YEAR: 2020
LATITUDE: 34 12 N
LONGITUDE: 119 6 W
TEMPERATURE IN F: :PCPN: SNOW: WIND :SUNSHINE: SKY :PK WND
================================================================================
1 2 3 4 5 6A 6B 7 8 9 10 11 12 13 14 15 16 17 18
12Z AVG MX 2MIN
DY MAX MIN AVG DEP HDD CDD WTR SNW DPTH SPD SPD DIR MIN PSBL S-S WX SPD DR
================================================================================
1 74 55 65 5 0 0 0.00 0.0 0 5.4 15 230 M M 0 19 220
2 73 54 64 4 1 0 0.00 0.0 0 4.7 14 240 M M 0 20 250
3 73 54 64 4 1 0 0.00 0.0 0 4.7 16 240 M M 0 8 20 240
4 81 53 67 7 0 2 0.00 0.0 0 4.9 15 230 M M 0 8 19 200
5 85 53 69 9 0 4 0.00 0.0 0 4.0 13 270 M M 0 8 15 270
6 88 55 72 12 0 7 0.00 0.0 0 3.7 13 280 M M 0 8 15 280
7 88 59 74 14 0 9 0.00 0.0 0 4.2 14 240 M M 0 8 18 240
8 77 58 68 7 0 3 0.00 0.0 0 5.3 15 240 M M 2 18 240
9 75 62 69 8 0 4 0.00 0.0 0 5.2 13 240 M M 7 18 19 240
10 70 60 65 4 0 0 0.00 0.0 0 5.3 15 230 M M 9 18 17 240
11 72 59 66 5 0 1 0.00 0.0 0 6.2 18 270 M M 6 8 22 270
12 72 55 64 3 1 0 0.00 0.0 0 7.5 22 270 M M 4 26 270
13 73 52 63 2 2 0 0.00 0.0 0 5.0 16 240 M M 0 20 220
14 77 53 65 4 0 0 0.00 0.0 0 5.3 16 260 M M 0 20 270
15 80 56 68 7 0 3 0.00 0.0 0 5.6 15 240 M M 0 8 18 240
16 79 56 68 6 0 3 0.00 0.0 0 5.2 13 260 M M 0 8 19 260
17 78 56 67 5 0 2 0.00 0.0 0 7.2 18 280 M M 3 8 22 270
18 75 60 68 6 0 3 0.13 0.0 0 10.2 22 280 M M 6 18 25 280
19 72 53 63 1 2 0 0.00 0.0 0 9.1 25 280 M M 0 32 270
20 76 52 64 2 1 0 0.00 0.0 0 5.5 15 240 M M 0 20 250
21 81 54 68 6 0 3 0.00 0.0 0 5.1 17 260 M M 0 20 270
22 74 56 65 3 0 0 0.00 0.0 0 6.3 18 220 M M 1 8 23 220
23 74 58 66 4 0 1 0.00 0.0 0 4.6 17 270 M M 3 21 270
24 76 53 65 3 0 0 0.00 0.0 0 5.4 14 230 M M 0 24 240
25 80 57 69 7 0 4 0.00 0.0 0 4.7 14 210 M M 1 8 17 230
26 75 59 67 5 0 2 0.00 0.0 0 5.4 12 230 M M 4 18 16 220
27 74 60 67 5 0 2 0.00 0.0 0 6.0 15 240 M M 5 18 19 240
28 75 61 68 5 0 3 0.00 0.0 0 6.1 14 220 M M 7 8 22 240
29 71 62 67 4 0 2 0.00 0.0 0 5.7 14 240 M M 10 8 18 240
30 76 60 68 5 0 3 0.00 0.0 0 7.1 17 240 M M 3 24 230
31 77 61 69 6 0 4 0.00 0.0 0 5.1 16 260 M M 4 20 260
================================================================================
SM 2371 1756 8 65 0.13 0.0 175.7 M 75
================================================================================
AV 76.5 56.7 5.7 FASTST M M 2 MAX(MPH)
MISC ----> # 25 280 # 32 270
================================================================================
NOTES:
# LAST OF SEVERAL OCCURRENCES
COLUMN 17 PEAK WIND IN M.P.H.
PRELIMINARY LOCAL CLIMATOLOGICAL DATA (WS FORM: F-6) , PAGE 2
STATION: CAMARILLO AIRPORT CA
MONTH: MAY
YEAR: 2020
LATITUDE: 34 12 N
LONGITUDE: 119 6 W
[TEMPERATURE DATA] [PRECIPITATION DATA] SYMBOLS USED IN COLUMN 16
AVERAGE MONTHLY: 66.6 TOTAL FOR MONTH: 0.13 1 = FOG OR MIST
DPTR FM NORMAL: 5.2 DPTR FM NORMAL: -0.18 2 = FOG REDUCING VISIBILITY
HIGHEST: 88 ON 7, 6 GRTST 24HR 0.13 ON 18-18 TO 1/4 MILE OR LESS
LOWEST: 52 ON 20,13 3 = THUNDER
SNOW, ICE PELLETS, HAIL 4 = ICE PELLETS
TOTAL MONTH: 0.0 INCH 5 = HAIL
GRTST 24HR 0.0 6 = FREEZING RAIN OR DRIZZLE
GRTST DEPTH: 0 7 = DUSTSTORM OR SANDSTORM:
VSBY 1/2 MILE OR LESS
8 = SMOKE OR HAZE
[NO. OF DAYS WITH] [WEATHER - DAYS WITH] 9 = BLOWING SNOW
X = TORNADO
MAX 32 OR BELOW: 0 0.01 INCH OR MORE: 1
MAX 90 OR ABOVE: 0 0.10 INCH OR MORE: 1
MIN 32 OR BELOW: 0 0.50 INCH OR MORE: 0
MIN 0 OR BELOW: 0 1.00 INCH OR MORE: 0
[HDD (BASE 65) ]
TOTAL THIS MO. 8 CLEAR (SCALE 0-3) 21
DPTR FM NORMAL -115 PTCLDY (SCALE 4-7) 8
TOTAL FM JUL 1 1296 CLOUDY (SCALE 8-10) 2
DPTR FM NORMAL -647
[CDD (BASE 65) ]
TOTAL THIS MO. 65
DPTR FM NORMAL 54 [PRESSURE DATA]
TOTAL FM JAN 1 123 HIGHEST SLP 30.10 ON 20
DPTR FM NORMAL 92 LOWEST SLP 29.82 ON 7
[REMARKS]
#FINAL-05-20#