000
CXUS56 KLOX 011630
CLMCMA
CLIMATE REPORT
NATIONAL WEATHER SERVICE LOS ANGELES/OXNARD
930 AM PDT THU JUN 01 2023
...................................
...THE CAMARILLO AIRPORT CA CLIMATE SUMMARY FOR THE MONTH OF MAY 2023...
CLIMATE NORMAL PERIOD: 1991 TO 2020
CLIMATE RECORD PERIOD: 1923 TO 2023
WEATHER OBSERVED NORMAL DEPART LAST YEAR`S
VALUE DATE(S) VALUE FROM VALUE
NORMAL
..............................................................
TEMPERATURE (F)
HIGHEST 70 05/29
05/30
05/31
LOWEST 43 05/03
AVG. MAXIMUM 67.6 71.9 -4.3
AVG. MINIMUM 55.0 52.7 2.3
MEAN 61.3 62.3 -1.0
DAYS MAX >= 90 0
DAYS MAX <= 32 0
DAYS MIN <= 32 0
DAYS MIN <= 0 0
PRECIPITATION (INCHES)
TOTALS 0.92 0.33 0.59
DAILY AVG. 0.03
DAYS >= .01 2
DAYS >= .10 2
DAYS >= .50 1
DAYS >= 1.00 0
GREATEST
24 HR. TOTAL 0.92 05/03 TO 05/04
DEGREE DAYS
HEATING TOTAL 104 103 1 114
SINCE 7/1 1984 1526 458 MM
COOLING TOTAL 0 20 -20 8
SINCE 1/1 5 60 -55 MM
..............................................................
WIND (MPH)
AVERAGE WIND SPEED 5.6
HIGHEST WIND SPEED/DIRECTION 23/260 DATE 05/09
HIGHEST GUST SPEED/DIRECTION 40/270 DATE 05/01
SKY COVER
POSSIBLE SUNSHINE (PERCENT) MM
AVERAGE SKY COVER 0.68
NUMBER OF DAYS FAIR 8
NUMBER OF DAYS PC 5
NUMBER OF DAYS CLOUDY 18
AVERAGE RH (PERCENT) 75
WEATHER CONDITIONS. NUMBER OF DAYS WITH
THUNDERSTORM 0 MIXED PRECIP 0
HEAVY RAIN 2 RAIN 3
LIGHT RAIN 3 FREEZING RAIN 0
LT FREEZING RAIN 0 HAIL 0
HEAVY SNOW 0 SNOW 0
LIGHT SNOW 0 SLEET 0
FOG 14 FOG W/VIS <= 1/4 MILE 0
HAZE 9
- INDICATES NEGATIVE NUMBERS.
R INDICATES RECORD WAS SET OR TIED.
MM INDICATES DATA IS MISSING.
T INDICATES TRACE AMOUNT.
$$