000
CXUS51 KILN 010600
CF6CMH
PRELIMINARY LOCAL CLIMATOLOGICAL DATA (WS FORM: F-6)
STATION: COLUMBUS OH
MONTH: MARCH
YEAR: 2021
LATITUDE: 40 0 N
LONGITUDE: 82 53 W
TEMPERATURE IN F: :PCPN: SNOW: WIND :SUNSHINE: SKY :PK WND
================================================================================
1 2 3 4 5 6A 6B 7 8 9 10 11 12 13 14 15 16 17 18
12Z AVG MX 2MIN
DY MAX MIN AVG DEP HDD CDD WTR SNW DPTH SPD SPD DIR MIN PSBL S-S WX SPD DR
================================================================================
1 56 28 42 5 23 0 0.04 0.0 0 15.3 30 290 M M 8 18 37 290
2 41 20 31 -6 34 0 0.00 0.0 0 6.7 17 330 M M 0 22 340
3 60 25 43 6 22 0 0.00 0.0 0 8.2 20 250 M M 0 25 250
4 44 24 34 -4 31 0 0.00 0.0 0 10.4 22 350 M M 4 18 26 350
5 42 19 31 -7 34 0 0.00 0.0 0 6.9 21 320 M M 1 26 320
6 44 26 35 -3 30 0 0.00 0.0 0 9.1 17 350 M M 1 23 320
7 45 24 35 -4 30 0 0.00 0.0 0 5.8 14 310 M M 1 19 340
8 63 22 43 4 22 0 0.00 0.0 0 7.0 20 230 M M 4 24 240
9 66 37 52 13 13 0 0.00 0.0 0 5.3 18 220 M M 5 23 210
10 72 39 56 16 9 0 0.00 0.0 0 10.6 25 200 M M 7 34 210
11 66 56 61 21 4 0 0.46 0.0 0 13.3 28 220 M M 10 1 36 230
12 60 40 50 10 15 0 0.01 0.0 0 8.7 20 340 M M 8 1 28 320
13 52 30 41 0 24 0 0.00 0.0 0 4.7 14 350 M M 4 16 350
14 56 29 43 2 22 0 0.00 0.0 0 8.6 22 40 M M 6 29 40
15 40 26 33 -9 32 0 0.02 0.0 0 11.5 21 80 M M 9 26 120
16 55 39 47 5 18 0 0.07 0.0 0 6.6 17 300 M M 10 1 22 310
17 64 37 51 9 14 0 T 0.0 0 5.1 12 50 M M 9 18 16 170
18 54 39 47 4 18 0 1.12 0.0 0 13.7 29 10 M M 10 1 41 20
19 50 31 41 -2 24 0 0.00 0.0 0 13.9 25 30 M M 3 34 20
20 60 26 43 0 22 0 0.00 0.0 0 3.8 12 110 M M 0 16 90
21 66 37 52 8 13 0 0.00 0.0 0 5.2 14 120 M M 0 18 110
22 70 40 55 11 10 0 0.00 0.0 0 6.4 14 150 M M 3 19 160
23 70 49 60 16 5 0 0.00 0.0 0 9.2 16 130 M M 8 20 110
24 75 55 65 20 0 0 T 0.0 0 10.8 26 230 M M 7 34 240
25 72 45 59 14 6 0 0.02 0.0 0 7.5 22 190 M M 8 31 210
26 65 49 57 11 8 0 T 0.0 0 15.6 41 220 M M 9 52 220
27 71 41 56 10 9 0 0.00 0.0 0 6.9 16 190 M M 3 1 22 200
28 59 36 48 2 17 0 0.71 0.0 0 13.9 32 280 M M 10 13 41 270
29 54 30 42 -5 23 0 0.00 0.0 0 6.5 13 210 M M 1 17 230
30 74 41 58 11 7 0 T 0.0 0 11.1 25 220 M M 4 33 220
31 63 37 50 2 15 0 0.40 0.0 0 14.6 29 330 M M 9 1 35 330
================================================================================
SM 1829 1077 554 0 2.85 0.0 282.9 M 162
================================================================================
AV 59.0 34.7 9.1 FASTST M M 5 MAX(MPH)
MISC ----> 41 220 52 220
================================================================================
NOTES:
# LAST OF SEVERAL OCCURRENCES
COLUMN 17 PEAK WIND IN M.P.H.
PRELIMINARY LOCAL CLIMATOLOGICAL DATA (WS FORM: F-6) , PAGE 2
STATION: COLUMBUS OH
MONTH: MARCH
YEAR: 2021
LATITUDE: 40 0 N
LONGITUDE: 82 53 W
[TEMPERATURE DATA] [PRECIPITATION DATA] SYMBOLS USED IN COLUMN 16
AVERAGE MONTHLY: 46.9 TOTAL FOR MONTH: 2.85 1 = FOG OR MIST
DPTR FM NORMAL: 5.0 DPTR FM NORMAL: -0.17 2 = FOG REDUCING VISIBILITY
HIGHEST: 75 ON 24 GRTST 24HR 1.12 ON 17-18 TO 1/4 MILE OR LESS
LOWEST: 19 ON 5 3 = THUNDER
SNOW, ICE PELLETS, HAIL 4 = ICE PELLETS
TOTAL MONTH: 0.0 INCH 5 = HAIL
GRTST 24HR 0.0 6 = FREEZING RAIN OR DRIZZLE
GRTST DEPTH: 0 7 = DUSTSTORM OR SANDSTORM:
VSBY 1/2 MILE OR LESS
8 = SMOKE OR HAZE
[NO. OF DAYS WITH] [WEATHER - DAYS WITH] 9 = BLOWING SNOW
X = TORNADO
MAX 32 OR BELOW: 0 0.01 INCH OR MORE: 9
MAX 90 OR ABOVE: 0 0.10 INCH OR MORE: 4
MIN 32 OR BELOW: 14 0.50 INCH OR MORE: 2
MIN 0 OR BELOW: 0 1.00 INCH OR MORE: 1
[HDD (BASE 65) ]
TOTAL THIS MO. 554 CLEAR (SCALE 0-3) 9
DPTR FM NORMAL -162 PTCLDY (SCALE 4-7) 14
TOTAL FM JUL 1 4467 CLOUDY (SCALE 8-10) 8
DPTR FM NORMAL -244
[CDD (BASE 65) ]
TOTAL THIS MO. 0
DPTR FM NORMAL 0 [PRESSURE DATA]
TOTAL FM JAN 1 0 HIGHEST SLP 30.58 ON 20
DPTR FM NORMAL 0 LOWEST SLP 29.51 ON 26
[REMARKS]
#FINAL-03-21#