000
CXUS53 KILX 011000
CF6CMI
PRELIMINARY LOCAL CLIMATOLOGICAL DATA (WS FORM: F-6)
STATION: CHAMPAIGN IL AIRPORT
MONTH: NOVEMBER
YEAR: 2023
LATITUDE: 40 1 N
LONGITUDE: 88 17 W
TEMPERATURE IN F: :PCPN: SNOW: WIND :SUNSHINE: SKY :PK WND
================================================================================
1 2 3 4 5 6A 6B 7 8 9 10 11 12 13 14 15 16 17 18
12Z AVG MX 2MIN
DY MAX MIN AVG DEP HDD CDD WTR SNW DPTH SPD SPD DIR MIN PSBL S-S WX SPD DR
================================================================================
1 45 22 34 -14 31 0 0.00 M M 8.1 15 230 M M 0 20 230
2 57 30 44 -3 21 0 0.00 M M 14.0 21 190 M M 0 30 200
3 63 35 49 2 16 0 0.00 M M 16.6 26 180 M M 3 34 190
4 63 37 50 4 15 0 T M M 6.1 13 200 M M 0 18 200
5 64 32 48 2 17 0 0.00 M M 6.6 14 160 M M 1 12 17 140
6 74 48 61 15 4 0 T M M 14.2 30 230 M M 3 38 210
7 67 43 55 10 10 0 0.00 M M 9.0 20 90 M M 1 25 90
8 80 52 66 21 0 1 0.08 M M 16.6 28 210 M M 7 1 37 210
9 58 41 50 6 15 0 0.00 M M 9.4 21 340 M M 1 27 340
10 54 28 41 -3 24 0 0.00 M M 9.2 18 290 M M 0 24 300
11 53 24 39 -5 26 0 0.00 M M 5.8 15 120 M M 1 20 130
12 61 33 47 4 18 0 0.00 M M 8.9 16 160 M M 3 21 180
13 66 30 48 5 17 0 0.00 M M 7.8 18 320 M M 0 25 330
14 65 30 48 6 17 0 0.00 M M 8.9 18 180 M M 0 24 190
15 69 31 50 8 15 0 0.00 M M 8.4 15 240 M M 0 20 250
16 67 37 52 10 13 0 0.00 M M 13.1 24 180 M M 4 32 180
17 60 32 46 5 19 0 T M M 10.2 21 320 M M 5 1 25 300
18 55 26 41 0 24 0 0.00 M M 5.9 14 250 M M 0 1 18 270
19 62 30 46 6 19 0 0.00 M M 5.4 13 50 M M 0 15 50
20 51 44 48 8 17 0 0.22 M M 14.1 22 80 M M 7 1 30 90
21 45 35 40 0 25 0 0.23 M M 11.7 22 290 M M 10 1 29 300
22 44 31 38 -1 27 0 0.00 M M 9.2 16 230 M M 6 1 20 240
23 51 32 42 3 23 0 0.00 M M 9.2 13 230 M M 0 1 17 20
24 40 30 35 -3 30 0 0.00 M M 11.3 17 10 M M 1 23 40
25 42 27 35 -3 30 0 0.00 M M 5.9 10 80 M M 0 13 80
26 35 28 32 -6 33 0 0.20 M M 11.1 29 270 M M 8 1 38 270
27 32 19 26 -11 39 0 0.00 M M 16.3 28 260 M M 4 38 280
28 26 14 20 -17 45 0 0.00 M M 9.2 18 290 M M 2 23 310
29 50 21 36 -1 29 0 0.00 M M 11.4 17 240 M M 1 22 190
30 55 34 45 9 20 0 0.15 M M 14.2 24 200 M M 5 1 29 190
================================================================================
SM 1654 956 639 1 0.88 M 307.8 M 73
================================================================================
AV 55.1 31.9 10.3 FASTST M M 2 MAX(MPH)
MISC ----> 30 230 # 38 210
================================================================================
NOTES:
# LAST OF SEVERAL OCCURRENCES
COLUMN 17 PEAK WIND IN M.P.H.
PRELIMINARY LOCAL CLIMATOLOGICAL DATA (WS FORM: F-6) , PAGE 2
STATION: CHAMPAIGN IL AIRPORT
MONTH: NOVEMBER
YEAR: 2023
LATITUDE: 40 1 N
LONGITUDE: 88 17 W
[TEMPERATURE DATA] [PRECIPITATION DATA] SYMBOLS USED IN COLUMN 16
AVERAGE MONTHLY: 43.5 TOTAL FOR MONTH: 0.88 1 = FOG OR MIST
DPTR FM NORMAL: 1.6 DPTR FM NORMAL: -2.02 2 = FOG REDUCING VISIBILITY
HIGHEST: 80 ON 8 GRTST 24HR 0.45 ON 20-21 TO 1/4 MILE OR LESS
LOWEST: 14 ON 28 3 = THUNDER
SNOW, ICE PELLETS, HAIL 4 = ICE PELLETS
TOTAL MONTH: M 5 = HAIL
GRTST 24HR M ON M 6 = FREEZING RAIN OR DRIZZLE
GRTST DEPTH: M ON M 7 = DUSTSTORM OR SANDSTORM:
VSBY 1/2 MILE OR LESS
8 = SMOKE OR HAZE
[NO. OF DAYS WITH] [WEATHER - DAYS WITH] 9 = BLOWING SNOW
X = TORNADO
MAX 32 OR BELOW: 2 0.01 INCH OR MORE: 5
MAX 90 OR ABOVE: 0 0.10 INCH OR MORE: 4
MIN 32 OR BELOW: 19 0.50 INCH OR MORE: 0
MIN 0 OR BELOW: 0 1.00 INCH OR MORE: 0
[HDD (BASE 65) ]
TOTAL THIS MO. 639 CLEAR (SCALE 0-3) 19
DPTR FM NORMAL -56 PTCLDY (SCALE 4-7) 10
TOTAL FM JUL 1 948 CLOUDY (SCALE 8-10) 1
DPTR FM NORMAL -156
[CDD (BASE 65) ]
TOTAL THIS MO. 1
DPTR FM NORMAL 0 [PRESSURE DATA]
TOTAL FM JAN 1 1074 HIGHEST SLP 30.49 ON 11
DPTR FM NORMAL 20 LOWEST SLP 29.58 ON 8
[REMARKS]
#FINAL-11-23#