000
CXUS53 KTOP 010810
CF6CNK
PRELIMINARY LOCAL CLIMATOLOGICAL DATA (WS FORM: F-6)
STATION: CONCORDIA KS
MONTH: JULY
YEAR: 2022
LATITUDE: 39 32 N
LONGITUDE: 97 39 W
TEMPERATURE IN F: :PCPN: SNOW: WIND :SUNSHINE: SKY :PK WND
================================================================================
1 2 3 4 5 6A 6B 7 8 9 10 11 12 13 14 15 16 17 18
12Z AVG MX 2MIN
DY MAX MIN AVG DEP HDD CDD WTR SNW DPTH SPD SPD DIR MIN PSBL S-S WX SPD DR
================================================================================
1 80 70 75 -3 0 10 0.16 M M 8.2 15 90 M M 6 13 21 90
2 83 68 76 -2 0 11 0.46 M M 8.5 17 120 M M 6 13 24 120
3 92 69 81 3 0 16 T M M 11.2 21 160 M M 5 12 31 180
4 100 77 89 11 0 24 0.00 M M 18.5 29 200 M M 0 39 180
5 100 79 90 12 0 25 T M M 13.7 25 210 M M 0 3 36 200
6 87 70 79 0 0 14 0.30 M M 9.7 20 20 M M 4 13 30 310
7 90 72 81 2 0 16 0.89 M M 5.8 16 10 M M 5 13 25 30
8 88 72 80 1 0 15 0.00 M M 9.6 16 350 M M 4 22 340
9 88 70 79 0 0 14 0.00 M M 6.9 13 130 M M 2 1 16 100
10 96 70 83 4 0 18 0.00 M M 14.8 25 190 M M 0 38 190
11 88 70 79 0 0 14 0.00 M M 9.4 23 190 M M 1 33 50
12 88 63 76 -3 0 11 0.00 M M 5.3 13 30 M M 0 20 80
13 94 70 82 3 0 17 0.00 M M 11.6 18 160 M M 1 26 170
14 101 73 87 8 0 22 0.00 M M 16.6 25 170 M M 0 34 160
15 102 77 90 11 0 25 0.00 M M 7.2 23 190 M M 0 33 190
16 88 73 81 2 0 16 0.19 M M 7.5 28 350 M M 2 3 37 350
17 88 70 79 0 0 14 0.17 M M 6.0 18 140 M M 4 13 22 40
18 94 65 80 1 0 15 0.00 M M 6.4 16 160 M M 1 128 22 170
19 100 71 86 7 0 21 0.00 M M 9.6 25 190 M M 0 35 190
20 93 65 79 0 0 14 0.00 M M 6.5 17 30 M M 0 25 360
21 98 66 82 3 0 17 0.00 M M 7.5 17 320 M M 0 27 330
22 101 69 85 6 0 20 0.00 M M 10.8 24 190 M M 0 8 33 190
23 105 75 90 11 0 25 0.00 M M 15.2 28 200 M M 0 38 180
24 90 71 81 2 0 16 0.12 M M 8.9 17 50 M M 3 13 26 10
25 72 64 68 -11 0 3 1.11 M M 8.6 21 160 M M 9 13 28 160
26 76 66 71 -8 0 6 0.04 M M 5.5 15 160 M M 5 138 17 160
27 88 69 79 0 0 14 0.00 M M 3.9 13 340 M M 2 1 15 90
28 83 67 75 -4 0 10 0.61 M M 8.3 26 290 M M 4 13 37 290
29 79 61 70 -9 0 5 0.00 M M 3.5 9 170 M M 1 11 150
30 83 58 71 -8 0 6 0.00 M M 5.8 13 190 M M 0 18 140
31 93 66 80 1 0 15 0.00 M M 7.9 17 210 M M 2 1 23 210
================================================================================
SM 2808 2146 0 469 4.05 M 278.9 M 67
================================================================================
AV 90.6 69.2 9.0 FASTST M M 2 MAX(MPH)
MISC ----> 29 200 39 180
================================================================================
NOTES:
# LAST OF SEVERAL OCCURRENCES
COLUMN 17 PEAK WIND IN M.P.H.
PRELIMINARY LOCAL CLIMATOLOGICAL DATA (WS FORM: F-6) , PAGE 2
STATION: CONCORDIA KS
MONTH: JULY
YEAR: 2022
LATITUDE: 39 32 N
LONGITUDE: 97 39 W
[TEMPERATURE DATA] [PRECIPITATION DATA] SYMBOLS USED IN COLUMN 16
AVERAGE MONTHLY: 79.9 TOTAL FOR MONTH: 4.05 1 = FOG OR MIST
DPTR FM NORMAL: 1.0 DPTR FM NORMAL: -0.10 2 = FOG REDUCING VISIBILITY
HIGHEST: 105 ON 23 GRTST 24HR 1.23 ON 24-25 TO 1/4 MILE OR LESS
LOWEST: 58 ON 30 3 = THUNDER
SNOW, ICE PELLETS, HAIL 4 = ICE PELLETS
TOTAL MONTH: M 5 = HAIL
GRTST 24HR M ON M 6 = FREEZING RAIN OR DRIZZLE
GRTST DEPTH: M ON M 7 = DUSTSTORM OR SANDSTORM:
VSBY 1/2 MILE OR LESS
8 = SMOKE OR HAZE
[NO. OF DAYS WITH] [WEATHER - DAYS WITH] 9 = BLOWING SNOW
X = TORNADO
MAX 32 OR BELOW: 0 0.01 INCH OR MORE: 10
MAX 90 OR ABOVE: 16 0.10 INCH OR MORE: 9
MIN 32 OR BELOW: 0 0.50 INCH OR MORE: 3
MIN 0 OR BELOW: 0 1.00 INCH OR MORE: 1
[HDD (BASE 65) ]
TOTAL THIS MO. 0 CLEAR (SCALE 0-3) 21
DPTR FM NORMAL 0 PTCLDY (SCALE 4-7) 9
TOTAL FM JUL 1 0 CLOUDY (SCALE 8-10) 1
DPTR FM NORMAL 0
[CDD (BASE 65) ]
TOTAL THIS MO. 469
DPTR FM NORMAL 39 [PRESSURE DATA]
TOTAL FM JAN 1 1074 HIGHEST SLP M ON M
DPTR FM NORMAL 251 LOWEST SLP 29.69 ON 19
[REMARKS]
#FINAL-07-22#