000
CXUS54 KMAF 011535
CF6CNM
PRELIMINARY LOCAL CLIMATOLOGICAL DATA (WS FORM: F-6)
STATION: CARLSBAD
MONTH: JUNE
YEAR: 2022
LATITUDE: 32 20 N
LONGITUDE: 104 15 W
TEMPERATURE IN F: :PCPN: SNOW: WIND :SUNSHINE: SKY :PK WND
================================================================================
1 2 3 4 5 6A 6B 7 8 9 10 11 12 13 14 15 16 17 18
12Z AVG MX 2MIN
DY MAX MIN AVG DEP HDD CDD WTR SNW DPTH SPD SPD DIR MIN PSBL S-S WX SPD DR
================================================================================
1 94 64 79 1 0 14 0.00 M M 10.3 32 40 M M 2 8 38 30
2 80 60 70 -9 0 5 0.14 M M 8.7 24 150 M M 6 13 35 140
3 90 63 77 -2 0 12 0.22 M M 10.2 25 70 M M 3 13 31 80
4 98 63 81 2 0 16 0.00 M M 12.1 26 240 M M 0 33 270
5 99 61 80 1 0 15 0.00 M M 11.3 26 250 M M 0 34 240
6 103 77 90 10 0 25 0.00 M M 10.4 21 250 M M 0 25 250
7 101 65 83 3 0 18 0.00 M M 6.8 28 350 M M 0 8 31 350
8 96 71 84 4 0 19 0.00 M M 9.3 32 50 M M 4 8 41 50
9 98 66 82 2 0 17 0.00 M M 8.0 17 160 M M 0 23 160
10 105 68 87 6 0 22 0.00 M M 8.5 14 180 M M 0 21 170
11 109 69 89 8 0 24 0.00 M M 9.0 22 140 M M 0 27 130
12 111 68 90 9 0 25 0.00 M M 10.3 29 110 M M 0 49 110
13 106 74 90 9 0 25 0.00 M M 11.6 26 130 M M 0 32 130
14 105 72 89 8 0 24 0.00 M M 14.3 30 190 M M 0 39 270
15 102 72 87 6 0 22 0.00 M M 12.0 25 200 M M 0 33 190
16 98 73 86 4 0 21 0.00 M M 12.6 24 140 M M 1 32 140
17 98 76 87 5 0 22 T M M 11.9 25 120 M M 2 3 31 110
18 97 67 82 0 0 17 0.00 M M 11.7 21 150 M M 0 27 150
19 96 69 83 1 0 18 0.01 M M 11.2 26 300 M M 1 3 42 310
20 91 67 79 -3 0 14 0.06 M M 8.4 24 280 M M 4 3 31 270
21 88 68 78 -4 0 13 0.09 M M 12.5 20 320 M M 5 26 300
22 94 67 81 -1 0 16 0.00 M M 10.1 21 140 M M 1 25 150
23 98 66 82 0 0 17 0.00 M M 6.4 13 80 M M 0 24 150
24 101 69 85 3 0 20 0.00 M M 5.8 22 250 M M 1 3 26 270
25 101 70 86 4 0 21 0.00 M M 8.9 30 350 M M 0 38 350
26 92 63 78 -4 0 13 0.36 M M 12.3 25 330 M M 2 13 31 320
27 84 63 74 -8 0 9 T M M 7.9 21 320 M M 4 3 25 320
28 89 67 78 -4 0 13 0.00 M M 7.5 20 110 M M 1 3 25 90
29 91 70 81 -1 0 16 0.00 M M 7.2 16 160 M M 3 23 110
30 97 68 83 1 0 18 0.00 M M 6.6 14 110 M M 0 19 110
================================================================================
SM 2912 2036 0 531 0.88 M 293.8 M 40
================================================================================
AV 97.1 67.9 9.8 FASTST M M 1 MAX(MPH)
MISC ----> # 32 40 49 110
================================================================================
NOTES:
# LAST OF SEVERAL OCCURRENCES
COLUMN 17 PEAK WIND IN M.P.H.
PRELIMINARY LOCAL CLIMATOLOGICAL DATA (WS FORM: F-6) , PAGE 2
STATION: CARLSBAD
MONTH: JUNE
YEAR: 2022
LATITUDE: 32 20 N
LONGITUDE: 104 15 W
[TEMPERATURE DATA] [PRECIPITATION DATA] SYMBOLS USED IN COLUMN 16
AVERAGE MONTHLY: 82.5 TOTAL FOR MONTH: 0.88 1 = FOG OR MIST
DPTR FM NORMAL: 1.5 DPTR FM NORMAL: -0.31 2 = FOG REDUCING VISIBILITY
HIGHEST: 111 ON 12 GRTST 24HR 0.36 ON 2- 3 TO 1/4 MILE OR LESS
LOWEST: 60 ON 2 3 = THUNDER
SNOW, ICE PELLETS, HAIL 4 = ICE PELLETS
TOTAL MONTH: M 5 = HAIL
GRTST 24HR M ON M 6 = FREEZING RAIN OR DRIZZLE
GRTST DEPTH: M ON M 7 = DUSTSTORM OR SANDSTORM:
VSBY 1/2 MILE OR LESS
8 = SMOKE OR HAZE
[NO. OF DAYS WITH] [WEATHER - DAYS WITH] 9 = BLOWING SNOW
X = TORNADO
MAX 32 OR BELOW: 0 0.01 INCH OR MORE: 6
MAX 90 OR ABOVE: 26 0.10 INCH OR MORE: 3
MIN 32 OR BELOW: 0 0.50 INCH OR MORE: 0
MIN 0 OR BELOW: 0 1.00 INCH OR MORE: 0
[HDD (BASE 65) ]
TOTAL THIS MO. 0 CLEAR (SCALE 0-3) 25
DPTR FM NORMAL 0 PTCLDY (SCALE 4-7) 5
TOTAL FM JUL 1 2513 CLOUDY (SCALE 8-10) 0
DPTR FM NORMAL -242
[CDD (BASE 65) ]
TOTAL THIS MO. 531
DPTR FM NORMAL 49 [PRESSURE DATA]
TOTAL FM JAN 1 1006 HIGHEST SLP 30.27 ON 26
DPTR FM NORMAL 189 LOWEST SLP 29.46 ON 6
[REMARKS]
#FINAL-06-22#