980
CXUS54 KMAF 011110
CF6CNM
PRELIMINARY LOCAL CLIMATOLOGICAL DATA (WS FORM: F-6)
STATION: CARLSBAD
MONTH: SEPTEMBER
YEAR: 2020
LATITUDE: 32 20 N
LONGITUDE: 104 15 W
TEMPERATURE IN F: :PCPN: SNOW: WIND :SUNSHINE: SKY :PK WND
================================================================================
1 2 3 4 5 6A 6B 7 8 9 10 11 12 13 14 15 16 17 18
12Z AVG MX 2MIN
DY MAX MIN AVG DEP HDD CDD WTR SNW DPTH SPD SPD DIR MIN PSBL S-S WX SPD DR
================================================================================
1 100 74 87 9 0 22 T M M 11.9 38 350 M M 2 8 46 340
2 94 66 80 2 0 15 0.00 M M 9.3 22 330 M M 0 25 20
3 100 65 83 6 0 18 0.00 M M 6.6 15 110 M M 0 19 90
4 95 67 81 4 0 16 0.00 M M 7.7 18 100 M M 0 26 80
5 90 66 78 1 0 13 0.00 M M 5.7 16 90 M M 1 24 140
6 94 66 80 4 0 15 0.00 M M 7.7 16 170 M M 0 25 150
7 98 64 81 5 0 16 0.00 M M 8.9 22 170 M M 0 28 160
8 94 49 72 -4 0 7 T M M 15.2 36 320 M M 4 38 42 340
9 51 43 47 -29 18 0 T M M 17.6 26 350 M M 10 1 30 350
10 59 44 52 -23 13 0 T M M 9.2 17 340 M M 10 1 20 340
11 74 56 65 -10 0 0 0.00 M M 8.4 15 140 M M 5 20 140
12 85 54 70 -5 0 5 0.00 M M 5.7 13 360 M M 0 16 10
13 83 59 71 -3 0 6 0.00 M M 9.3 21 160 M M 1 25 160
14 76 61 69 -5 0 4 0.10 M M 6.9 16 200 M M 5 20 100
15 83 57 70 -4 0 5 0.00 M M 6.0 16 150 M M 2 23 150
16 91 57 74 1 0 9 T M M 6.8 30 90 M M 1 8 37 90
17 85 60 73 0 0 8 T 0.0 0 6.8 29 80 M M 2 3 39 80
18 84 58 71 -2 0 6 0.00 0.0 0 4.4 15 100 M M 1 20 80
19 82 56 69 -3 0 4 0.00 0.0 0 5.2 16 140 M M 0 19 150
20 84 56 70 -2 0 5 0.00 0.0 0 8.9 15 140 M M 0 20 140
21 84 54 69 -3 0 4 0.00 M M 9.2 16 130 M M 0 8 26 140
22 88 51 70 -1 0 5 0.00 M M 9.0 16 140 M M 0 22 130
23 92 55 74 3 0 9 0.00 M M 5.3 12 190 M M 0 13 170
24 91 57 74 3 0 9 0.00 M M 4.9 14 190 M M 0 19 190
25 97 56 77 7 0 12 0.00 M M 8.8 18 130 M M 0 25 110
26 101 55 78 8 0 13 0.00 M M 7.2 22 260 M M 0 27 240
27 102 63 83 13 0 18 0.00 M M 13.2 29 20 M M 1 8 35 330
28 74 47 61 -8 4 0 0.00 M M 10.7 23 10 M M 5 29 30
29 83 43 63 -6 2 0 0.00 M M 5.7 16 170 M M 0 21 200
30 89 45 67 -2 0 2 0.00 M M 6.4 14 160 M M 0 19 150
================================================================================
SM 2603 1704 37 246 0.10 0.0 248.6 M 50
================================================================================
AV 86.8 56.8 8.3 FASTST M M 2 MAX(MPH)
MISC ----> 38 350 46 340
================================================================================
NOTES:
# LAST OF SEVERAL OCCURRENCES
COLUMN 17 PEAK WIND IN M.P.H.
PRELIMINARY LOCAL CLIMATOLOGICAL DATA (WS FORM: F-6) , PAGE 2
STATION: CARLSBAD
MONTH: SEPTEMBER
YEAR: 2020
LATITUDE: 32 20 N
LONGITUDE: 104 15 W
[TEMPERATURE DATA] [PRECIPITATION DATA] SYMBOLS USED IN COLUMN 16
AVERAGE MONTHLY: 71.8 TOTAL FOR MONTH: 0.10 1 = FOG OR MIST
DPTR FM NORMAL: -1.6 DPTR FM NORMAL: -2.22 2 = FOG REDUCING VISIBILITY
HIGHEST: 102 ON 27 GRTST 24HR 0.10 ON 14-14 TO 1/4 MILE OR LESS
LOWEST: 43 ON 29, 9 3 = THUNDER
SNOW, ICE PELLETS, HAIL 4 = ICE PELLETS
TOTAL MONTH: 0.0 INCH 5 = HAIL
GRTST 24HR 0.0 6 = FREEZING RAIN OR DRIZZLE
GRTST DEPTH: 0 7 = DUSTSTORM OR SANDSTORM:
VSBY 1/2 MILE OR LESS
8 = SMOKE OR HAZE
[NO. OF DAYS WITH] [WEATHER - DAYS WITH] 9 = BLOWING SNOW
X = TORNADO
MAX 32 OR BELOW: 0 0.01 INCH OR MORE: 1
MAX 90 OR ABOVE: 14 0.10 INCH OR MORE: 1
MIN 32 OR BELOW: 0 0.50 INCH OR MORE: 0
MIN 0 OR BELOW: 0 1.00 INCH OR MORE: 0
[HDD (BASE 65) ]
TOTAL THIS MO. 37 CLEAR (SCALE 0-3) 24
DPTR FM NORMAL 25 PTCLDY (SCALE 4-7) 4
TOTAL FM JUL 1 37 CLOUDY (SCALE 8-10) 2
DPTR FM NORMAL 27
[CDD (BASE 65) ]
TOTAL THIS MO. 246
DPTR FM NORMAL -19 [PRESSURE DATA]
TOTAL FM JAN 1 2490 HIGHEST SLP 30.35 ON 10
DPTR FM NORMAL 465 LOWEST SLP 29.50 ON 8
[REMARKS]
#FINAL-09-20#