000
CXUS53 KICT 042213
CF6CNU
PRELIMINARY LOCAL CLIMATOLOGICAL DATA (WS FORM: F-6)
STATION: CHANUTE KS
MONTH: JUNE
YEAR: 2022
LATITUDE: 37 40 N
LONGITUDE: 95 29 W
TEMPERATURE IN F: :PCPN: SNOW: WIND :SUNSHINE: SKY :PK WND
================================================================================
1 2 3 4 5 6A 6B 7 8 9 10 11 12 13 14 15 16 17 18
12Z AVG MX 2MIN
DY MAX MIN AVG DEP HDD CDD WTR SNW DPTH SPD SPD DIR MIN PSBL S-S WX SPD DR
================================================================================
1 69 61 65 -7 0 0 1.01 M M 8.1 18 330 M M 10 13 28 330
2 78 57 68 -5 0 3 0.00 M M 5.4 13 360 M M 1 18 40
3 80 53 67 -6 0 2 0.00 M M 4.3 13 150 M M 0 16 140
4 81 58 70 -3 0 5 T M M 7.5 16 190 M M 2 22 180
5 78 64 71 -3 0 6 0.77 M M 6.7 14 310 M M 5 138 32 320
6 86 66 76 2 0 11 0.57 M M 4.9 16 130 M M 4 13 22 130
7 90 69 80 6 0 15 0.04 M M 4.6 22 300 M M 2 3 32 290
8 82 61 72 -2 0 7 0.19 M M 5.3 25 360 M M 3 13 35 20
9 82 56 69 -6 0 4 0.09 M M 4.2 20 170 M M 3 13 27 170
10 87 66 77 2 0 12 0.01 M M 5.5 26 150 M M 3 35 150
11 93 66 80 5 0 15 0.00 M M 8.8 28 180 M M 0 12 37 180
12 95 79 87 11 0 22 0.00 M M 11.1 20 140 M M 0 27 150
13 97 80 89 13 0 24 0.00 M M 16.8 26 200 M M 0 38 200
14 93 79 86 10 0 21 0.00 M M 17.5 26 190 M M 0 36 180
15 91 80 86 10 0 21 0.00 M M 17.3 28 200 M M 2 37 200
16 96 75 86 9 0 21 0.00 M M 9.5 21 210 M M 0 27 220
17 96 74 85 8 0 20 0.00 M M 7.0 15 170 M M 0 19 150
18 96 73 85 8 0 20 0.00 M M 5.4 18 150 M M 1 27 150
19 93 73 83 6 0 18 0.00 M M 9.9 17 190 M M 1 24 180
20 93 70 82 4 0 17 0.00 M M 11.2 18 200 M M 0 25 210
21 98 73 86 8 0 21 0.00 M M 10.0 18 210 M M 0 25 210
22 93 74 84 6 0 19 0.00 M M 6.7 17 340 M M 4 27 340
23 90 74 82 4 0 17 0.00 M M 8.3 16 110 M M 0 24 110
24 99 74 87 9 0 22 0.00 M M 12.7 22 170 M M 0 32 180
25 101 80 91 13 0 26 0.06 M M 12.4 41 260 M M 1 3 49 270
26 82 64 73 -6 0 8 0.94 M M 8.2 28 310 M M 3 138 35 30
27 82 60 71 -8 0 6 0.00 M M 4.1 9 20 M M 0 12 350
28 88 62 75 -4 0 10 0.00 M M 1.7 10 180 M M 1 16 170
29 90 63 77 -2 0 12 0.00 M M 5.8 12 190 M M 0 16 170
30 92 60 76 -3 0 11 0.00 M M 10.1 20 190 M M 0 26 190
================================================================================
SM 2671 2044 0 416 3.68 M 251.0 M 46
================================================================================
AV 89.0 68.1 8.4 FASTST M M 2 MAX(MPH)
MISC ----> 41 260 49 270
================================================================================
NOTES:
# LAST OF SEVERAL OCCURRENCES
COLUMN 17 PEAK WIND IN M.P.H.
PRELIMINARY LOCAL CLIMATOLOGICAL DATA (WS FORM: F-6) , PAGE 2
STATION: CHANUTE KS
MONTH: JUNE
YEAR: 2022
LATITUDE: 37 40 N
LONGITUDE: 95 29 W
[TEMPERATURE DATA] [PRECIPITATION DATA] SYMBOLS USED IN COLUMN 16
AVERAGE MONTHLY: 78.6 TOTAL FOR MONTH: 3.68 1 = FOG OR MIST
DPTR FM NORMAL: 2.4 DPTR FM NORMAL: -1.94 2 = FOG REDUCING VISIBILITY
HIGHEST: 101 ON 25 GRTST 24HR 3.17 ON 31- 1 TO 1/4 MILE OR LESS
LOWEST: 53 ON 3 3 = THUNDER
SNOW, ICE PELLETS, HAIL 4 = ICE PELLETS
TOTAL MONTH: M 5 = HAIL
GRTST 24HR M ON M 6 = FREEZING RAIN OR DRIZZLE
GRTST DEPTH: M ON M 7 = DUSTSTORM OR SANDSTORM:
VSBY 1/2 MILE OR LESS
8 = SMOKE OR HAZE
[NO. OF DAYS WITH] [WEATHER - DAYS WITH] 9 = BLOWING SNOW
X = TORNADO
MAX 32 OR BELOW: 0 0.01 INCH OR MORE: 9
MAX 90 OR ABOVE: 18 0.10 INCH OR MORE: 5
MIN 32 OR BELOW: 0 0.50 INCH OR MORE: 4
MIN 0 OR BELOW: 0 1.00 INCH OR MORE: 1
[HDD (BASE 65) ]
TOTAL THIS MO. 0 CLEAR (SCALE 0-3) 24
DPTR FM NORMAL -3 PTCLDY (SCALE 4-7) 5
TOTAL FM JUL 1 3694 CLOUDY (SCALE 8-10) 1
DPTR FM NORMAL -529
[CDD (BASE 65) ]
TOTAL THIS MO. 416
DPTR FM NORMAL 77 [PRESSURE DATA]
TOTAL FM JAN 1 639 HIGHEST SLP 30.33 ON 27
DPTR FM NORMAL 132 LOWEST SLP 29.60 ON 11
[REMARKS]
#FINAL-06-22#