000
CXUS55 KGJT 010910
CF6CNY
PRELIMINARY LOCAL CLIMATOLOGICAL DATA (WS FORM: F-6)
STATION: CANYONLANDS AIRPORT UT
MONTH: MAY
YEAR: 2022
LATITUDE: 38 46 N
LONGITUDE: 109 45 W
TEMPERATURE IN F: :PCPN: SNOW: WIND :SUNSHINE: SKY :PK WND
================================================================================
1 2 3 4 5 6A 6B 7 8 9 10 11 12 13 14 15 16 17 18
12Z AVG MX 2MIN
DY MAX MIN AVG DEP HDD CDD WTR SNW DPTH SPD SPD DIR MIN PSBL S-S WX SPD DR
================================================================================
1 79 44 62 5 3 0 0.00 M M 14.0 38 290 M M 2 58 280
2 73 42 58 0 7 0 0.00 M M 8.5 21 210 M M 0 31 210
3 65 40 53 -5 12 0 T M M 16.0 35 300 M M 4 46 280
4 63 28 46 -12 19 0 0.00 M M 2.7 13 180 M M 2 18 130
5 75 36 56 -3 9 0 0.00 M M 2.7 14 210 M M 0 19 230
6 88 45 67 8 0 2 0.00 M M 8.2 23 230 M M 0 35 210
7 88 62 75 16 0 10 0.00 M M 15.1 44 230 M M 0 8 60 230
8 82 51 67 7 0 2 0.00 M M 19.8 47 240 M M 2 8 59 240
9 72 46 59 -1 6 0 0.00 M M 15.1 29 300 M M 1 39 220
10 77 41 59 -1 6 0 0.00 M M 12.3 35 220 M M 0 49 220
11 83 42 63 2 2 0 0.00 M M 18.2 43 190 M M 1 8 56 220
12 67 45 56 -5 9 0 0.00 M M 16.1 32 250 M M 0 42 250
13 76 38 57 -5 8 0 0.00 M M 4.1 16 280 M M 0 26 280
14 86 40 63 1 2 0 0.00 M M 4.5 16 230 M M 0 22 240
15 91 49 70 8 0 5 0.00 M M 4.0 15 240 M M 0 19 340
16 89 58 74 11 0 9 0.00 M M 9.0 20 190 M M 0 27 180
17 91 46 69 6 0 4 0.00 M M 6.9 39 310 M M 0 62 320
18 86 53 70 6 0 5 0.00 M M 6.6 17 270 M M 0 23 310
19 91 52 72 8 0 7 0.00 M M 13.7 39 250 M M 0 55 240
20 71 49 60 -4 5 0 0.00 M M 16.5 32 50 M M 5 42 50
21 65 35 50 -15 15 0 0.00 M M 7.0 18 40 M M 1 23 70
22 79 39 59 -6 6 0 0.00 M M 6.8 23 240 M M 0 31 240
23 70 50 60 -6 5 0 0.00 M M 8.5 23 300 M M 0 28 280
24 76 41 59 -7 6 0 0.00 M M 9.3 31 310 M M 0 44 320
25 79 40 60 -6 5 0 0.00 M M 3.5 13 340 M M 0 17 330
26 91 46 69 2 0 4 0.00 M M 3.6 14 160 M M 0 21 260
27 92 56 74 7 0 9 0.00 M M 8.5 26 260 M M 0 35 280
28 89 65 77 9 0 12 0.00 M M 15.6 33 210 M M 1 56 250
29 72 48 60 -8 5 0 0.04 M M 11.6 36 290 M M 5 38 50 260
30 67 41 54 -14 11 0 0.00 M M 9.4 28 250 M M 4 38 270
31 73 37 55 -14 10 0 0.00 M M 5.5 23 340 M M 0 28 350
================================================================================
SM 2446 1405 151 69 0.04 M 303.3 M 28
================================================================================
AV 78.9 45.3 9.8 FASTST M M 1 MAX(MPH)
MISC ----> 47 240 62 320
================================================================================
NOTES:
# LAST OF SEVERAL OCCURRENCES
COLUMN 17 PEAK WIND IN M.P.H.
PRELIMINARY LOCAL CLIMATOLOGICAL DATA (WS FORM: F-6) , PAGE 2
STATION: CANYONLANDS AIRPORT UT
MONTH: MAY
YEAR: 2022
LATITUDE: 38 46 N
LONGITUDE: 109 45 W
[TEMPERATURE DATA] [PRECIPITATION DATA] SYMBOLS USED IN COLUMN 16
AVERAGE MONTHLY: 62.1 TOTAL FOR MONTH: 0.04 1 = FOG OR MIST
DPTR FM NORMAL: -0.8 DPTR FM NORMAL: -0.56 2 = FOG REDUCING VISIBILITY
HIGHEST: 92 ON 27 GRTST 24HR 0.04 ON 29-29 TO 1/4 MILE OR LESS
LOWEST: 28 ON 4 3 = THUNDER
SNOW, ICE PELLETS, HAIL 4 = ICE PELLETS
TOTAL MONTH: M 5 = HAIL
GRTST 24HR M ON M 6 = FREEZING RAIN OR DRIZZLE
GRTST DEPTH: M ON M 7 = DUSTSTORM OR SANDSTORM:
VSBY 1/2 MILE OR LESS
8 = SMOKE OR HAZE
[NO. OF DAYS WITH] [WEATHER - DAYS WITH] 9 = BLOWING SNOW
X = TORNADO
MAX 32 OR BELOW: 0 0.01 INCH OR MORE: 1
MAX 90 OR ABOVE: 5 0.10 INCH OR MORE: 0
MIN 32 OR BELOW: 1 0.50 INCH OR MORE: 0
MIN 0 OR BELOW: 0 1.00 INCH OR MORE: 0
[HDD (BASE 65) ]
TOTAL THIS MO. 151 CLEAR (SCALE 0-3) 27
DPTR FM NORMAL 16 PTCLDY (SCALE 4-7) 4
TOTAL FM JUL 1 5208 CLOUDY (SCALE 8-10) 0
DPTR FM NORMAL -152
[CDD (BASE 65) ]
TOTAL THIS MO. 69
DPTR FM NORMAL -1 [PRESSURE DATA]
TOTAL FM JAN 1 69 HIGHEST SLP M ON M
DPTR FM NORMAL -4 LOWEST SLP 29.07 ON 8
[REMARKS]
#FINAL-05-22#