000
CXUS51 KGYX 011727
CF6CON
PRELIMINARY LOCAL CLIMATOLOGICAL DATA (WS FORM: F-6)
STATION: CONCORD NH
MONTH: OCTOBER
YEAR: 2023
LATITUDE: 43 12 N
LONGITUDE: 71 30 W
TEMPERATURE IN F: :PCPN: SNOW: WIND :SUNSHINE: SKY :PK WND
================================================================================
1 2 3 4 5 6A 6B 7 8 9 10 11 12 13 14 15 16 17 18
12Z AVG MX 2MIN
DY MAX MIN AVG DEP HDD CDD WTR SNW DPTH SPD SPD DIR MIN PSBL S-S WX SPD DR
================================================================================
1 80 50 65 10 0 0 0.00 0.0 0 2.0 9 310 M M 4 12 13 320
2 76 45 61 6 4 0 0.00 0.0 0 2.1 12 30 M M 2 1 18 30
3 86 43 65 11 0 0 0.00 0.0 0 2.1 10 290 M M 2 12 14 270
4 84 50 67 13 0 2 0.00 0.0 0 2.0 8 190 M M 1 1 12 140
5 79 54 67 14 0 2 0.00 0.0 0 3.1 12 140 M M 4 12 17 110
6 69 60 65 12 0 0 0.20 0.0 0 3.3 10 170 M M 10 1 14 170
7 69 52 61 8 4 0 0.20 0.0 0 6.6 20 290 M M 10 1 27 290
8 64 42 53 1 12 0 0.03 0.0 0 7.3 17 240 M M 5 1 25 230
9 63 36 50 -2 15 0 0.00 0.0 0 3.3 14 200 M M 4 1 20 200
10 60 34 47 -4 18 0 0.00 0.0 0 2.2 12 160 M M 8 16 150
11 64 43 54 3 11 0 T 0.0 0 1.2 8 270 M M 9 12 11 290
12 66 42 54 3 11 0 0.00 0.0 0 3.2 12 310 M M 7 1 20 220
13 61 34 48 -2 17 0 0.00 0.0 0 5.8 17 330 M M 3 25 320
14 61 35 48 -2 17 0 0.00 0.0 0 4.0 13 310 M M 2 18 330
15 61 36 49 -1 16 0 T 0.0 0 8.8 21 320 M M 4 1 28 310
16 61 45 53 4 12 0 0.09 0.0 0 5.0 15 360 M M 9 1 22 340
17 61 45 53 4 12 0 0.00 0.0 0 2.2 9 310 M M 10 1 14 270
18 59 47 53 5 12 0 0.00 0.0 0 1.0 9 160 M M 10 12 160
19 65 43 54 6 11 0 0.01 0.0 0 4.6 14 190 M M 7 12 20 200
20 60 49 55 7 10 0 0.05 0.0 0 4.6 10 110 M M 8 18 110
21 59 53 56 8 9 0 1.16 0.0 0 4.2 18 320 M M 10 1 26 300
22 57 43 50 3 15 0 0.01 0.0 0 10.4 20 270 M M 8 29 270
23 58 34 46 -1 19 0 0.00 0.0 0 5.9 15 320 M M 7 21 310
24 59 30 45 -1 20 0 T 0.0 0 1.3 7 170 M M 5 12 11 100
25 72 37 55 9 10 0 0.00 0.0 0 0.8 7 320 M M 2 10 130
26 75 53 64 18 1 0 T 0.0 0 1.1 8 200 M M 6 10 270
27 79 47 63 18 2 0 0.00 0.0 0 2.0 14 270 M M 2 12 19 270
28 80 46 63 18 2 0 0.00 0.0 0 7.1 20 320 M M 2 1 32 260
29 52 42 47 2 18 0 0.14 0.0 0 3.4 15 330 M M 7 1 22 310
30 47 37 42 -2 23 0 0.78 0.0 0 4.9 15 310 M M 9 1 21 310
31 48 28 38 -6 27 0 0.00 0.0 0 3.4 13 320 M M 3 19 310
================================================================================
SM 2035 1335 328 4 2.67 0.0 118.9 M 180
================================================================================
AV 65.6 43.1 3.8 FASTST M M 6 MAX(MPH)
MISC ----> 21 320 32 260
================================================================================
NOTES:
# LAST OF SEVERAL OCCURRENCES
COLUMN 17 PEAK WIND IN M.P.H.
PRELIMINARY LOCAL CLIMATOLOGICAL DATA (WS FORM: F-6) , PAGE 2
STATION: CONCORD NH
MONTH: OCTOBER
YEAR: 2023
LATITUDE: 43 12 N
LONGITUDE: 71 30 W
[TEMPERATURE DATA] [PRECIPITATION DATA] SYMBOLS USED IN COLUMN 16
AVERAGE MONTHLY: 54.4 TOTAL FOR MONTH: 2.67 1 = FOG OR MIST
DPTR FM NORMAL: 5.1 DPTR FM NORMAL: -1.76 2 = FOG REDUCING VISIBILITY
HIGHEST: 86 ON 3 GRTST 24HR 1.16 ON 20-21 TO 1/4 MILE OR LESS
LOWEST: 28 ON 31 3 = THUNDER
SNOW, ICE PELLETS, HAIL 4 = ICE PELLETS
TOTAL MONTH: 0.0 INCH 5 = HAIL
GRTST 24HR 0.0 6 = FREEZING RAIN OR DRIZZLE
GRTST DEPTH: 0 7 = DUSTSTORM OR SANDSTORM:
VSBY 1/2 MILE OR LESS
8 = SMOKE OR HAZE
[NO. OF DAYS WITH] [WEATHER - DAYS WITH] 9 = BLOWING SNOW
X = TORNADO
MAX 32 OR BELOW: 0 0.01 INCH OR MORE: 10
MAX 90 OR ABOVE: 0 0.10 INCH OR MORE: 5
MIN 32 OR BELOW: 2 0.50 INCH OR MORE: 2
MIN 0 OR BELOW: 0 1.00 INCH OR MORE: 1
[HDD (BASE 65) ]
TOTAL THIS MO. 328 CLEAR (SCALE 0-3) 8
DPTR FM NORMAL -160 PTCLDY (SCALE 4-7) 15
TOTAL FM JUL 1 459 CLOUDY (SCALE 8-10) 8
DPTR FM NORMAL -220
[CDD (BASE 65) ]
TOTAL THIS MO. 4
DPTR FM NORMAL 1 [PRESSURE DATA]
TOTAL FM JAN 1 574 HIGHEST SLP 30.40 ON 24
DPTR FM NORMAL 46 LOWEST SLP 29.10 ON 21
[REMARKS]
#FINAL-10-23#