000
CXUS51 KGYX 091956
CF6CON
PRELIMINARY LOCAL CLIMATOLOGICAL DATA (WS FORM: F-6)
STATION: CONCORD NH
MONTH: JULY
YEAR: 2023
LATITUDE: 43 12 N
LONGITUDE: 71 30 W
TEMPERATURE IN F: :PCPN: SNOW: WIND :SUNSHINE: SKY :PK WND
================================================================================
1 2 3 4 5 6A 6B 7 8 9 10 11 12 13 14 15 16 17 18
12Z AVG MX 2MIN
DY MAX MIN AVG DEP HDD CDD WTR SNW DPTH SPD SPD DIR MIN PSBL S-S WX SPD DR
================================================================================
1 81 63 72 2 0 7 0.00 0.0 0 3.5 10 130 M M 7 18 17 120
2 67 60 64 -6 1 0 0.97 0.0 0 3.0 17 170 M M 9 1 M M
3 81 62 72 2 0 7 1.33 0.0 0 3.0 9 310 M M 4 1 12 320
4 79 64 72 2 0 7 0.44 0.0 0 2.3 12 280 M M 5 13 16 290
5 90 60 75 5 0 10 0.00 0.0 0 2.3 9 240 M M 1 12 13 330
6 92 66 79 8 0 14 0.00 0.0 0 3.1 12 190 M M 2 1 20 130
7 90 70 80 9 0 15 T 0.0 0 5.7 15 170 M M 1 1 20 160
8 88 67 78 7 0 13 0.00 0.0 0 3.7 13 140 M M 4 3 18 140
9 80 69 75 4 0 10 T 0.0 0 4.5 10 110 M M 9 1 18 90
10 72 66 69 -2 0 4 0.37 0.0 0 4.7 12 110 M M 10 1 18 110
11 86 65 76 5 0 11 0.00 0.0 0 5.1 16 310 M M 4 1 27 310
12 89 62 76 5 0 11 0.00 0.0 0 3.4 13 240 M M 1 13 20 250
13 88 63 76 5 0 11 0.51 0.0 0 6.7 20 310 M M 3 13 27 160
14 82 65 74 3 0 9 0.01 0.0 0 4.5 13 160 M M 5 1 18 170
15 86 70 78 7 0 13 0.06 0.0 0 4.4 15 150 M M 5 13 23 150
16 75 72 74 3 0 9 1.53 0.0 0 6.6 12 170 M M 9 1 16 170
17 88 67 78 6 0 13 0.00 0.0 0 4.5 12 210 M M 0 18 17 250
18 87 65 76 4 0 11 0.27 0.0 0 4.6 17 180 M M 2 138 25 200
19 85 63 74 2 0 9 0.00 0.0 0 4.2 14 280 M M 3 12 20 310
20 85 60 73 1 0 8 0.00 0.0 0 3.2 9 200 M M 2 14 220
21 76 59 68 -4 0 3 0.09 0.0 0 2.5 9 90 M M 6 13 14 130
22 82 60 71 -1 0 6 0.00 0.0 0 4.4 13 320 M M 5 19 230
23 86 55 71 -1 0 6 0.00 0.0 0 2.6 12 320 M M 1 12 21 210
24 86 57 72 0 0 7 0.00 0.0 0 2.4 22 260 M M 1 1 32 250
25 86 59 73 1 0 8 0.00 0.0 0 3.3 12 160 M M 1 1 19 190
26 88 61 75 4 0 10 0.00 0.0 0 4.3 14 230 M M 1 23 290
27 85 67 76 5 0 11 0.10 0.0 0 6.0 18 330 M M 4 13 26 310
28 91 64 78 7 0 13 0.00 0.0 0 4.6 13 260 M M 1 17 270
29 89 64 77 6 0 12 0.73 0.0 0 4.0 21 330 M M 3 13 29 310
30 77 52 65 -6 0 0 0.00 0.0 0 7.4 17 320 M M 1 25 300
31 81 51 66 -5 0 1 0.00 0.0 0 4.0 21 300 M M 4 12 31 330
================================================================================
SM 2598 1948 1 269 6.41 0.0 128.5 M 114
================================================================================
AV 83.8 62.8 4.1 FASTST M M 4 MAX(MPH)
MISC ----> 22 260 32 250
================================================================================
NOTES:
# LAST OF SEVERAL OCCURRENCES
COLUMN 17 PEAK WIND IN M.P.H.
PRELIMINARY LOCAL CLIMATOLOGICAL DATA (WS FORM: F-6) , PAGE 2
STATION: CONCORD NH
MONTH: JULY
YEAR: 2023
LATITUDE: 43 12 N
LONGITUDE: 71 30 W
[TEMPERATURE DATA] [PRECIPITATION DATA] SYMBOLS USED IN COLUMN 16
AVERAGE MONTHLY: 73.3 TOTAL FOR MONTH: 6.41 1 = FOG OR MIST
DPTR FM NORMAL: 2.2 DPTR FM NORMAL: 2.79 2 = FOG REDUCING VISIBILITY
HIGHEST: 92 ON 6 GRTST 24HR 1.53 ON 16-16 TO 1/4 MILE OR LESS
LOWEST: 51 ON 31 3 = THUNDER
SNOW, ICE PELLETS, HAIL 4 = ICE PELLETS
TOTAL MONTH: 0.0 INCH 5 = HAIL
GRTST 24HR 0.0 6 = FREEZING RAIN OR DRIZZLE
GRTST DEPTH: 0 7 = DUSTSTORM OR SANDSTORM:
VSBY 1/2 MILE OR LESS
8 = SMOKE OR HAZE
[NO. OF DAYS WITH] [WEATHER - DAYS WITH] 9 = BLOWING SNOW
X = TORNADO
MAX 32 OR BELOW: 0 0.01 INCH OR MORE: 12
MAX 90 OR ABOVE: 4 0.10 INCH OR MORE: 9
MIN 32 OR BELOW: 0 0.50 INCH OR MORE: 5
MIN 0 OR BELOW: 0 1.00 INCH OR MORE: 2
[HDD (BASE 65) ]
TOTAL THIS MO. 1 CLEAR (SCALE 0-3) 16
DPTR FM NORMAL -9 PTCLDY (SCALE 4-7) 11
TOTAL FM JUL 1 1 CLOUDY (SCALE 8-10) 4
DPTR FM NORMAL -3
[CDD (BASE 65) ]
TOTAL THIS MO. 269
DPTR FM NORMAL 69 [PRESSURE DATA]
TOTAL FM JAN 1 362 HIGHEST SLP 30.11 ON 1
DPTR FM NORMAL 46 LOWEST SLP 29.64 ON 29
[REMARKS]
#FINAL-07-23#