000
CXUS55 KPUB 020052
CF6COS
PRELIMINARY LOCAL CLIMATOLOGICAL DATA (WS FORM: F-6)
STATION: COLORADO SPRINGS CO
MONTH: MARCH
YEAR: 2024
LATITUDE: 38 49 N
LONGITUDE: 104 43 W
TEMPERATURE IN F: :PCPN: SNOW: WIND :SUNSHINE: SKY :PK WND
================================================================================
1 2 3 4 5 6A 6B 7 8 9 10 11 12 13 14 15 16 17 18
12Z AVG MX 2MIN
DY MAX MIN AVG DEP HDD CDD WTR SNW DPTH SPD SPD DIR MIN PSBL S-S WX SPD DR
================================================================================
1 66 35 51 14 14 0 0.00 0.0 0 8.8 30 240 M M 3 38 230
2 66 35 51 14 14 0 0.00 0.0 0 18.8 43 220 M M 3 54 220
3 58 30 44 7 21 0 T T 0 14.8 36 210 M M 5 46 220
4 46 23 35 -3 30 0 0.00 0.0 0 11.3 25 170 M M 1 37 180
5 45 24 35 -3 30 0 0.00 0.0 0 8.9 22 140 M M 5 28 140
6 60 22 41 3 24 0 0.00 0.0 0 6.6 22 290 M M 6 28 290
7 53 33 43 4 22 0 0.01 T 0 11.8 24 290 M M 7 13 33 290
8 37 25 31 -8 34 0 0.02 0.4 T 9.9 22 350 M M 8 12 29 330
9 51 17 34 -5 31 0 0.00 0.0 0 5.8 15 200 M M 1 19 190
10 63 24 44 4 21 0 0.00 0.0 0 8.0 18 180 M M 1 22 180
11 64 33 49 9 16 0 0.00 0.0 0 9.1 24 210 M M 5 29 220
12 62 36 49 9 16 0 0.00 0.0 0 10.3 21 210 M M 6 27 160
13 52 34 43 3 22 0 0.16 0.5 0 13.7 23 290 M M 8 1 30 10
14 36 31 34 -7 31 0 1.05 10.2 2 12.2 26 340 M M 10 19 38 350
15 34 28 31 -10 34 0 0.26 2.2 11 8.6 23 150 M M 9 12 27 150
16 44 26 35 -6 30 0 T T 6 11.4 23 330 M M 6 30 350
17 45 34 40 -2 25 0 0.00 0.0 2 8.7 20 20 M M 8 24 340
18 55 30 43 1 22 0 0.00 0.0 T 5.6 15 220 M M 3 20 220
19 62 32 47 5 18 0 0.00 0.0 0 6.9 16 200 M M 2 21 190
20 63 34 49 7 16 0 0.00 0.0 0 10.5 21 180 M M 3 31 180
21 65 32 49 6 16 0 0.00 0.0 0 7.7 18 320 M M 2 26 310
22 59 32 46 3 19 0 0.00 0.0 0 12.3 25 150 M M 5 34 150
23 66 29 48 5 17 0 0.00 0.0 0 11.7 29 200 M M 5 44 230
24 57 25 41 -2 24 0 T T 0 14.5 38 330 M M 7 3 53 330
25 31 19 25 -19 40 0 T T 0 18.2 43 330 M M 9 1 57 340
26 47 16 32 -12 33 0 T T 0 6.8 22 360 M M 4 12 27 360
27 51 24 38 -6 27 0 0.00 0.0 0 6.8 18 270 M M 5 23 80
28 67 27 47 3 18 0 0.00 0.0 0 7.9 30 270 M M 4 38 270
29 64 39 52 8 13 0 0.00 0.0 0 9.0 28 260 M M 5 37 260
30 64 36 50 6 15 0 0.00 0.0 0 11.7 30 160 M M 6 40 170
31 69 35 52 7 13 0 0.00 0.0 0 16.0 37 230 M M 2 49 210
================================================================================
SM 1702 900 706 0 1.50 13.3 324.3 M 154
================================================================================
AV 54.9 29.0 10.5 FASTST M M 5 MAX(MPH)
MISC ----> # 43 330 57 340
================================================================================
NOTES:
# LAST OF SEVERAL OCCURRENCES
COLUMN 17 PEAK WIND IN M.P.H.
PRELIMINARY LOCAL CLIMATOLOGICAL DATA (WS FORM: F-6) , PAGE 2
STATION: COLORADO SPRINGS CO
MONTH: MARCH
YEAR: 2024
LATITUDE: 38 49 N
LONGITUDE: 104 43 W
[TEMPERATURE DATA] [PRECIPITATION DATA] SYMBOLS USED IN COLUMN 16
AVERAGE MONTHLY: 42.0 TOTAL FOR MONTH: 1.50 1 = FOG OR MIST
DPTR FM NORMAL: 0.9 DPTR FM NORMAL: 0.71 2 = FOG REDUCING VISIBILITY
HIGHEST: 69 ON 31 GRTST 24HR 1.11 ON 13-14 TO 1/4 MILE OR LESS
LOWEST: 16 ON 26 3 = THUNDER
SNOW, ICE PELLETS, HAIL 4 = ICE PELLETS
TOTAL MONTH: 13.3 INCHES 5 = HAIL
GRTST 24HR 10.2 ON 14 6 = FREEZING RAIN OR DRIZZLE
GRTST DEPTH: 11 ON 15 7 = DUSTSTORM OR SANDSTORM:
VSBY 1/2 MILE OR LESS
8 = SMOKE OR HAZE
[NO. OF DAYS WITH] [WEATHER - DAYS WITH] 9 = BLOWING SNOW
X = TORNADO
MAX 32 OR BELOW: 1 0.01 INCH OR MORE: 5
MAX 90 OR ABOVE: 0 0.10 INCH OR MORE: 3
MIN 32 OR BELOW: 20 0.50 INCH OR MORE: 1
MIN 0 OR BELOW: 0 1.00 INCH OR MORE: 1
[HDD (BASE 65) ]
TOTAL THIS MO. 706 CLEAR (SCALE 0-3) 10
DPTR FM NORMAL -35 PTCLDY (SCALE 4-7) 15
TOTAL FM JUL 1 4497 CLOUDY (SCALE 8-10) 6
DPTR FM NORMAL -550
[CDD (BASE 65) ]
TOTAL THIS MO. 0
DPTR FM NORMAL 0 [PRESSURE DATA]
TOTAL FM JAN 1 0 HIGHEST SLP 30.45 ON 15
DPTR FM NORMAL 0 LOWEST SLP 29.10 ON 24
[REMARKS]
#FINAL-03-24#