000
CXUS55 KRIW 050359
CF6CPR
PRELIMINARY LOCAL CLIMATOLOGICAL DATA (WS FORM: F-6)
STATION: CASPER WY
MONTH: JANUARY
YEAR: 2022
LATITUDE: 42 55 N
LONGITUDE: 106 28 W
TEMPERATURE IN F: :PCPN: SNOW: WIND :SUNSHINE: SKY :PK WND
================================================================================
1 2 3 4 5 6A 6B 7 8 9 10 11 12 13 14 15 16 17 18
12Z AVG MX 2MIN
DY MAX MIN AVG DEP HDD CDD WTR SNW DPTH SPD SPD DIR MIN PSBL S-S WX SPD DR
================================================================================
1 18 -5 7 -17 58 0 T 0.1 1 14.3 29 210 M M 3 8 40 210
2 31 12 22 -2 43 0 0.00 0.0 T 27.5 41 210 M M 0 56 200
3 39 24 32 8 33 0 0.00 0.0 T 29.2 44 210 M M 0 59 210
4 41 6 24 0 41 0 0.04 0.3 0 17.9 40 250 M M 3 18 59 250
5 22 -9 7 -18 58 0 0.22 4.0 T 10.4 25 30 M M 10 128 31 30
6 36 -12 12 -13 53 0 0.00 0.0 3 4.7 18 210 M M 4 8 23 220
7 47 36 42 17 23 0 0.00 0.0 3 26.2 45 220 M M 0 60 200
8 42 13 28 3 37 0 0.00 0.0 T 13.8 26 300 M M 3 36 320
9 38 13 26 1 39 0 0.00 0.0 T 17.7 30 210 M M 0 40 210
10 44 28 36 11 29 0 0.00 0.0 0 23.2 33 200 M M 0 42 210
11 41 28 35 10 30 0 0.00 0.0 0 21.3 32 210 M M 0 43 220
12 52 31 42 17 23 0 0.00 0.0 0 20.2 32 220 M M 0 43 220
13 51 31 41 16 24 0 0.00 0.0 0 18.7 36 220 M M 1 48 200
14 36 19 28 3 37 0 T T 0 11.2 30 20 M M 9 42 20
15 43 17 30 5 35 0 0.00 0.0 0 22.0 38 210 M M 2 50 210
16 43 28 36 11 29 0 0.00 0.0 0 11.5 23 210 M M 0 32 210
17 53 32 43 18 22 0 0.00 0.0 0 17.4 28 210 M M 0 38 210
18 49 15 32 7 33 0 0.00 0.0 0 15.8 26 210 M M 4 1 35 210
19 15 5 10 -15 55 0 0.02 0.6 T 7.5 15 30 M M 8 1 19 20
20 39 10 25 0 40 0 0.05 0.9 1 19.5 32 210 M M 3 1 43 210
21 34 12 23 -2 42 0 0.44 6.8 4 6.4 28 210 M M 9 12 36 210
22 31 11 21 -4 44 0 0.00 0.0 7 13.9 22 210 M M 0 29 220
23 35 25 30 5 35 0 0.00 0.0 5 20.9 31 200 M M 1 38 210
24 36 9 23 -2 42 0 0.04 0.6 4 7.9 16 30 M M 3 1 21 220
25 27 10 19 -6 46 0 0.06 0.9 5 8.0 16 230 M M 6 18 20 250
26 29 11 20 -5 45 0 0.00 0.0 4 17.3 33 200 M M 0 8 42 200
27 29 14 22 -3 43 0 0.03 0.7 5 9.8 25 210 M M 5 18 35 210
28 32 19 26 1 39 0 0.00 0.0 5 23.6 32 210 M M 0 45 240
29 40 25 33 8 32 0 0.00 0.0 4 19.3 30 200 M M 0 39 210
30 41 26 34 9 31 0 0.00 0.0 3 19.1 30 210 M M 0 38 210
31 42 14 28 3 37 0 0.00 0.0 3 23.1 40 260 M M 1 55 250
================================================================================
SM 1156 498 1178 0 0.90 14.9 519.3 M 75
================================================================================
AV 37.3 16.1 16.8 FASTST M M 2 MAX(MPH)
MISC ----> 45 220 60 200
================================================================================
NOTES:
# LAST OF SEVERAL OCCURRENCES
COLUMN 17 PEAK WIND IN M.P.H.
PRELIMINARY LOCAL CLIMATOLOGICAL DATA (WS FORM: F-6) , PAGE 2
STATION: CASPER WY
MONTH: JANUARY
YEAR: 2022
LATITUDE: 42 55 N
LONGITUDE: 106 28 W
[TEMPERATURE DATA] [PRECIPITATION DATA] SYMBOLS USED IN COLUMN 16
AVERAGE MONTHLY: 26.7 TOTAL FOR MONTH: 0.90 1 = FOG OR MIST
DPTR FM NORMAL: 1.6 DPTR FM NORMAL: 0.41 2 = FOG REDUCING VISIBILITY
HIGHEST: 53 ON 17 GRTST 24HR 0.44 ON 21-21 TO 1/4 MILE OR LESS
LOWEST: -12 ON 6 3 = THUNDER
SNOW, ICE PELLETS, HAIL 4 = ICE PELLETS
TOTAL MONTH: 15.5 INCHES 5 = HAIL
GRTST 24HR 6.8 ON 21-21 6 = FREEZING RAIN OR DRIZZLE
GRTST DEPTH: 7 ON 22 7 = DUSTSTORM OR SANDSTORM:
VSBY 1/2 MILE OR LESS
8 = SMOKE OR HAZE
[NO. OF DAYS WITH] [WEATHER - DAYS WITH] 9 = BLOWING SNOW
X = TORNADO
MAX 32 OR BELOW: 9 0.01 INCH OR MORE: 8
MAX 90 OR ABOVE: 0 0.10 INCH OR MORE: 2
MIN 32 OR BELOW: 30 0.50 INCH OR MORE: 0
MIN 0 OR BELOW: 3 1.00 INCH OR MORE: 0
[HDD (BASE 65) ]
TOTAL THIS MO. 1178 CLEAR (SCALE 0-3) 20
DPTR FM NORMAL -59 PTCLDY (SCALE 4-7) 7
TOTAL FM JUL 1 3677 CLOUDY (SCALE 8-10) 4
DPTR FM NORMAL -616
[CDD (BASE 65) ]
TOTAL THIS MO. 0
DPTR FM NORMAL 0 [PRESSURE DATA]
TOTAL FM JAN 1 0 HIGHEST SLP 30.61 ON 27
DPTR FM NORMAL 0 LOWEST SLP 29.39 ON 7
[REMARKS]
#FINAL-01-22#