000
CXUS54 KFWD 010830
CF6CPT
PRELIMINARY LOCAL CLIMATOLOGICAL DATA (WS FORM: F-6)
STATION: CLEBURNE
MONTH: DECEMBER
YEAR: 2021
LATITUDE: 32 20 N
LONGITUDE: 97 24 W
TEMPERATURE IN F: :PCPN: SNOW: WIND :SUNSHINE: SKY :PK WND
================================================================================
1 2 3 4 5 6A 6B 7 8 9 10 11 12 13 14 15 16 17 18
12Z AVG MX 2MIN
DY MAX MIN AVG DEP HDD CDD WTR SNW DPTH SPD SPD DIR MIN PSBL S-S WX SPD DR
================================================================================
1 77 50 64 14 1 0 0.00 M M 5.8 12 260 M M 0 1 18 300
2 79 45 62 12 3 0 0.00 M M 5.7 10 180 M M 0 16 170
3 77 59 68 19 0 3 0.00 M M 9.5 14 170 M M 2 12 20 220
4 77 59 68 19 0 3 0.03 M M 7.0 13 240 M M 7 123 23 240
5 77 57 67 18 0 2 0.00 M M 9.5 21 180 M M 3 33 200
6 66 41 54 6 11 0 0.00 M M 15.3 28 350 M M 2 36 360
7 59 32 46 -2 19 0 0.00 M M 6.5 10 120 M M 0 17 170
8 59 43 51 3 14 0 0.00 M M 7.0 13 160 M M 3 12 20 160
9 82 59 71 24 0 6 0.00 M M 11.1 15 200 M M 0 1 21 220
10 84 63 74 27 0 9 0.00 M M 9.9 18 180 M M 4 18 24 200
11 70 32 51 4 14 0 0.00 M M 13.1 28 350 M M 1 44 330
12 57 28 43 -4 22 0 0.00 M M 7.5 14 170 M M 0 21 170
13 70 39 55 9 10 0 0.00 M M 9.7 16 170 M M 1 1 23 170
14 77 57 67 21 0 2 0.00 M M 10.6 16 190 M M 7 12 26 170
15 79 66 73 27 0 8 0.00 M M 17.3 24 180 M M 6 1 39 190
16 79 59 69 23 0 4 0.00 M M 9.2 16 180 M M 6 22 180
17 77 61 69 23 0 4 0.00 M M 10.0 16 180 M M 8 23 180
18 70 39 55 9 10 0 0.01 M M 17.5 27 10 M M 3 13 36 340
19 48 32 40 -5 25 0 0.00 M M 8.3 15 10 M M 4 20 10
20 55 39 47 2 18 0 0.00 M M 6.1 9 90 M M 6 M M
21 64 32 48 3 17 0 0.00 M M 6.7 12 190 M M 1 12 15 170
22 63 41 52 7 13 0 0.00 M M 7.0 10 150 M M 3 12 M M
23 77 54 66 21 0 1 0.00 M M 15.2 20 170 M M 2 1 28 170
24 82 57 70 25 0 5 0.00 M M 14.9 21 160 M M 1 30 160
25 82 61 72 27 0 7 0.00 M M 6.1 9 210 M M 0 16 190
26 77 59 68 23 0 3 0.00 M M 12.3 20 160 M M 2 12 30 160
27 79 50 65 21 0 0 0.00 M M 9.4 14 190 M M 4 1 20 190
28 81 61 71 27 0 6 0.00 M M 9.9 20 180 M M 3 26 180
29 77 57 67 23 0 2 0.00 M M 4.8 12 310 M M 3 1 17 290
30 77 48 63 19 2 0 0.00 M M 4.0 9 280 M M 3 13 280
31 72 55 64 20 1 0 0.00 M M 6.9 13 150 M M 5 12 15 170
================================================================================
SM 2250 1535 180 65 0.04 M 293.8 M 90
================================================================================
AV 72.6 49.5 9.5 FASTST M M 3 MAX(MPH)
MISC ----> 28 350 44 330
================================================================================
NOTES:
# LAST OF SEVERAL OCCURRENCES
COLUMN 17 PEAK WIND IN M.P.H.
PRELIMINARY LOCAL CLIMATOLOGICAL DATA (WS FORM: F-6) , PAGE 2
STATION: CLEBURNE
MONTH: DECEMBER
YEAR: 2021
LATITUDE: 32 20 N
LONGITUDE: 97 24 W
[TEMPERATURE DATA] [PRECIPITATION DATA] SYMBOLS USED IN COLUMN 16
AVERAGE MONTHLY: 61.0 TOTAL FOR MONTH: 0.04 1 = FOG OR MIST
DPTR FM NORMAL: 14.7 DPTR FM NORMAL: -2.54 2 = FOG REDUCING VISIBILITY
HIGHEST: 84 ON 10 GRTST 24HR 0.03 ON 4- 4 TO 1/4 MILE OR LESS
LOWEST: 28 ON 12 3 = THUNDER
SNOW, ICE PELLETS, HAIL 4 = ICE PELLETS
TOTAL MONTH: M 5 = HAIL
GRTST 24HR M ON M 6 = FREEZING RAIN OR DRIZZLE
GRTST DEPTH: M ON M 7 = DUSTSTORM OR SANDSTORM:
VSBY 1/2 MILE OR LESS
8 = SMOKE OR HAZE
[NO. OF DAYS WITH] [WEATHER - DAYS WITH] 9 = BLOWING SNOW
X = TORNADO
MAX 32 OR BELOW: 0 0.01 INCH OR MORE: 2
MAX 90 OR ABOVE: 0 0.10 INCH OR MORE: 0
MIN 32 OR BELOW: 5 0.50 INCH OR MORE: 0
MIN 0 OR BELOW: 0 1.00 INCH OR MORE: 0
[HDD (BASE 65) ]
TOTAL THIS MO. 180 CLEAR (SCALE 0-3) 19
DPTR FM NORMAL -402 PTCLDY (SCALE 4-7) 11
TOTAL FM JUL 1 455 CLOUDY (SCALE 8-10) 1
DPTR FM NORMAL -512
[CDD (BASE 65) ]
TOTAL THIS MO. 65
DPTR FM NORMAL 63 [PRESSURE DATA]
TOTAL FM JAN 1 2600 HIGHEST SLP M ON M
DPTR FM NORMAL 103 LOWEST SLP M ON M
[REMARKS]
#FINAL-12-21#