329
CXUS56 KLOX 011814
CF6CQT
PRELIMINARY LOCAL CLIMATOLOGICAL DATA (WS FORM: F-6)
STATION: DOWNTOWN LOS ANGELES (USC) CA
MONTH: DECEMBER
YEAR: 2020
LATITUDE: 34 1 N
LONGITUDE: 118 17 W
TEMPERATURE IN F: :PCPN: SNOW: WIND :SUNSHINE: SKY :PK WND
================================================================================
1 2 3 4 5 6A 6B 7 8 9 10 11 12 13 14 15 16 17 18
12Z AVG MX 2MIN
DY MAX MIN AVG DEP HDD CDD WTR SNW DPTH SPD SPD DIR MIN PSBL S-S WX SPD DR
================================================================================
1 79 48 64 5 1 0 0.00 0.0 0 0.3 6 260 M M 0 8 9 90
2 80 48 64 5 1 0 0.00 0.0 0 0.8 7 280 M M 0 8 11 270
3 74 47 61 3 4 0 0.00 0.0 0 0.6 8 100 M M 0 13 110
4 74 49 62 4 3 0 0.00 0.0 0 2.0 8 260 M M 0 12 270
5 74 46 60 2 5 0 0.00 0.0 0 0.7 6 260 M M 0 9 270
6 73 46 60 2 5 0 0.00 0.0 0 0.8 7 270 M M 0 8 10 280
7 76 46 61 3 4 0 0.00 0.0 0 0.0 3 280 M M 0 8 6 50
8 82 53 68 10 0 3 0.00 0.0 0 0.5 8 140 M M 0 8 14 130
9 74 53 64 6 1 0 0.00 0.0 0 1.5 8 260 M M 0 8 13 260
10 65 50 58 0 7 0 0.00 M M 1.5 10 130 M M 3 14 120
11 63 50 57 -1 8 0 0.00 M M 0.6 7 260 M M 4 18 10 260
12 69 49 59 1 6 0 0.00 M M 1.4 12 60 M M 3 18 20 50
13 70 50 60 3 5 0 0.00 M M 1.2 9 260 M M 2 14 260
14 66 52 59 2 6 0 0.00 M M 2.4 8 310 M M 1 19 330
15 70 47 59 2 6 0 0.00 M M 0.3 8 260 M M 0 12 260
16 73 47 60 3 5 0 0.00 M M 1.0 7 270 M M 0 10 270
17 64 51 58 1 7 0 0.00 M M 1.2 9 260 M M 2 19 260
18 67 49 58 1 7 0 0.00 M M 0.5 8 260 M M 0 12 270
19 71 45 58 1 7 0 0.00 M M 0.7 7 270 M M 0 11 270
20 80 48 64 7 1 0 0.00 M M 2.0 7 270 M M 0 10 10
21 84 57 71 14 0 6 0.00 M M 2.3 7 270 M M 0 11 20
22 71 50 61 4 4 0 0.00 M M 1.0 6 270 M M 1 18 9 260
23 70 51 61 4 4 0 0.00 M M 0.9 8 60 M M 3 8 15 70
24 66 54 60 3 5 0 0.02 M M 2.1 10 70 M M 2 8 16 50
25 75 52 64 7 1 0 0.00 M M 1.6 9 270 M M 0 14 270
26 69 46 58 1 7 0 0.00 M M 0.7 7 260 M M 0 12 250
27 66 55 61 4 4 0 0.01 M M 1.0 9 270 M M 6 18 18 260
28 56 47 52 -5 13 0 1.81 M M 4.6 14 90 M M 9 1 21 260
29 65 42 54 -3 11 0 0.00 M M 1.5 10 340 M M 0 18 360
30 69 44 57 -1 8 0 0.00 M M 0.4 7 260 M M 0 12 260
31 70 43 57 -1 8 0 0.00 M M 1.5 12 350 M M 1 20 350
================================================================================
SM 2205 1515 154 9 1.84 0.0 37.6 M 37
================================================================================
AV 71.1 48.9 1.2 FASTST M M 1 MAX(MPH)
MISC ----> 14 90 21 260
================================================================================
NOTES:
# LAST OF SEVERAL OCCURRENCES
COLUMN 17 PEAK WIND IN M.P.H.
PRELIMINARY LOCAL CLIMATOLOGICAL DATA (WS FORM: F-6) , PAGE 2
STATION: DOWNTOWN LOS ANGELES (USC) CA
MONTH: DECEMBER
YEAR: 2020
LATITUDE: 34 1 N
LONGITUDE: 118 17 W
[TEMPERATURE DATA] [PRECIPITATION DATA] SYMBOLS USED IN COLUMN 16
AVERAGE MONTHLY: 60.0 TOTAL FOR MONTH: 1.84 1 = FOG OR MIST
DPTR FM NORMAL: 2.4 DPTR FM NORMAL: -0.49 2 = FOG REDUCING VISIBILITY
HIGHEST: 84 ON 21 GRTST 24HR 1.82 ON 27-28 TO 1/4 MILE OR LESS
LOWEST: 42 ON 29 3 = THUNDER
SNOW, ICE PELLETS, HAIL 4 = ICE PELLETS
TOTAL MONTH: 0.0 INCH 5 = HAIL
GRTST 24HR 0.0 6 = FREEZING RAIN OR DRIZZLE
GRTST DEPTH: 0 7 = DUSTSTORM OR SANDSTORM:
VSBY 1/2 MILE OR LESS
8 = SMOKE OR HAZE
[NO. OF DAYS WITH] [WEATHER - DAYS WITH] 9 = BLOWING SNOW
X = TORNADO
MAX 32 OR BELOW: 0 0.01 INCH OR MORE: 3
MAX 90 OR ABOVE: 0 0.10 INCH OR MORE: 1
MIN 32 OR BELOW: 0 0.50 INCH OR MORE: 1
MIN 0 OR BELOW: 0 1.00 INCH OR MORE: 1
[HDD (BASE 65) ]
TOTAL THIS MO. 154 CLEAR (SCALE 0-3) 28
DPTR FM NORMAL -80 PTCLDY (SCALE 4-7) 2
TOTAL FM JUL 1 257 CLOUDY (SCALE 8-10) 1
DPTR FM NORMAL -111
[CDD (BASE 65) ]
TOTAL THIS MO. 9
DPTR FM NORMAL 5 [PRESSURE DATA]
TOTAL FM JAN 1 1794 HIGHEST SLP M ON M
DPTR FM NORMAL 550 LOWEST SLP 29.82 ON 28
[REMARKS]
#FINAL-12-20#