000
CXUS56 KLOX 011256
CF6CQT
PRELIMINARY LOCAL CLIMATOLOGICAL DATA (WS FORM: F-6)
STATION: DOWNTOWN LOS ANGELES (USC) CA
MONTH: DECEMBER
YEAR: 2023
LATITUDE: 34 1 N
LONGITUDE: 118 17 W
TEMPERATURE IN F: :PCPN: SNOW: WIND :SUNSHINE: SKY :PK WND
================================================================================
1 2 3 4 5 6A 6B 7 8 9 10 11 12 13 14 15 16 17 18
12Z AVG MX 2MIN
DY MAX MIN AVG DEP HDD CDD WTR SNW DPTH SPD SPD DIR MIN PSBL S-S WX SPD DR
================================================================================
1 68 54 61 2 4 0 0.00 M M 2.0 9 340 M M 0 22 360
2 68 49 59 0 6 0 0.00 M M 1.1 9 260 M M 0 13 270
3 69 49 59 0 6 0 0.00 M M 0.6 6 100 M M 0 18 9 260
4 77 51 64 5 1 0 0.00 M M 0.3 7 280 M M 0 18 9 270
5 83 54 69 11 0 4 0.00 M M 0.8 7 270 M M 0 10 270
6 74 55 65 7 0 0 0.00 M M 0.3 6 90 M M 0 8 9 90
7 68 56 62 4 3 0 0.00 M M 2.0 9 270 M M 2 8 14 260
8 69 50 60 2 5 0 0.00 M M 0.7 7 260 M M 0 11 270
9 72 48 60 2 5 0 0.00 M M 0.1 3 270 M M 0 6 280
10 76 50 63 5 2 0 0.00 M M 1.0 6 270 M M 0 11 10
11 75 52 64 6 1 0 0.00 M M 0.9 7 280 M M 0 9 280
12 69 49 59 1 6 0 0.00 M M 0.9 6 270 M M 2 18 10 280
13 69 54 62 4 3 0 0.00 M M 0.6 7 270 M M 4 18 12 260
14 75 49 62 4 3 0 0.00 M M 0.6 6 10 M M 0 8 270
15 79 55 67 10 0 2 0.00 M M 1.7 7 90 M M 0 8 11 90
16 80 55 68 11 0 3 0.00 M M 1.4 8 260 M M 0 15 260
17 79 58 69 12 0 4 0.00 M M 1.0 6 290 M M 0 10 270
18 73 58 66 9 0 1 0.02 M M 0.8 7 270 M M 7 8 12 270
19 68 59 64 7 1 0 0.19 M M 1.5 8 90 M M 10 1 12 90
20 66 61 64 7 1 0 0.41 M M 3.5 9 130 M M 10 1 13 130
21 65 60 63 6 2 0 0.89 M M 2.2 9 100 M M 9 1 13 100
22 68 57 63 6 2 0 0.58 M M 2.3 14 70 M M 6 1 24 100
23 66 54 60 3 5 0 0.00 M M 0.5 7 260 M M 4 1 12 260
24 67 54 61 3 4 0 0.00 M M 0.7 7 270 M M 2 1 12 270
25 68 49 59 1 6 0 0.00 M M 0.5 7 260 M M 0 1 11 260
26 69 51 60 2 5 0 0.00 M M 0.6 7 250 M M 1 1 12 260
27 66 52 59 1 6 0 0.00 M M 0.6 8 270 M M 0 18 13 270
28 67 51 59 1 6 0 0.00 M M 0.8 7 260 M M 3 18 11 280
29 67 51 59 1 6 0 0.00 M M 0.5 7 270 M M 3 18 12 270
30 63 52 58 0 7 0 0.73 M M 2.8 9 120 M M 6 18 15 120
31 61 52 57 -1 8 0 0.00 M M 1.4 7 130 M M 6 1 11 140
================================================================================
SM 2184 1649 104 14 2.82 M 34.7 M 75
================================================================================
AV 70.5 53.2 1.1 FASTST M M 2 MAX(MPH)
MISC ----> 14 70 24 100
================================================================================
NOTES:
# LAST OF SEVERAL OCCURRENCES
COLUMN 17 PEAK WIND IN M.P.H.
PRELIMINARY LOCAL CLIMATOLOGICAL DATA (WS FORM: F-6) , PAGE 2
STATION: DOWNTOWN LOS ANGELES (USC) CA
MONTH: DECEMBER
YEAR: 2023
LATITUDE: 34 1 N
LONGITUDE: 118 17 W
[TEMPERATURE DATA] [PRECIPITATION DATA] SYMBOLS USED IN COLUMN 16
AVERAGE MONTHLY: 61.8 TOTAL FOR MONTH: 2.82 1 = FOG OR MIST
DPTR FM NORMAL: 4.0 DPTR FM NORMAL: 0.34 2 = FOG REDUCING VISIBILITY
HIGHEST: 83 ON 5 GRTST 24HR 0.89 ON 21-21 TO 1/4 MILE OR LESS
LOWEST: 48 ON 9 3 = THUNDER
SNOW, ICE PELLETS, HAIL 4 = ICE PELLETS
TOTAL MONTH: M 5 = HAIL
GRTST 24HR M ON M 6 = FREEZING RAIN OR DRIZZLE
GRTST DEPTH: M ON M 7 = DUSTSTORM OR SANDSTORM:
VSBY 1/2 MILE OR LESS
8 = SMOKE OR HAZE
[NO. OF DAYS WITH] [WEATHER - DAYS WITH] 9 = BLOWING SNOW
X = TORNADO
MAX 32 OR BELOW: 0 0.01 INCH OR MORE: 6
MAX 90 OR ABOVE: 0 0.10 INCH OR MORE: 5
MIN 32 OR BELOW: 0 0.50 INCH OR MORE: 3
MIN 0 OR BELOW: 0 1.00 INCH OR MORE: 0
[HDD (BASE 65) ]
TOTAL THIS MO. 104 CLEAR (SCALE 0-3) 22
DPTR FM NORMAL -123 PTCLDY (SCALE 4-7) 6
TOTAL FM JUL 1 134 CLOUDY (SCALE 8-10) 3
DPTR FM NORMAL -213
[CDD (BASE 65) ]
TOTAL THIS MO. 14
DPTR FM NORMAL 10 [PRESSURE DATA]
TOTAL FM JAN 1 1216 HIGHEST SLP M ON M
DPTR FM NORMAL -82 LOWEST SLP 29.83 ON 20
[REMARKS]
#FINAL-12-23#