000
CXUS52 KILM 011100
CF6CRE
PRELIMINARY LOCAL CLIMATOLOGICAL DATA (WS FORM: F-6)
STATION: N.MYRTLE BEACH SOUTH CAROLINA
MONTH: FEBRUARY
YEAR: 2023
LATITUDE: 33 49 N
LONGITUDE: 78 43 W
TEMPERATURE IN F: :PCPN: SNOW: WIND :SUNSHINE: SKY :PK WND
================================================================================
1 2 3 4 5 6A 6B 7 8 9 10 11 12 13 14 15 16 17 18
12Z AVG MX 2MIN
DY MAX MIN AVG DEP HDD CDD WTR SNW DPTH SPD SPD DIR MIN PSBL S-S WX SPD DR
================================================================================
1 71 47 59 12 6 0 T M M 8.2 20 20 M M 10 12 24 10
2 47 41 44 -3 21 0 0.14 M M 6.5 15 360 M M 10 1 20 360
3 54 36 45 -2 20 0 0.25 M M 6.1 17 330 M M 6 1 23 330
4 45 28 37 -10 28 0 0.00 M M 8.8 18 50 M M 0 24 60
5 53 35 44 -3 21 0 0.37 M M 5.5 13 40 M M 9 1 15 300
6 63 39 51 4 14 0 0.00 M M 4.9 16 360 M M 2 1 24 330
7 63 33 48 1 17 0 0.00 M M 3.0 8 130 M M 1 1 11 130
8 72 44 58 10 7 0 0.00 M M 4.9 13 280 M M 0 1 16 280
9 70 45 58 10 7 0 0.00 M M 6.9 18 200 M M 6 12 24 190
10 70 57 64 16 1 0 0.25 M M 6.7 17 220 M M 4 1 20 220
11 58 44 51 3 14 0 1.23 M M 12.7 24 40 M M 10 1 30 40
12 56 44 50 2 15 0 0.88 M M 10.8 29 70 M M 9 1 38 230
13 65 43 54 6 11 0 0.00 M M 7.5 21 290 M M 2 32 280
14 65 37 51 2 14 0 0.00 M M 5.5 15 100 M M 0 19 120
15 69 46 58 9 7 0 0.00 M M 6.1 17 200 M M 1 23 200
16 72 54 63 14 2 0 T M M 9.4 21 200 M M 6 1 26 200
17 67 49 58 9 7 0 0.05 M M 13.4 30 210 M M 6 1 37 230
18 52 35 44 -6 21 0 0.00 M M 6.8 17 360 M M 0 24 350
19 59 34 47 -3 18 0 0.00 M M 4.0 13 110 M M 5 1 17 120
20 68 46 57 7 8 0 0.00 M M 10.7 22 220 M M 1 1 29 210
21 77 56 67 17 0 2 0.00 M M 9.5 20 260 M M 1 33 270
22 70 55 63 13 2 0 0.00 M M 8.9 22 200 M M 2 18 28 200
23 78 60 69 18 0 4 0.00 M M 11.1 21 210 M M 1 1 25 240
24 81 58 70 19 0 5 0.02 M M 8.6 17 60 M M 5 22 90
25 58 51 55 4 10 0 0.37 M M 6.9 18 60 M M 10 1 25 100
26 57 50 54 3 11 0 0.00 M M 5.4 12 220 M M 10 1 13 220
27 63 54 59 8 6 0 0.00 M M 9.4 28 210 M M 9 128 34 220
28 81 53 67 15 0 2 0.00 M M 7.5 23 220 M M 1 27 220
================================================================================
SM 1804 1274 288 13 3.56 M 215.7 M 127
================================================================================
AV 64.4 45.5 7.7 FASTST M M 5 MAX(MPH)
MISC ----> 30 210 38 230
================================================================================
NOTES:
# LAST OF SEVERAL OCCURRENCES
COLUMN 17 PEAK WIND IN M.P.H.
PRELIMINARY LOCAL CLIMATOLOGICAL DATA (WS FORM: F-6) , PAGE 2
STATION: N.MYRTLE BEACH SOUTH CAROLINA
MONTH: FEBRUARY
YEAR: 2023
LATITUDE: 33 49 N
LONGITUDE: 78 43 W
[TEMPERATURE DATA] [PRECIPITATION DATA] SYMBOLS USED IN COLUMN 16
AVERAGE MONTHLY: 55.0 TOTAL FOR MONTH: 3.56 1 = FOG OR MIST
DPTR FM NORMAL: 6.1 DPTR FM NORMAL: 0.38 2 = FOG REDUCING VISIBILITY
HIGHEST: 81 ON 28,24 GRTST 24HR 1.86 ON 11-12 TO 1/4 MILE OR LESS
LOWEST: 28 ON 4 3 = THUNDER
SNOW, ICE PELLETS, HAIL 4 = ICE PELLETS
TOTAL MONTH: M 5 = HAIL
GRTST 24HR M ON M 6 = FREEZING RAIN OR DRIZZLE
GRTST DEPTH: M ON M 7 = DUSTSTORM OR SANDSTORM:
VSBY 1/2 MILE OR LESS
8 = SMOKE OR HAZE
[NO. OF DAYS WITH] [WEATHER - DAYS WITH] 9 = BLOWING SNOW
X = TORNADO
MAX 32 OR BELOW: 0 0.01 INCH OR MORE: 9
MAX 90 OR ABOVE: 0 0.10 INCH OR MORE: 7
MIN 32 OR BELOW: 1 0.50 INCH OR MORE: 2
MIN 0 OR BELOW: 0 1.00 INCH OR MORE: 1
[HDD (BASE 65) ]
TOTAL THIS MO. 288 CLEAR (SCALE 0-3) 13
DPTR FM NORMAL -164 PTCLDY (SCALE 4-7) 7
TOTAL FM JUL 1 1575 CLOUDY (SCALE 8-10) 8
DPTR FM NORMAL -306
[CDD (BASE 65) ]
TOTAL THIS MO. 13
DPTR FM NORMAL 12 [PRESSURE DATA]
TOTAL FM JAN 1 13 HIGHEST SLP 30.66 ON 4
DPTR FM NORMAL 13 LOWEST SLP 29.57 ON 12
[REMARKS]
#FINAL-02-23#