000
CXUS52 KILM 011228
CLMCRE
CLIMATE REPORT
NATIONAL WEATHER SERVICE WILMINGTON NC
828 AM EDT THU JUN 01 2023
...................................
...THE N.MYRTLE BEACH SOUTH CAROLINA CLIMATE SUMMARY FOR THE MONTH OF MAY 2023...
CLIMATE NORMAL PERIOD 1991 TO 2020
CLIMATE RECORD PERIOD 1931 TO 2023
WEATHER OBSERVED NORMAL DEPART LAST YEAR`S
VALUE DATE(S) VALUE FROM VALUE DATE(S)
NORMAL
................................................................
TEMPERATURE (F)
RECORD
HIGH 99 05/29/2019
LOW 38 05/09/1989
05/08/1989
HIGHEST 87 05/09 MM MM 87 05/20
05/17
05/31
LOWEST 45 05/04 MM MM 47 05/09
AVG. MAXIMUM 76.4 78.7 -2.3 79.8
AVG. MINIMUM 59.9 62.1 -2.2 65.4
MEAN 68.2 70.4 -2.2 72.6
DAYS MAX >= 90 0 1.0 -1.0 0
DAYS MAX <= 32 0 0.0 0.0 0
DAYS MIN <= 32 0 0.0 0.0 0
DAYS MIN <= 0 0 0.0 0.0 0
PRECIPITATION (INCHES)
RECORD
MAXIMUM 7.95 1992
MINIMUM 0.78 1993
TOTALS 3.11 2.96 0.15 1.72
DAILY AVG. 0.10 0.10 0.00
DAYS >= .01 9 9.6 -0.6
DAYS >= .10 7 5.4 1.6
DAYS >= .50 3 2.3 0.7
DAYS >= 1.00 0 0.8 -0.8
GREATEST
24 HR. TOTAL 1.14 05/27 TO 05/28
DEGREE DAYS
HEATING TOTAL 32 20 12 14
SINCE 7/1 1953 2341 -388
COOLING TOTAL 138 188 -50 258
SINCE 1/1 243 248 -5
FREEZE DATES
RECORD
EARLIEST MM
LATEST MM
EARLIEST 01/01
LATEST 03/29
................................................................
WIND (MPH)
AVERAGE WIND SPEED 9.3
RESULTANT WIND SPEED/DIRECTION 1/070
HIGHEST WIND SPEED/DIRECTION 28/240 DATE 05/01
28/050 05/27
HIGHEST GUST SPEED/DIRECTION 39/240 DATE 05/01
39/020 05/27
SKY COVER
AVERAGE SKY COVER 0.36
AVERAGE RH (PERCENT) 72
WEATHER CONDITIONS. NUMBER OF DAYS WITH
THUNDERSTORM 3 MIXED PRECIP MM
HEAVY RAIN 5 RAIN 6
LIGHT RAIN 12 FREEZING RAIN 0
LT FREEZING RAIN 0 HAIL MM
HEAVY SNOW 0 SNOW 0
LIGHT SNOW 0 SLEET MM
FOG 14 FOG W/VIS <= 1/4 MILE 0
HAZE 1
- INDICATES NEGATIVE NUMBERS.
R INDICATES RECORD WAS SET OR TIED.
MM INDICATES DATA IS MISSING.
T INDICATES TRACE AMOUNT.
$$